{"id":722,"date":"2022-12-26T11:46:52","date_gmt":"2022-12-26T11:46:52","guid":{"rendered":"https:\/\/www.unioviedo.es\/IFESXVIII_digital\/?page_id=722"},"modified":"2024-11-12T11:45:56","modified_gmt":"2024-11-12T11:45:56","slug":"textos-y-estudios-del-siglo-xviii-2","status":"publish","type":"page","link":"https:\/\/www.unioviedo.es\/IFESXVIII_digital\/?page_id=722","title":{"rendered":"Ediciones IFESXVIII. Congresos"},"content":{"rendered":"\t\t<div data-elementor-type=\"wp-page\" data-elementor-id=\"722\" class=\"elementor elementor-722\">\n\t\t\t\t\t\t<section class=\"elementor-section elementor-top-section elementor-element elementor-element-516c5d1 elementor-section-boxed elementor-section-height-default elementor-section-height-default\" data-id=\"516c5d1\" data-element_type=\"section\" data-e-type=\"section\">\n\t\t\t\t\t\t<div class=\"elementor-container elementor-column-gap-default\">\n\t\t\t\t\t<div class=\"elementor-column elementor-col-100 elementor-top-column elementor-element elementor-element-dd04409\" data-id=\"dd04409\" data-element_type=\"column\" data-e-type=\"column\">\n\t\t\t<div class=\"elementor-widget-wrap elementor-element-populated\">\n\t\t\t\t\t\t<div class=\"elementor-element elementor-element-2d7c1d5 elementor-widget elementor-widget-image\" data-id=\"2d7c1d5\" data-element_type=\"widget\" data-e-type=\"widget\" data-widget_type=\"image.default\">\n\t\t\t\t<div class=\"elementor-widget-container\">\n\t\t\t\t\t\t\t\t\t\t\t\t\t\t\t<img fetchpriority=\"high\" decoding=\"async\" width=\"1100\" height=\"301\" src=\"https:\/\/www.unioviedo.es\/IFESXVIII_digital\/wp-content\/uploads\/2022\/12\/IFEXVIII-Digital-12.png\" class=\"attachment-full size-full wp-image-723\" alt=\"\" srcset=\"https:\/\/www.unioviedo.es\/IFESXVIII_digital\/wp-content\/uploads\/2022\/12\/IFEXVIII-Digital-12.png 1100w, https:\/\/www.unioviedo.es\/IFESXVIII_digital\/wp-content\/uploads\/2022\/12\/IFEXVIII-Digital-12-300x82.png 300w, https:\/\/www.unioviedo.es\/IFESXVIII_digital\/wp-content\/uploads\/2022\/12\/IFEXVIII-Digital-12-1024x280.png 1024w, https:\/\/www.unioviedo.es\/IFESXVIII_digital\/wp-content\/uploads\/2022\/12\/IFEXVIII-Digital-12-768x210.png 768w\" sizes=\"(max-width: 1100px) 100vw, 1100px\" \/>\t\t\t\t\t\t\t\t\t\t\t\t\t\t\t<\/div>\n\t\t\t\t<\/div>\n\t\t\t\t<div class=\"elementor-element elementor-element-655baed elementor-widget elementor-widget-text-editor\" data-id=\"655baed\" data-element_type=\"widget\" data-e-type=\"widget\" data-widget_type=\"text-editor.default\">\n\t\t\t\t<div class=\"elementor-widget-container\">\n\t\t\t\t\t\t\t\t\t<p>Dos de los objetivos estatuarios del Instituto Feijoo de Estudios del Siglo XVIII son \u00aborganizar cursos, conferencias, seminarios, coloquios y congresos relacionados con el siglo XVIII\u00bb y \u00abpromover publicaciones cient\u00edficas en los \u00e1mbitos de su competencia\u00bb. En relaci\u00f3n con ambos objetivos se encuentran las publicaciones recogidas en este apartado. Si los primeros congresos dieciochistas organizados por la todav\u00eda C\u00e1tedra Feijoo se publicaron en forma de Cuadernos de la C\u00e1tedra Feijoo (as\u00ed, en 1966, los tres tomos del\u00a0<a href=\"https:\/\/reunido.uniovi.es\/index.php\/CESXVIII\/issue\/archive\/2\"><em>I Simposio sobre el Padre Feijoo y su siglo<\/em><\/a>\u00a0o los encuentros\u00a0<a href=\"https:\/\/reunido.uniovi.es\/index.php\/CESXVIII\/issue\/view\/982\"><em>La literatura espa\u00f1ola del siglo XVIII y sus fuentes extranjeras<\/em><\/a>, en 1968, y\u00a0<a href=\"https:\/\/reunido.uniovi.es\/index.php\/CESXVIII\/issue\/view\/984\"><em>Los conceptos de rococ\u00f3, neoclasicismo y prerromanticismo en la literatura espa\u00f1ola del siglo XVIII<\/em><\/a>, en 1970) o, m\u00e1s tarde, en la reci\u00e9n creada colecci\u00f3n Textos y estudios del Siglo XVIII (es el caso de\u00a0<a href=\"https:\/\/www.unioviedo.es\/IFESXVIII_digital\/?page_id=461\"><em>La Espa\u00f1a de Fernando VI<\/em>,<\/a>\u00a0en 1981), pronto el ya Centro de Estudios del Siglo XVIII desarroll\u00f3 otra l\u00ednea editorial en que fue dando a conocer los resultados de investigaci\u00f3n de sus reuniones cient\u00edficas. As\u00ed, en 1981 y 1983 ve\u00edan la luz los dos nutridos tomos del\u00a0<a href=\"https:\/\/www.unioviedo.es\/IFESXVIII_digital\/?page_id=755\"><em>II Simposio sobre el Padre Feijoo y su siglo<\/em><\/a>, a los que seguir\u00edan los vol\u00famenes que recog\u00edan sendos encuentros monogr\u00e1ficos dirigidos bien nuevamente sobre Feijoo (<a href=\"https:\/\/www.unioviedo.es\/IFESXVIII_digital\/?page_id=796\"><em>Feijoo, hoy<\/em><\/a>, ed. de Inmaculada Urzainqui, 2003;\u00a0<a href=\"https:\/\/www.unioviedo.es\/IFESXVIII_digital\/?page_id=1171\"><em>Con la raz\u00f3n y la experiencia<\/em><\/a>, ed. de Inmaculada Urzainqui y Rodrigo Olay, 2016), bien sobre otras figuras centrales de la Ilustraci\u00f3n espa\u00f1ola como Campomanes (<em><a href=\"https:\/\/www.unioviedo.es\/IFESXVIII_digital\/?page_id=806\">Campomanes doscientos a\u00f1os despu\u00e9s<\/a><\/em>, ed. de Dolores Mateo, 2003) o Jovellanos (<a href=\"https:\/\/www.unioviedo.es\/IFESXVIII_digital\/?page_id=812\"><em>Jovellanos o el valor de la raz\u00f3n<\/em><\/a>, ed. de Ignacio Fern\u00e1ndez Sarasola, Elena de Lorenzo \u00c1lvarez, Joaqu\u00edn Ocampo Su\u00e1rez-Vald\u00e9s y \u00c1lvaro Ruiz de la Pe\u00f1a Solar, 2011), etc. Menci\u00f3n aparte merecen los dos tomos de homenaje que, con motivo de su jubilaci\u00f3n, recibi\u00f3 Jos\u00e9 Miguel Caso Gonz\u00e1lez (<a href=\"https:\/\/www.unioviedo.es\/IFESXVIII_digital\/?page_id=779\"><em>Estudios dieciochistas<\/em><\/a>, 1995, 2 vols.), y en los que los especialistas de referencia en el dieciochismo hisp\u00e1nico rend\u00edan el merecido tributo al fundador de lo que para entonces era Instituto Feijoo de Estudios del Siglo XVIII.<\/p>\t\t\t\t\t\t\t\t<\/div>\n\t\t\t\t<\/div>\n\t\t\t\t<div class=\"elementor-element elementor-element-c508c3d elementor-widget elementor-widget-button\" data-id=\"c508c3d\" data-element_type=\"widget\" data-e-type=\"widget\" data-widget_type=\"button.default\">\n\t\t\t\t<div class=\"elementor-widget-container\">\n\t\t\t\t\t\t\t\t\t<div class=\"elementor-button-wrapper\">\n\t\t\t\t\t<a class=\"elementor-button elementor-button-link elementor-size-sm elementor-animation-grow\" href=\"https:\/\/www.unioviedo.es\/IFESXVIII_digital\/?page_id=866\">\n\t\t\t\t\t\t<span class=\"elementor-button-content-wrapper\">\n\t\t\t\t\t\t\t\t\t<span class=\"elementor-button-text\">Acceso a Congresos \/ Colecci\u00f3n digital<\/span>\n\t\t\t\t\t<\/span>\n\t\t\t\t\t<\/a>\n\t\t\t\t<\/div>\n\t\t\t\t\t\t\t\t<\/div>\n\t\t\t\t<\/div>\n\t\t\t\t<div class=\"elementor-element elementor-element-9264bb7 elementor-widget elementor-widget-image\" data-id=\"9264bb7\" data-element_type=\"widget\" data-e-type=\"widget\" data-widget_type=\"image.default\">\n\t\t\t\t<div class=\"elementor-widget-container\">\n\t\t\t\t\t\t\t\t\t\t\t\t\t\t\t<img decoding=\"async\" width=\"384\" height=\"71\" src=\"https:\/\/www.unioviedo.es\/IFESXVIII_digital\/wp-content\/uploads\/2022\/01\/Ayuntamiento-Oviedo-2x.png\" class=\"attachment-large size-large wp-image-346\" alt=\"\" srcset=\"https:\/\/www.unioviedo.es\/IFESXVIII_digital\/wp-content\/uploads\/2022\/01\/Ayuntamiento-Oviedo-2x.png 384w, https:\/\/www.unioviedo.es\/IFESXVIII_digital\/wp-content\/uploads\/2022\/01\/Ayuntamiento-Oviedo-2x-300x55.png 300w\" sizes=\"(max-width: 384px) 100vw, 384px\" \/>\t\t\t\t\t\t\t\t\t\t\t\t\t\t\t<\/div>\n\t\t\t\t<\/div>\n\t\t\t\t\t<\/div>\n\t\t<\/div>\n\t\t\t\t\t<\/div>\n\t\t<\/section>\n\t\t\t\t<\/div>\n\t\t","protected":false},"excerpt":{"rendered":"<p>Dos de los objetivos estatuarios del Instituto Feijoo de Estudios del Siglo XVIII son \u00aborganizar cursos, conferencias, seminarios, coloquios y congresos relacionados con el siglo XVIII\u00bb y \u00abpromover publicaciones cient\u00edficas en los \u00e1mbitos de su competencia\u00bb. En relaci\u00f3n con ambos objetivos se encuentran las publicaciones recogidas en este apartado. Si los primeros congresos dieciochistas organizados&hellip;<\/p>\n","protected":false},"author":2,"featured_media":0,"parent":0,"menu_order":0,"comment_status":"closed","ping_status":"closed","template":"","meta":{"footnotes":""},"class_list":["post-722","page","type-page","status-publish","hentry"],"_links":{"self":[{"href":"https:\/\/www.unioviedo.es\/IFESXVIII_digital\/index.php?rest_route=\/wp\/v2\/pages\/722","targetHints":{"allow":["GET"]}}],"collection":[{"href":"https:\/\/www.unioviedo.es\/IFESXVIII_digital\/index.php?rest_route=\/wp\/v2\/pages"}],"about":[{"href":"https:\/\/www.unioviedo.es\/IFESXVIII_digital\/index.php?rest_route=\/wp\/v2\/types\/page"}],"author":[{"embeddable":true,"href":"https:\/\/www.unioviedo.es\/IFESXVIII_digital\/index.php?rest_route=\/wp\/v2\/users\/2"}],"replies":[{"embeddable":true,"href":"https:\/\/www.unioviedo.es\/IFESXVIII_digital\/index.php?rest_route=%2Fwp%2Fv2%2Fcomments&post=722"}],"version-history":[{"count":16,"href":"https:\/\/www.unioviedo.es\/IFESXVIII_digital\/index.php?rest_route=\/wp\/v2\/pages\/722\/revisions"}],"predecessor-version":[{"id":1284,"href":"https:\/\/www.unioviedo.es\/IFESXVIII_digital\/index.php?rest_route=\/wp\/v2\/pages\/722\/revisions\/1284"}],"wp:attachment":[{"href":"https:\/\/www.unioviedo.es\/IFESXVIII_digital\/index.php?rest_route=%2Fwp%2Fv2%2Fmedia&parent=722"}],"curies":[{"name":"wp","href":"https:\/\/api.w.org\/{rel}","templated":true}]}}

<div data-elementor-type="wp-page" data-elementor-id="722" class="elementor elementor-722">
						<section class="elementor-section elementor-top-section elementor-element elementor-element-516c5d1 elementor-section-boxed elementor-section-height-default elementor-section-height-default" data-id="516c5d1" data-element_type="section" data-e-type="section">
						<div class="elementor-container elementor-column-gap-default">
					<div class="elementor-column elementor-col-100 elementor-top-column elementor-element elementor-element-dd04409" data-id="dd04409" data-element_type="column" data-e-type="column">
			<div class="elementor-widget-wrap elementor-element-populated">
						<div class="elementor-element elementor-element-2d7c1d5 elementor-widget elementor-widget-image" data-id="2d7c1d5" data-element_type="widget" data-e-type="widget" data-widget_type="image.default">
				<div class="elementor-widget-container">
															<img fetchpriority="high" decoding="async" width="1100" height="301" src="https://www.unioviedo.es/IFESXVIII_digital/wp-content/uploads/2022/12/IFEXVIII-Digital-12.png" class="attachment-full size-full wp-image-723" alt="" srcset="https://www.unioviedo.es/IFESXVIII_digital/wp-content/uploads/2022/12/IFEXVIII-Digital-12.png 1100w, https://www.unioviedo.es/IFESXVIII_digital/wp-content/uploads/2022/12/IFEXVIII-Digital-12-300x82.png 300w, https://www.unioviedo.es/IFESXVIII_digital/wp-content/uploads/2022/12/IFEXVIII-Digital-12-1024x280.png 1024w, https://www.unioviedo.es/IFESXVIII_digital/wp-content/uploads/2022/12/IFEXVIII-Digital-12-768x210.png 768w" sizes="(max-width: 1100px) 100vw, 1100px" />															</div>
				</div>
				<div class="elementor-element elementor-element-655baed elementor-widget elementor-widget-text-editor" data-id="655baed" data-element_type="widget" data-e-type="widget" data-widget_type="text-editor.default">
				<div class="elementor-widget-container">
									<p>Dos de los objetivos estatuarios del Instituto Feijoo de Estudios del Siglo XVIII son «organizar cursos, conferencias, seminarios, coloquios y congresos relacionados con el siglo XVIII» y «promover publicaciones científicas en los ámbitos de su competencia». En relación con ambos objetivos se encuentran las publicaciones recogidas en este apartado. Si los primeros congresos dieciochistas organizados por la todavía Cátedra Feijoo se publicaron en forma de Cuadernos de la Cátedra Feijoo (así, en 1966, los tres tomos del <a href="https://reunido.uniovi.es/index.php/CESXVIII/issue/archive/2"><em>I Simposio sobre el Padre Feijoo y su siglo</em></a> o los encuentros <a href="https://reunido.uniovi.es/index.php/CESXVIII/issue/view/982"><em>La literatura española del siglo XVIII y sus fuentes extranjeras</em></a>, en 1968, y <a href="https://reunido.uniovi.es/index.php/CESXVIII/issue/view/984"><em>Los conceptos de rococó, neoclasicismo y prerromanticismo en la literatura española del siglo XVIII</em></a>, en 1970) o, más tarde, en la recién creada colección Textos y estudios del Siglo XVIII (es el caso de <a href="https://www.unioviedo.es/IFESXVIII_digital/?page_id=461"><em>La España de Fernando VI</em>,</a> en 1981), pronto el ya Centro de Estudios del Siglo XVIII desarrolló otra línea editorial en que fue dando a conocer los resultados de investigación de sus reuniones científicas. Así, en 1981 y 1983 veían la luz los dos nutridos tomos del <a href="https://www.unioviedo.es/IFESXVIII_digital/?page_id=755"><em>II Simposio sobre el Padre Feijoo y su siglo</em></a>, a los que seguirían los volúmenes que recogían sendos encuentros monográficos dirigidos bien nuevamente sobre Feijoo (<a href="https://www.unioviedo.es/IFESXVIII_digital/?page_id=796"><em>Feijoo, hoy</em></a>, ed. de Inmaculada Urzainqui, 2003; <a href="https://www.unioviedo.es/IFESXVIII_digital/?page_id=1171"><em>Con la razón y la experiencia</em></a>, ed. de Inmaculada Urzainqui y Rodrigo Olay, 2016), bien sobre otras figuras centrales de la Ilustración española como Campomanes (<em><a href="https://www.unioviedo.es/IFESXVIII_digital/?page_id=806">Campomanes doscientos años después</a></em>, ed. de Dolores Mateo, 2003) o Jovellanos (<a href="https://www.unioviedo.es/IFESXVIII_digital/?page_id=812"><em>Jovellanos o el valor de la razón</em></a>, ed. de Ignacio Fernández Sarasola, Elena de Lorenzo Álvarez, Joaquín Ocampo Suárez-Valdés y Álvaro Ruiz de la Peña Solar, 2011), etc. Mención aparte merecen los dos tomos de homenaje que, con motivo de su jubilación, recibió José Miguel Caso González (<a href="https://www.unioviedo.es/IFESXVIII_digital/?page_id=779"><em>Estudios dieciochistas</em></a>, 1995, 2 vols.), y en los que los especialistas de referencia en el dieciochismo hispánico rendían el merecido tributo al fundador de lo que para entonces era Instituto Feijoo de Estudios del Siglo XVIII.</p>								</div>
				</div>
				<div class="elementor-element elementor-element-c508c3d elementor-widget elementor-widget-button" data-id="c508c3d" data-element_type="widget" data-e-type="widget" data-widget_type="button.default">
				<div class="elementor-widget-container">
									<div class="elementor-button-wrapper">
					<a class="elementor-button elementor-button-link elementor-size-sm elementor-animation-grow" href="https://www.unioviedo.es/IFESXVIII_digital/?page_id=866">
						<span class="elementor-button-content-wrapper">
									<span class="elementor-button-text">Acceso a Congresos / Colección digital</span>
					</span>
					</a>
				</div>
								</div>
				</div>
				<div class="elementor-element elementor-element-9264bb7 elementor-widget elementor-widget-image" data-id="9264bb7" data-element_type="widget" data-e-type="widget" data-widget_type="image.default">
				<div class="elementor-widget-container">
															<img decoding="async" width="384" height="71" src="https://www.unioviedo.es/IFESXVIII_digital/wp-content/uploads/2022/01/Ayuntamiento-Oviedo-2x.png" class="attachment-large size-large wp-image-346" alt="" srcset="https://www.unioviedo.es/IFESXVIII_digital/wp-content/uploads/2022/01/Ayuntamiento-Oviedo-2x.png 384w, https://www.unioviedo.es/IFESXVIII_digital/wp-content/uploads/2022/01/Ayuntamiento-Oviedo-2x-300x55.png 300w" sizes="(max-width: 384px) 100vw, 384px" />															</div>
				</div>
					</div>
		</div>
					</div>
		</section>
				</div>

<p>Dos de los objetivos estatuarios del Instituto Feijoo de Estudios del Siglo XVIII son «organizar cursos, conferencias, seminarios, coloquios y congresos relacionados con el siglo XVIII» y «promover publicaciones científicas en los ámbitos de su competencia». En relación con ambos objetivos se encuentran las publicaciones recogidas en este apartado. Si los primeros congresos dieciochistas organizados&hellip;</p>
