{"id":733,"date":"2022-12-26T11:54:38","date_gmt":"2022-12-26T11:54:38","guid":{"rendered":"https:\/\/www.unioviedo.es\/IFESXVIII_digital\/?page_id=733"},"modified":"2024-11-12T12:58:06","modified_gmt":"2024-11-12T12:58:06","slug":"ifesxviii-ediciones-de-textos","status":"publish","type":"page","link":"https:\/\/www.unioviedo.es\/IFESXVIII_digital\/?page_id=733","title":{"rendered":"IFESXVIII. Ediciones de textos"},"content":{"rendered":"\t\t<div data-elementor-type=\"wp-page\" data-elementor-id=\"733\" class=\"elementor elementor-733\">\n\t\t\t\t\t\t<section class=\"elementor-section elementor-top-section elementor-element elementor-element-516c5d1 elementor-section-boxed elementor-section-height-default elementor-section-height-default\" data-id=\"516c5d1\" data-element_type=\"section\" data-e-type=\"section\">\n\t\t\t\t\t\t<div class=\"elementor-container elementor-column-gap-default\">\n\t\t\t\t\t<div class=\"elementor-column elementor-col-100 elementor-top-column elementor-element elementor-element-dd04409\" data-id=\"dd04409\" data-element_type=\"column\" data-e-type=\"column\">\n\t\t\t<div class=\"elementor-widget-wrap elementor-element-populated\">\n\t\t\t\t\t\t<div class=\"elementor-element elementor-element-2d7c1d5 elementor-widget elementor-widget-image\" data-id=\"2d7c1d5\" data-element_type=\"widget\" data-e-type=\"widget\" data-widget_type=\"image.default\">\n\t\t\t\t<div class=\"elementor-widget-container\">\n\t\t\t\t\t\t\t\t\t\t\t\t\t\t\t<img fetchpriority=\"high\" decoding=\"async\" width=\"1100\" height=\"299\" src=\"https:\/\/www.unioviedo.es\/IFESXVIII_digital\/wp-content\/uploads\/2024\/11\/IFEXVIII-Edicion-de-textos-2024-1.png\" class=\"attachment-full size-full wp-image-1298\" alt=\"\" srcset=\"https:\/\/www.unioviedo.es\/IFESXVIII_digital\/wp-content\/uploads\/2024\/11\/IFEXVIII-Edicion-de-textos-2024-1.png 1100w, https:\/\/www.unioviedo.es\/IFESXVIII_digital\/wp-content\/uploads\/2024\/11\/IFEXVIII-Edicion-de-textos-2024-1-300x82.png 300w, https:\/\/www.unioviedo.es\/IFESXVIII_digital\/wp-content\/uploads\/2024\/11\/IFEXVIII-Edicion-de-textos-2024-1-1024x278.png 1024w, https:\/\/www.unioviedo.es\/IFESXVIII_digital\/wp-content\/uploads\/2024\/11\/IFEXVIII-Edicion-de-textos-2024-1-768x209.png 768w\" sizes=\"(max-width: 1100px) 100vw, 1100px\" \/>\t\t\t\t\t\t\t\t\t\t\t\t\t\t\t<\/div>\n\t\t\t\t<\/div>\n\t\t\t\t<div class=\"elementor-element elementor-element-655baed elementor-widget elementor-widget-text-editor\" data-id=\"655baed\" data-element_type=\"widget\" data-e-type=\"widget\" data-widget_type=\"text-editor.default\">\n\t\t\t\t<div class=\"elementor-widget-container\">\n\t\t\t\t\t\t\t\t\t<p>Cuando desde mediados de siglo XX comenz\u00f3 a tener lugar la renovaci\u00f3n en los estudios acerca del Setecientos hisp\u00e1nico, los especialistas se encontraron con un mal que para entonces ya era end\u00e9mico: la falta de ediciones modernas, rigurosas y fiables de los textos clave de la centuria. Apenas estaban al alcance de los interesados las obras editadas en la BAE, a lo que hubo de irse poniendo remedio poco a poco. El Instituto Feijoo de Estudios del Siglo XVIII tuvo un papel destacado en esta labor desde principios de los a\u00f1os setenta, primero a trav\u00e9s de su colecci\u00f3n <a href=\"https:\/\/www.unioviedo.es\/IFESXVIII_digital\/?page_id=79\">Textos y estudios del Siglo XVIII<\/a>, donde se dieron a conocer ediciones de\u00a0<a href=\"https:\/\/www.unioviedo.es\/IFESXVIII_digital\/?page_id=367\">Le\u00f3n de Arroyal<\/a>,\u00a0<a href=\"https:\/\/www.unioviedo.es\/IFESXVIII_digital\/?page_id=398\">Lanz de Casafonda<\/a>,\u00a0<a href=\"https:\/\/www.unioviedo.es\/IFESXVIII_digital\/?page_id=446\">Torres Villarroel<\/a>\u00a0o\u00a0<a href=\"https:\/\/www.unioviedo.es\/IFESXVIII_digital\/?page_id=542\">Sarmiento<\/a>, y, m\u00e1s tarde, mediante su <a href=\"https:\/\/ifesxviii.uniovi.es\/publicaciones\/colecciones\/autoresepanyoles\/jovellanos\">Biblioteca de Autores Espa\u00f1oles del Siglo XVIII<\/a> dio a la luz en edici\u00f3n cr\u00edtica las <a href=\"https:\/\/ifesxviii.uniovi.es\/publicaciones\/colecciones\/autoresepanyoles\/valdes\">\u00a0<em>Obras en verso<\/em><\/a>\u00a0de Juan Mel\u00e9ndez Vald\u00e9s (1981-1983, ed. de Georges Demerson y John H. R. Polt, 2 vols.), as\u00ed como las\u00a0<a href=\"https:\/\/ifesxviii.uniovi.es\/publicaciones\/colecciones\/autoresepanyoles\/jovellanos\"><em>Obras completas<\/em><\/a> de Jovellanos\u00a0(1984-presente, m\u00faltiples editores, 15 vols. aparecidos hasta la fecha), las\u00a0<a href=\"https:\/\/ifesxviii.uniovi.es\/publicaciones\/colecciones\/autoresepanyoles\/feijoo\"><em>Obras completas<\/em>\u00a0<\/a>de Feijoo (1981-presente, 5 vols. aparecidos has la fecha bajo la direcci\u00f3n de Inmaculada Urzainqui) o el\u00a0<a href=\"https:\/\/ifesxviii.uniovi.es\/publicaciones\/colecciones\/autoresepanyoles\/delahuerta\"><em>Teatro completo<\/em>\u00a0<\/a>de Vicente Garc\u00eda de la Huerta (2019, ed. de Jes\u00fas Ca\u00f1as Murillo). Adem\u00e1s, el Instituto Feijoo ha procurado a los estudiosos otras ediciones en colecciones paralelas (casos de\u00a0<a href=\"https:\/\/www.unioviedo.es\/IFESXVIII_digital\/?page_id=840\"><em>El Censor<\/em><\/a>, ed. de Jos\u00e9 Miguel Caso Gonz\u00e1lez, 1989;\u00a0<a href=\"https:\/\/www.unioviedo.es\/IFESXVIII_digital\/?page_id=951\"><em>Testamento pol\u00edtico del fil\u00f3sofo Marcelo<\/em><\/a>, ed. de Francisco S\u00e1nchez Blanco, 1991; Jos\u00e9 Antonio Porcel,\u00a0<a href=\"https:\/\/www.unioviedo.es\/IFESXVIII_digital\/?page_id=991\"><em>El Adonis<\/em><\/a>, ed. de Mar\u00eda Dolores Tortosa Linde, 1999; Casimiro de Uzt\u00e1riz,\u00a0<a href=\"https:\/\/www.unioviedo.es\/IFESXVIII_digital\/?page_id=1002\"><em>Discurso sobre el Gobierno de Madrid<\/em><\/a>, ed. de Pere Molas Ribalta, 2000; Jos\u00e9 Mar\u00eda Blanco White,\u00a0<a href=\"https:\/\/www.unioviedo.es\/IFESXVIII_digital\/?page_id=1141\"><em>Epistolario y documentos<\/em><\/a>, recop. de Andr\u00e9 Pons, ed. de Mart\u00edn Murphy, 2009; Pedro Rodr\u00edguez de Campomanes,\u00a0<a href=\"https:\/\/www.unioviedo.es\/IFESXVIII_digital\/?page_id=1032\"><em>Obras sobre la industria y la educaci\u00f3n popular<\/em><\/a>, ed. de Vicente Llombart, 2009; Manuel Ferm\u00edn de Laviano, <a href=\"https:\/\/www.unioviedo.es\/IFESXVIII_digital\/?page_id=1082\"><em>El Sigerico. Tragedia<\/em><\/a>, ed. de Alberto Escalante Varona, 2023, entre otras), sin olvidar tampoco las antolog\u00edas divulgativas hechas con objeto de acercar a estudiantes y lectores curiosos las obras de Jovellanos (<a href=\"https:\/\/www.unioviedo.es\/IFESXVIII_digital\/?page_id=849\"><em>La luz de Jovellanos<\/em><\/a>, ed. de Elena de Lorenzo, 2011), Feijoo (<a href=\"https:\/\/www.unioviedo.es\/IFESXVIII_digital\/?page_id=1049\"><em>Lidiando con sombras<\/em><\/a>, ed. de Elena de Lorenzo, Rodrigo Olay y Noelia Garc\u00eda D\u00edaz, 2014; <a href=\"https:\/\/www.unioviedo.es\/IFESXVIII_digital\/?page_id=1098\">Feijoo, poeta. Antolog\u00eda<\/a>, ed. de Rodrigo Olay, 2024) o los constituyentes de las Cort\u00e9s de C\u00e1diz (<a href=\"https:\/\/www.unioviedo.es\/IFESXVIII_digital\/?page_id=1069\"><em>Los constituyentes asturianos en las Cortes de C\u00e1diz. Antolog\u00eda de discursos<\/em><\/a>, Ignacio Fern\u00e1ndez Sarasola, 2012).<\/p>\t\t\t\t\t\t\t\t<\/div>\n\t\t\t\t<\/div>\n\t\t\t\t<div class=\"elementor-element elementor-element-c508c3d elementor-widget elementor-widget-button\" data-id=\"c508c3d\" data-element_type=\"widget\" data-e-type=\"widget\" data-widget_type=\"button.default\">\n\t\t\t\t<div class=\"elementor-widget-container\">\n\t\t\t\t\t\t\t\t\t<div class=\"elementor-button-wrapper\">\n\t\t\t\t\t<a class=\"elementor-button elementor-button-link elementor-size-sm elementor-animation-grow\" href=\"https:\/\/www.unioviedo.es\/IFESXVIII_digital\/?page_id=871\">\n\t\t\t\t\t\t<span class=\"elementor-button-content-wrapper\">\n\t\t\t\t\t\t\t\t\t<span class=\"elementor-button-text\">Acceso a Edici\u00f3n de textos \/ Colecci\u00f3n digital<\/span>\n\t\t\t\t\t<\/span>\n\t\t\t\t\t<\/a>\n\t\t\t\t<\/div>\n\t\t\t\t\t\t\t\t<\/div>\n\t\t\t\t<\/div>\n\t\t\t\t<div class=\"elementor-element elementor-element-9264bb7 elementor-widget elementor-widget-image\" data-id=\"9264bb7\" data-element_type=\"widget\" data-e-type=\"widget\" data-widget_type=\"image.default\">\n\t\t\t\t<div class=\"elementor-widget-container\">\n\t\t\t\t\t\t\t\t\t\t\t\t\t\t\t<img decoding=\"async\" width=\"384\" height=\"71\" src=\"https:\/\/www.unioviedo.es\/IFESXVIII_digital\/wp-content\/uploads\/2022\/01\/Ayuntamiento-Oviedo-2x.png\" class=\"attachment-large size-large wp-image-346\" alt=\"\" srcset=\"https:\/\/www.unioviedo.es\/IFESXVIII_digital\/wp-content\/uploads\/2022\/01\/Ayuntamiento-Oviedo-2x.png 384w, https:\/\/www.unioviedo.es\/IFESXVIII_digital\/wp-content\/uploads\/2022\/01\/Ayuntamiento-Oviedo-2x-300x55.png 300w\" sizes=\"(max-width: 384px) 100vw, 384px\" \/>\t\t\t\t\t\t\t\t\t\t\t\t\t\t\t<\/div>\n\t\t\t\t<\/div>\n\t\t\t\t\t<\/div>\n\t\t<\/div>\n\t\t\t\t\t<\/div>\n\t\t<\/section>\n\t\t\t\t<\/div>\n\t\t","protected":false},"excerpt":{"rendered":"<p>Cuando desde mediados de siglo XX comenz\u00f3 a tener lugar la renovaci\u00f3n en los estudios acerca del Setecientos hisp\u00e1nico, los especialistas se encontraron con un mal que para entonces ya era end\u00e9mico: la falta de ediciones modernas, rigurosas y fiables de los textos clave de la centuria. Apenas estaban al alcance de los interesados las&hellip;<\/p>\n","protected":false},"author":2,"featured_media":0,"parent":0,"menu_order":0,"comment_status":"closed","ping_status":"closed","template":"","meta":{"footnotes":""},"class_list":["post-733","page","type-page","status-publish","hentry"],"_links":{"self":[{"href":"https:\/\/www.unioviedo.es\/IFESXVIII_digital\/index.php?rest_route=\/wp\/v2\/pages\/733","targetHints":{"allow":["GET"]}}],"collection":[{"href":"https:\/\/www.unioviedo.es\/IFESXVIII_digital\/index.php?rest_route=\/wp\/v2\/pages"}],"about":[{"href":"https:\/\/www.unioviedo.es\/IFESXVIII_digital\/index.php?rest_route=\/wp\/v2\/types\/page"}],"author":[{"embeddable":true,"href":"https:\/\/www.unioviedo.es\/IFESXVIII_digital\/index.php?rest_route=\/wp\/v2\/users\/2"}],"replies":[{"embeddable":true,"href":"https:\/\/www.unioviedo.es\/IFESXVIII_digital\/index.php?rest_route=%2Fwp%2Fv2%2Fcomments&post=733"}],"version-history":[{"count":16,"href":"https:\/\/www.unioviedo.es\/IFESXVIII_digital\/index.php?rest_route=\/wp\/v2\/pages\/733\/revisions"}],"predecessor-version":[{"id":1301,"href":"https:\/\/www.unioviedo.es\/IFESXVIII_digital\/index.php?rest_route=\/wp\/v2\/pages\/733\/revisions\/1301"}],"wp:attachment":[{"href":"https:\/\/www.unioviedo.es\/IFESXVIII_digital\/index.php?rest_route=%2Fwp%2Fv2%2Fmedia&parent=733"}],"curies":[{"name":"wp","href":"https:\/\/api.w.org\/{rel}","templated":true}]}}