{"id":1651,"date":"2022-02-02T14:52:45","date_gmt":"2022-02-02T14:52:45","guid":{"rendered":"https:\/\/www.unioviedo.es\/IUOPA\/?page_id=1651"},"modified":"2023-03-15T12:21:15","modified_gmt":"2023-03-15T11:21:15","slug":"biosintesis-de-moleculas-antitumorales","status":"publish","type":"page","link":"https:\/\/www.unioviedo.es\/IUOPA\/docencia\/biosintesis-de-moleculas-antitumorales\/","title":{"rendered":"Bios\u00edntesis de mol\u00e9culas antitumorales"},"content":{"rendered":"<p><div class=\"fusion-fullwidth fullwidth-box fusion-builder-row-1 fusion-flex-container nonhundred-percent-fullwidth non-hundred-percent-height-scrolling\" style=\"background-color: #f8f8f8;background-position: center center;background-repeat: no-repeat;border-width: 0px 0px 0px 0px;border-color:#eae9e9;border-style:solid;\" ><div class=\"fusion-builder-row fusion-row fusion-flex-align-items-flex-start\" style=\"max-width:1216.8px;margin-left: calc(-4% \/ 2 );margin-right: calc(-4% \/ 2 );\"><div class=\"fusion-layout-column fusion_builder_column fusion-builder-column-0 fusion_builder_column_1_2 1_2 fusion-flex-column\"><div class=\"fusion-column-wrapper fusion-flex-justify-content-center fusion-content-layout-column\" style=\"background-position:left top;background-repeat:no-repeat;-webkit-background-size:cover;-moz-background-size:cover;-o-background-size:cover;background-size:cover;padding: 0px 0px 0px 0px;\"><style type=\"text\/css\">@media only screen and (max-width:1024px) {.fusion-title.fusion-title-1{margin-top:0px!important; margin-right:0px!important;margin-bottom:31px!important;margin-left:0px!important;}}@media only screen and (max-width:640px) {.fusion-title.fusion-title-1{margin-top:0px!important; margin-right:0px!important;margin-bottom:20px!important; margin-left:0px!important;}}<\/style><div class=\"fusion-title title fusion-title-1 fusion-sep-none fusion-title-text fusion-title-size-two\" style=\"font-size:14px;margin-top:0px;margin-right:0px;margin-bottom:31px;margin-left:0px;\"><h2 class=\"title-heading-left fusion-responsive-typography-calculated\" style=\"margin:0;font-size:1em;--fontSize:14;--minFontSize:14px;line-height:1.3;\"><strong>CARACTER<\/strong><br \/>\nOptativa<\/p>\n<p><strong>DURACI\u00d3N<\/strong><br \/>\n3 ECTSs<\/p>\n<p><strong>PROFESORADO<\/strong><\/p>\n<ul>\n<li>Carmen M\u00e9ndez Fern\u00e1ndez, Catedr\u00e1tico de Universidad (Dpto. Biolog\u00eda Funcional, \u00c1rea de Microbiolog\u00eda), <a href=\"mailto:cmendezf@uniovi.es\">cmendezf@uniovi.es<\/a><\/li>\n<li>Carlos Olano \u00c1lvarez, Profesor Ayudante Doctor (Dpto. Biolog\u00eda Funcional, \u00c1rea de Microbiolog\u00eda), <a href=\"mailto:olanocarlos@uniovi.es\">olanocarlos@uniovi.es<\/a><\/li>\n<\/ul><\/h2><\/div><div class=\"fusion-separator\" style=\"align-self: flex-start;margin-right:auto;margin-bottom:30px;width:100%;max-width:100px;\"><div class=\"fusion-separator-border sep-single sep-solid\" style=\"border-color:#25afb4;border-top-width:2px;\"><\/div><\/div><div class=\"fusion-separator fusion-full-width-sep\" style=\"align-self: center;margin-left: auto;margin-right: auto;margin-top:7px;width:100%;\"><\/div><\/div><style type=\"text\/css\">.fusion-body .fusion-builder-column-0{width:50% !important;margin-top : 0px;margin-bottom : 0px;}.fusion-builder-column-0 > .fusion-column-wrapper {padding-top : 0px !important;padding-right : 0px !important;margin-right : 3.84%;padding-bottom : 0px !important;padding-left : 0px !important;margin-left : 3.84%;}@media only screen and (max-width:1024px) {.fusion-body .fusion-builder-column-0{width:100% !important;order : 1;}.fusion-builder-column-0 > .fusion-column-wrapper {margin-right : 2.88%;margin-left : 2.88%;}}@media only screen and (max-width:640px) {.fusion-body .fusion-builder-column-0{width:100% !important;margin-bottom : 6%;}.fusion-builder-column-0 > .fusion-column-wrapper {margin-right : 1.92%;margin-left : 1.92%;}}<\/style><\/div><div class=\"fusion-layout-column fusion_builder_column fusion-builder-column-1 fusion_builder_column_1_2 1_2 fusion-flex-column\"><div class=\"fusion-column-wrapper fusion-flex-justify-content-center fusion-content-layout-column\" style=\"background-position:left top;background-repeat:no-repeat;-webkit-background-size:cover;-moz-background-size:cover;-o-background-size:cover;background-size:cover;padding: 0px 0px 0px 0px;\"><div style=\"text-align:center;\"><span class=\" fusion-imageframe imageframe-none imageframe-1 hover-type-none\"><img decoding=\"async\" width=\"518\" height=\"263\" title=\"imagen_master_biosintesis\" src=\"https:\/\/www.unioviedo.es\/IUOPA\/wp-content\/uploads\/2022\/02\/imagen_master_biosintesis.png\" data-orig-src=\"https:\/\/www.unioviedo.es\/IUOPA\/wp-content\/uploads\/2022\/02\/imagen_master_biosintesis.png\" alt class=\"lazyload img-responsive wp-image-1652\" srcset=\"data:image\/svg+xml,%3Csvg%20xmlns%3D%27http%3A%2F%2Fwww.w3.org%2F2000%2Fsvg%27%20width%3D%27518%27%20height%3D%27263%27%20viewBox%3D%270%200%20518%20263%27%3E%3Crect%20width%3D%27518%27%20height%3D%27263%27%20fill-opacity%3D%220%22%2F%3E%3C%2Fsvg%3E\" data-srcset=\"https:\/\/www.unioviedo.es\/IUOPA\/wp-content\/uploads\/2022\/02\/imagen_master_biosintesis-200x102.png 200w, https:\/\/www.unioviedo.es\/IUOPA\/wp-content\/uploads\/2022\/02\/imagen_master_biosintesis-400x203.png 400w, https:\/\/www.unioviedo.es\/IUOPA\/wp-content\/uploads\/2022\/02\/imagen_master_biosintesis.png 518w\" data-sizes=\"auto\" data-orig-sizes=\"(max-width: 1024px) 100vw, (max-width: 640px) 100vw, 518px\" \/><\/span><\/div><div class=\"fusion-separator\" style=\"align-self: flex-start;margin-right:auto;margin-bottom:120px;width:100%;max-width:100px;\"><\/div><\/div><style type=\"text\/css\">.fusion-body .fusion-builder-column-1{width:50% !important;margin-top : 0px;margin-bottom : 0px;}.fusion-builder-column-1 > .fusion-column-wrapper {padding-top : 0px !important;padding-right : 0px !important;margin-right : 3.84%;padding-bottom : 0px !important;padding-left : 0px !important;margin-left : 3.84%;}@media only screen and (max-width:1024px) {.fusion-body .fusion-builder-column-1{width:100% !important;order : 1;}.fusion-builder-column-1 > .fusion-column-wrapper {margin-right : 2.88%;margin-left : 2.88%;}}@media only screen and (max-width:640px) {.fusion-body .fusion-builder-column-1{width:100% !important;margin-bottom : 6%;}.fusion-builder-column-1 > .fusion-column-wrapper {margin-right : 1.92%;margin-left : 1.92%;}}<\/style><\/div><\/div><style type=\"text\/css\">.fusion-body .fusion-flex-container.fusion-builder-row-1{ padding-top : 70px;margin-top : 0px;padding-right : 30px;padding-bottom : 70px;margin-bottom : 0px;padding-left : 30px;}<\/style><\/div><div class=\"fusion-fullwidth fullwidth-box fusion-builder-row-2 fusion-flex-container nonhundred-percent-fullwidth non-hundred-percent-height-scrolling\" style=\"background-color: #ffffff;background-position: center center;background-repeat: no-repeat;border-width: 0px 0px 0px 0px;border-color:#eae9e9;border-style:solid;\" ><div class=\"fusion-builder-row fusion-row fusion-flex-align-items-center\" style=\"max-width:1216.8px;margin-left: calc(-4% \/ 2 );margin-right: calc(-4% \/ 2 );\"><div class=\"fusion-layout-column fusion_builder_column fusion-builder-column-2 fusion_builder_column_1_1 1_1 fusion-flex-column\"><div class=\"fusion-column-wrapper fusion-flex-justify-content-flex-start fusion-content-layout-column\" style=\"background-position:left top;background-repeat:no-repeat;-webkit-background-size:cover;-moz-background-size:cover;-o-background-size:cover;background-size:cover;padding: 0px 0px 0px 0px;\"><div class=\"fusion-text fusion-text-1\"><p><strong>Descripci\u00f3n<\/strong>:<\/p>\n<p>El objetivo de la asignatura Bios\u00edntesis de Mol\u00e9culas Antitumorales es aportar una visi\u00f3n de la oncolog\u00eda desde el punto de vista del tratamiento de los tumores, pero mostrando el proceso de identificaci\u00f3n y generaci\u00f3n de nuevas sustancias con actividad citot\u00f3xica que puedan en el futuro ser utilizadas en cl\u00ednica para el tratamiento de patolog\u00edas neopl\u00e1sicas. Esta visi\u00f3n complementa los contenidos de otras asignaturas del M\u00e1ster Biomedicina y Oncolog\u00eda Molecular ampliando el campo de visi\u00f3n de la oncolog\u00eda y enfoc\u00e1ndolo al originen de los compuestos antitumorales. Asimismo se pondr\u00e1 especial \u00e9nfasis en la caracterizaci\u00f3n de estos compuestos y en las posibilidades de la t\u00e9cnica actual para generar derivados con actividades mejoradas o con menores efectos secundarios. La asignatura est\u00e1 estructurada en clases te\u00f3ricas y pr\u00e1cticas. Las clases te\u00f3ricas tratan de mostrar las diferentes estrategias disponibles para la identificaci\u00f3n y el aislamiento de agrupamientos g\u00e9nicos involucrados en la bios\u00edntesis de productos naturales con potenciales propiedades terap\u00e9uticas en el tratamiento del c\u00e1ncer, as\u00ed como las aproximaciones mediante ingenier\u00eda gen\u00e9tica para generar nuevos compuestos antitumorales. Las clases pr\u00e1cticas permitir\u00e1n al alumno la ejecuci\u00f3n de algunas de las estrategias tanto de aislamiento y caracterizaci\u00f3n inicial de nuevos compuestos como el aislamiento de rutas metab\u00f3licas implicadas en la bios\u00edntesis de compuestos antitumorales producidos por microorganismos. Se establecer\u00e1n discusiones sobre los resultados obtenidos y sobre posibles estrategias tanto de identificaci\u00f3n como de manipulaci\u00f3n de rutas de bios\u00edntesis concretas. Adem\u00e1s, cada alumno deber\u00e1 leer y participar en la discusi\u00f3n de art\u00edculos recientemente publicados y de inter\u00e9s para la asignatura. La evaluaci\u00f3n de la asignatura se realizar\u00e1 por medio de un examen escrito cuya nota representara el 50% de la nota final. Se valorar\u00e1 adem\u00e1s la participaci\u00f3n en las pr\u00e1cticas de laboratorio (30% de la nota final) y la participaci\u00f3n en las sesiones de discusi\u00f3n del material bibliogr\u00e1fico (20% de la nota final). La asistencia a las clases pr\u00e1cticas y la discusi\u00f3n del material bibliogr\u00e1fico ser\u00e1 de car\u00e1cter obligatorio. La evaluaci\u00f3n en la convocatoria extraordinaria consistir\u00e1 en un examen escrito que representara el 100% de la nota final.<\/p>\n<\/div><\/div><style type=\"text\/css\">.fusion-body .fusion-builder-column-2{width:100% !important;margin-top : 0px;margin-bottom : 0px;}.fusion-builder-column-2 > .fusion-column-wrapper {padding-top : 0px !important;padding-right : 0px !important;margin-right : 1.92%;padding-bottom : 0px !important;padding-left : 0px !important;margin-left : 1.92%;}@media only screen and (max-width:1024px) {.fusion-body .fusion-builder-column-2{width:100% !important;order : 0;}.fusion-builder-column-2 > .fusion-column-wrapper {margin-right : 1.92%;margin-left : 1.92%;}}@media only screen and (max-width:640px) {.fusion-body .fusion-builder-column-2{width:100% !important;order : 0;}.fusion-builder-column-2 > .fusion-column-wrapper {margin-right : 1.92%;margin-left : 1.92%;}}<\/style><\/div><\/div><style type=\"text\/css\">.fusion-body .fusion-flex-container.fusion-builder-row-2{ padding-top : 70px;margin-top : 0px;padding-right : 30px;padding-bottom : 50px;margin-bottom : 0px;padding-left : 30px;}<\/style><\/div><div class=\"fusion-fullwidth fullwidth-box fusion-builder-row-3 fusion-flex-container nonhundred-percent-fullwidth non-hundred-percent-height-scrolling\" style=\"background-color: #f8f8f8;background-position: center center;background-repeat: no-repeat;border-width: 0px 0px 0px 0px;border-color:#eae9e9;border-style:solid;\" ><div class=\"fusion-builder-row fusion-row fusion-flex-align-items-center\" style=\"max-width:1216.8px;margin-left: calc(-4% \/ 2 );margin-right: calc(-4% \/ 2 );\"><div class=\"fusion-layout-column fusion_builder_column fusion-builder-column-3 fusion_builder_column_1_1 1_1 fusion-flex-column\"><div class=\"fusion-column-wrapper fusion-flex-justify-content-flex-start fusion-content-layout-column\" style=\"background-position:left top;background-repeat:no-repeat;-webkit-background-size:cover;-moz-background-size:cover;-o-background-size:cover;background-size:cover;padding: 0px 0px 0px 0px;\"><div class=\"fusion-text fusion-text-2\"><p><strong>Bibliograf\u00eda<\/strong>:<\/p>\n<p>Olano, C; M\u00e9ndez, C; Salas, J.A. 2011. Chapter 11: Gene clusters for bioactive natural products in actinomycetes and their use in combinatorial biosynthesis. Streptomyces Molecular Biology and Biotechnology, 195-232. Ed. Caister Academic Press, Norwich, UK. ISBN 978-904455-77-6.<\/p>\n<p>Olano, C., M\u00e9ndez, C., and Salas, J.A. 2014. Chapter 1: Strategies for the design and discovery of novel antibiotics using genetic engineering and genome mining. Antimicrobial Compounds: Actual strategies and New Alternatives. Villa, Tomas G.; Veiga-Crespo, Patricia (Eds.), Springer-Verlag GmbH Berlin Heidelberg. ISBN 978-3-642-40443-6.<\/p>\n<p>Olano, C., M\u00e9ndez, C., and Salas, J.A. 2014. Chapter 17: Harnessing sugar biosynthesis and glycosylation to redesign natural products and to increase structural diversity. Natural Products: Discourse, Diversity and Design. Osbourn, Anne; Goss, Rebecca (Eds.), Wiley-Blackwell Publishing, Hoboken, NJ, USA. ISBN 978-1-118-29806-0.<\/p>\n<\/div><\/div><style type=\"text\/css\">.fusion-body .fusion-builder-column-3{width:100% !important;margin-top : 0px;margin-bottom : 0px;}.fusion-builder-column-3 > .fusion-column-wrapper {padding-top : 0px !important;padding-right : 0px !important;margin-right : 1.92%;padding-bottom : 0px !important;padding-left : 0px !important;margin-left : 1.92%;}@media only screen and (max-width:1024px) {.fusion-body .fusion-builder-column-3{width:100% !important;order : 0;}.fusion-builder-column-3 > .fusion-column-wrapper {margin-right : 1.92%;margin-left : 1.92%;}}@media only screen and (max-width:640px) {.fusion-body .fusion-builder-column-3{width:100% !important;order : 0;}.fusion-builder-column-3 > .fusion-column-wrapper {margin-right : 1.92%;margin-left : 1.92%;}}<\/style><\/div><\/div><style type=\"text\/css\">.fusion-body .fusion-flex-container.fusion-builder-row-3{ padding-top : 70px;margin-top : 0px;padding-right : 30px;padding-bottom : 50px;margin-bottom : 0px;padding-left : 30px;}<\/style><\/div><\/p>\n","protected":false},"excerpt":{"rendered":"","protected":false},"author":1,"featured_media":0,"parent":938,"menu_order":0,"comment_status":"closed","ping_status":"closed","template":"100-width.php","meta":{"footnotes":""},"class_list":["post-1651","page","type-page","status-publish","hentry"],"_links":{"self":[{"href":"https:\/\/www.unioviedo.es\/IUOPA\/wp-json\/wp\/v2\/pages\/1651","targetHints":{"allow":["GET"]}}],"collection":[{"href":"https:\/\/www.unioviedo.es\/IUOPA\/wp-json\/wp\/v2\/pages"}],"about":[{"href":"https:\/\/www.unioviedo.es\/IUOPA\/wp-json\/wp\/v2\/types\/page"}],"author":[{"embeddable":true,"href":"https:\/\/www.unioviedo.es\/IUOPA\/wp-json\/wp\/v2\/users\/1"}],"replies":[{"embeddable":true,"href":"https:\/\/www.unioviedo.es\/IUOPA\/wp-json\/wp\/v2\/comments?post=1651"}],"version-history":[{"count":2,"href":"https:\/\/www.unioviedo.es\/IUOPA\/wp-json\/wp\/v2\/pages\/1651\/revisions"}],"predecessor-version":[{"id":2306,"href":"https:\/\/www.unioviedo.es\/IUOPA\/wp-json\/wp\/v2\/pages\/1651\/revisions\/2306"}],"up":[{"embeddable":true,"href":"https:\/\/www.unioviedo.es\/IUOPA\/wp-json\/wp\/v2\/pages\/938"}],"wp:attachment":[{"href":"https:\/\/www.unioviedo.es\/IUOPA\/wp-json\/wp\/v2\/media?parent=1651"}],"curies":[{"name":"wp","href":"https:\/\/api.w.org\/{rel}","templated":true}]}}

Biosíntesis de moléculas antitumorales

<p><div class="fusion-fullwidth fullwidth-box fusion-builder-row-1 fusion-flex-container nonhundred-percent-fullwidth non-hundred-percent-height-scrolling" style="background-color: #f8f8f8;background-position: center center;background-repeat: no-repeat;border-width: 0px 0px 0px 0px;border-color:#eae9e9;border-style:solid;" ><div class="fusion-builder-row fusion-row fusion-flex-align-items-flex-start" style="max-width:1216.8px;margin-left: calc(-4% / 2 );margin-right: calc(-4% / 2 );"><div class="fusion-layout-column fusion_builder_column fusion-builder-column-0 fusion_builder_column_1_2 1_2 fusion-flex-column"><div class="fusion-column-wrapper fusion-flex-justify-content-center fusion-content-layout-column" style="background-position:left top;background-repeat:no-repeat;-webkit-background-size:cover;-moz-background-size:cover;-o-background-size:cover;background-size:cover;padding: 0px 0px 0px 0px;"><style type="text/css">@media only screen and (max-width:1024px) {.fusion-title.fusion-title-1{margin-top:0px!important; margin-right:0px!important;margin-bottom:31px!important;margin-left:0px!important;}}@media only screen and (max-width:640px) {.fusion-title.fusion-title-1{margin-top:0px!important; margin-right:0px!important;margin-bottom:20px!important; margin-left:0px!important;}}</style><div class="fusion-title title fusion-title-1 fusion-sep-none fusion-title-text fusion-title-size-two" style="font-size:14px;margin-top:0px;margin-right:0px;margin-bottom:31px;margin-left:0px;"><h2 class="title-heading-left fusion-responsive-typography-calculated" style="margin:0;font-size:1em;--fontSize:14;--minFontSize:14px;line-height:1.3;"><strong>CARACTER</strong><br />
Optativa</p>
<p><strong>DURACIÓN</strong><br />
3 ECTSs</p>
<p><strong>PROFESORADO</strong></p>
<ul>
<li>Carmen Méndez Fernández, Catedrático de Universidad (Dpto. Biología Funcional, Área de Microbiología), <a href="mailto:cmendezf@uniovi.es">cmendezf@uniovi.es</a></li>
<li>Carlos Olano Álvarez, Profesor Ayudante Doctor (Dpto. Biología Funcional, Área de Microbiología), <a href="mailto:olanocarlos@uniovi.es">olanocarlos@uniovi.es</a></li>
</ul></h2></div><div class="fusion-separator" style="align-self: flex-start;margin-right:auto;margin-bottom:30px;width:100%;max-width:100px;"><div class="fusion-separator-border sep-single sep-solid" style="border-color:#25afb4;border-top-width:2px;"></div></div><div class="fusion-separator fusion-full-width-sep" style="align-self: center;margin-left: auto;margin-right: auto;margin-top:7px;width:100%;"></div></div><style type="text/css">.fusion-body .fusion-builder-column-0{width:50% !important;margin-top : 0px;margin-bottom : 0px;}.fusion-builder-column-0 > .fusion-column-wrapper {padding-top : 0px !important;padding-right : 0px !important;margin-right : 3.84%;padding-bottom : 0px !important;padding-left : 0px !important;margin-left : 3.84%;}@media only screen and (max-width:1024px) {.fusion-body .fusion-builder-column-0{width:100% !important;order : 1;}.fusion-builder-column-0 > .fusion-column-wrapper {margin-right : 2.88%;margin-left : 2.88%;}}@media only screen and (max-width:640px) {.fusion-body .fusion-builder-column-0{width:100% !important;margin-bottom : 6%;}.fusion-builder-column-0 > .fusion-column-wrapper {margin-right : 1.92%;margin-left : 1.92%;}}</style></div><div class="fusion-layout-column fusion_builder_column fusion-builder-column-1 fusion_builder_column_1_2 1_2 fusion-flex-column"><div class="fusion-column-wrapper fusion-flex-justify-content-center fusion-content-layout-column" style="background-position:left top;background-repeat:no-repeat;-webkit-background-size:cover;-moz-background-size:cover;-o-background-size:cover;background-size:cover;padding: 0px 0px 0px 0px;"><div style="text-align:center;"><span class=" fusion-imageframe imageframe-none imageframe-1 hover-type-none"><img decoding="async" width="518" height="263" title="imagen_master_biosintesis" src="https://www.unioviedo.es/IUOPA/wp-content/uploads/2022/02/imagen_master_biosintesis.png" data-orig-src="https://www.unioviedo.es/IUOPA/wp-content/uploads/2022/02/imagen_master_biosintesis.png" alt class="lazyload img-responsive wp-image-1652" srcset="data:image/svg+xml,%3Csvg%20xmlns%3D%27http%3A%2F%2Fwww.w3.org%2F2000%2Fsvg%27%20width%3D%27518%27%20height%3D%27263%27%20viewBox%3D%270%200%20518%20263%27%3E%3Crect%20width%3D%27518%27%20height%3D%27263%27%20fill-opacity%3D%220%22%2F%3E%3C%2Fsvg%3E" data-srcset="https://www.unioviedo.es/IUOPA/wp-content/uploads/2022/02/imagen_master_biosintesis-200x102.png 200w, https://www.unioviedo.es/IUOPA/wp-content/uploads/2022/02/imagen_master_biosintesis-400x203.png 400w, https://www.unioviedo.es/IUOPA/wp-content/uploads/2022/02/imagen_master_biosintesis.png 518w" data-sizes="auto" data-orig-sizes="(max-width: 1024px) 100vw, (max-width: 640px) 100vw, 518px" /></span></div><div class="fusion-separator" style="align-self: flex-start;margin-right:auto;margin-bottom:120px;width:100%;max-width:100px;"></div></div><style type="text/css">.fusion-body .fusion-builder-column-1{width:50% !important;margin-top : 0px;margin-bottom : 0px;}.fusion-builder-column-1 > .fusion-column-wrapper {padding-top : 0px !important;padding-right : 0px !important;margin-right : 3.84%;padding-bottom : 0px !important;padding-left : 0px !important;margin-left : 3.84%;}@media only screen and (max-width:1024px) {.fusion-body .fusion-builder-column-1{width:100% !important;order : 1;}.fusion-builder-column-1 > .fusion-column-wrapper {margin-right : 2.88%;margin-left : 2.88%;}}@media only screen and (max-width:640px) {.fusion-body .fusion-builder-column-1{width:100% !important;margin-bottom : 6%;}.fusion-builder-column-1 > .fusion-column-wrapper {margin-right : 1.92%;margin-left : 1.92%;}}</style></div></div><style type="text/css">.fusion-body .fusion-flex-container.fusion-builder-row-1{ padding-top : 70px;margin-top : 0px;padding-right : 30px;padding-bottom : 70px;margin-bottom : 0px;padding-left : 30px;}</style></div><div class="fusion-fullwidth fullwidth-box fusion-builder-row-2 fusion-flex-container nonhundred-percent-fullwidth non-hundred-percent-height-scrolling" style="background-color: #ffffff;background-position: center center;background-repeat: no-repeat;border-width: 0px 0px 0px 0px;border-color:#eae9e9;border-style:solid;" ><div class="fusion-builder-row fusion-row fusion-flex-align-items-center" style="max-width:1216.8px;margin-left: calc(-4% / 2 );margin-right: calc(-4% / 2 );"><div class="fusion-layout-column fusion_builder_column fusion-builder-column-2 fusion_builder_column_1_1 1_1 fusion-flex-column"><div class="fusion-column-wrapper fusion-flex-justify-content-flex-start fusion-content-layout-column" style="background-position:left top;background-repeat:no-repeat;-webkit-background-size:cover;-moz-background-size:cover;-o-background-size:cover;background-size:cover;padding: 0px 0px 0px 0px;"><div class="fusion-text fusion-text-1"><p><strong>Descripción</strong>:</p>
<p>El objetivo de la asignatura Biosíntesis de Moléculas Antitumorales es aportar una visión de la oncología desde el punto de vista del tratamiento de los tumores, pero mostrando el proceso de identificación y generación de nuevas sustancias con actividad citotóxica que puedan en el futuro ser utilizadas en clínica para el tratamiento de patologías neoplásicas. Esta visión complementa los contenidos de otras asignaturas del Máster Biomedicina y Oncología Molecular ampliando el campo de visión de la oncología y enfocándolo al originen de los compuestos antitumorales. Asimismo se pondrá especial énfasis en la caracterización de estos compuestos y en las posibilidades de la técnica actual para generar derivados con actividades mejoradas o con menores efectos secundarios. La asignatura está estructurada en clases teóricas y prácticas. Las clases teóricas tratan de mostrar las diferentes estrategias disponibles para la identificación y el aislamiento de agrupamientos génicos involucrados en la biosíntesis de productos naturales con potenciales propiedades terapéuticas en el tratamiento del cáncer, así como las aproximaciones mediante ingeniería genética para generar nuevos compuestos antitumorales. Las clases prácticas permitirán al alumno la ejecución de algunas de las estrategias tanto de aislamiento y caracterización inicial de nuevos compuestos como el aislamiento de rutas metabólicas implicadas en la biosíntesis de compuestos antitumorales producidos por microorganismos. Se establecerán discusiones sobre los resultados obtenidos y sobre posibles estrategias tanto de identificación como de manipulación de rutas de biosíntesis concretas. Además, cada alumno deberá leer y participar en la discusión de artículos recientemente publicados y de interés para la asignatura. La evaluación de la asignatura se realizará por medio de un examen escrito cuya nota representara el 50% de la nota final. Se valorará además la participación en las prácticas de laboratorio (30% de la nota final) y la participación en las sesiones de discusión del material bibliográfico (20% de la nota final). La asistencia a las clases prácticas y la discusión del material bibliográfico será de carácter obligatorio. La evaluación en la convocatoria extraordinaria consistirá en un examen escrito que representara el 100% de la nota final.</p>
</div></div><style type="text/css">.fusion-body .fusion-builder-column-2{width:100% !important;margin-top : 0px;margin-bottom : 0px;}.fusion-builder-column-2 > .fusion-column-wrapper {padding-top : 0px !important;padding-right : 0px !important;margin-right : 1.92%;padding-bottom : 0px !important;padding-left : 0px !important;margin-left : 1.92%;}@media only screen and (max-width:1024px) {.fusion-body .fusion-builder-column-2{width:100% !important;order : 0;}.fusion-builder-column-2 > .fusion-column-wrapper {margin-right : 1.92%;margin-left : 1.92%;}}@media only screen and (max-width:640px) {.fusion-body .fusion-builder-column-2{width:100% !important;order : 0;}.fusion-builder-column-2 > .fusion-column-wrapper {margin-right : 1.92%;margin-left : 1.92%;}}</style></div></div><style type="text/css">.fusion-body .fusion-flex-container.fusion-builder-row-2{ padding-top : 70px;margin-top : 0px;padding-right : 30px;padding-bottom : 50px;margin-bottom : 0px;padding-left : 30px;}</style></div><div class="fusion-fullwidth fullwidth-box fusion-builder-row-3 fusion-flex-container nonhundred-percent-fullwidth non-hundred-percent-height-scrolling" style="background-color: #f8f8f8;background-position: center center;background-repeat: no-repeat;border-width: 0px 0px 0px 0px;border-color:#eae9e9;border-style:solid;" ><div class="fusion-builder-row fusion-row fusion-flex-align-items-center" style="max-width:1216.8px;margin-left: calc(-4% / 2 );margin-right: calc(-4% / 2 );"><div class="fusion-layout-column fusion_builder_column fusion-builder-column-3 fusion_builder_column_1_1 1_1 fusion-flex-column"><div class="fusion-column-wrapper fusion-flex-justify-content-flex-start fusion-content-layout-column" style="background-position:left top;background-repeat:no-repeat;-webkit-background-size:cover;-moz-background-size:cover;-o-background-size:cover;background-size:cover;padding: 0px 0px 0px 0px;"><div class="fusion-text fusion-text-2"><p><strong>Bibliografía</strong>:</p>
<p>Olano, C; Méndez, C; Salas, J.A. 2011. Chapter 11: Gene clusters for bioactive natural products in actinomycetes and their use in combinatorial biosynthesis. Streptomyces Molecular Biology and Biotechnology, 195-232. Ed. Caister Academic Press, Norwich, UK. ISBN 978-904455-77-6.</p>
<p>Olano, C., Méndez, C., and Salas, J.A. 2014. Chapter 1: Strategies for the design and discovery of novel antibiotics using genetic engineering and genome mining. Antimicrobial Compounds: Actual strategies and New Alternatives. Villa, Tomas G.; Veiga-Crespo, Patricia (Eds.), Springer-Verlag GmbH Berlin Heidelberg. ISBN 978-3-642-40443-6.</p>
<p>Olano, C., Méndez, C., and Salas, J.A. 2014. Chapter 17: Harnessing sugar biosynthesis and glycosylation to redesign natural products and to increase structural diversity. Natural Products: Discourse, Diversity and Design. Osbourn, Anne; Goss, Rebecca (Eds.), Wiley-Blackwell Publishing, Hoboken, NJ, USA. ISBN 978-1-118-29806-0.</p>
</div></div><style type="text/css">.fusion-body .fusion-builder-column-3{width:100% !important;margin-top : 0px;margin-bottom : 0px;}.fusion-builder-column-3 > .fusion-column-wrapper {padding-top : 0px !important;padding-right : 0px !important;margin-right : 1.92%;padding-bottom : 0px !important;padding-left : 0px !important;margin-left : 1.92%;}@media only screen and (max-width:1024px) {.fusion-body .fusion-builder-column-3{width:100% !important;order : 0;}.fusion-builder-column-3 > .fusion-column-wrapper {margin-right : 1.92%;margin-left : 1.92%;}}@media only screen and (max-width:640px) {.fusion-body .fusion-builder-column-3{width:100% !important;order : 0;}.fusion-builder-column-3 > .fusion-column-wrapper {margin-right : 1.92%;margin-left : 1.92%;}}</style></div></div><style type="text/css">.fusion-body .fusion-flex-container.fusion-builder-row-3{ padding-top : 70px;margin-top : 0px;padding-right : 30px;padding-bottom : 50px;margin-bottom : 0px;padding-left : 30px;}</style></div></p>
