{"id":2279,"date":"2023-03-09T15:24:19","date_gmt":"2023-03-09T14:24:19","guid":{"rendered":"https:\/\/www.unioviedo.es\/IUOPA\/?page_id=2279"},"modified":"2023-03-09T15:26:04","modified_gmt":"2023-03-09T14:26:04","slug":"seminarios","status":"publish","type":"page","link":"https:\/\/www.unioviedo.es\/IUOPA\/seminarios\/","title":{"rendered":"Seminarios"},"content":{"rendered":"<p><div class=\"fusion-fullwidth fullwidth-box fusion-builder-row-1 fusion-flex-container nonhundred-percent-fullwidth non-hundred-percent-height-scrolling\" style=\"background-color: rgba(255,255,255,0);background-position: center center;background-repeat: no-repeat;border-width: 0px 0px 0px 0px;border-color:#eae9e9;border-style:solid;\" ><div class=\"fusion-builder-row fusion-row fusion-flex-align-items-flex-start\" style=\"max-width:1216.8px;margin-left: calc(-4% \/ 2 );margin-right: calc(-4% \/ 2 );\"><div class=\"fusion-layout-column fusion_builder_column fusion-builder-column-0 fusion_builder_column_2_3 2_3 fusion-flex-column\"><div class=\"fusion-column-wrapper fusion-flex-justify-content-flex-start fusion-content-layout-column\" style=\"background-position:left top;background-repeat:no-repeat;-webkit-background-size:cover;-moz-background-size:cover;-o-background-size:cover;background-size:cover;border-width: 0 1px 0 0;border-color:#c7afd8;border-style:solid;padding: 0px 30px 0px 0px;\"><style type=\"text\/css\">@media only screen and (max-width:1024px) {.fusion-title.fusion-title-1{margin-top:20px!important; margin-right:0px!important;margin-bottom:31px!important;margin-left:0px!important;}}@media only screen and (max-width:640px) {.fusion-title.fusion-title-1{margin-top:0px!important; margin-right:0px!important;margin-bottom:20px!important; margin-left:0px!important;}}<\/style><div class=\"fusion-title title fusion-title-1 fusion-sep-none fusion-title-text fusion-title-size-three\" style=\"font-size:28px;margin-top:20px;margin-right:0px;margin-bottom:31px;margin-left:0px;\"><h3 class=\"title-heading-left fusion-responsive-typography-calculated\" style=\"margin:0;font-size:1em;--fontSize:28;line-height:1.4;\">Pr\u00f3ximos seminarios<\/h3><\/div><div class=\"fusion-separator\" style=\"align-self: flex-start;margin-right:auto;margin-bottom:30px;width:100%;max-width:100px;\"><div class=\"fusion-separator-border sep-single sep-solid\" style=\"border-color:#8f60b1;border-top-width:6px;\"><\/div><\/div><div class=\"fusion-separator fusion-full-width-sep\" style=\"align-self: center;margin-left: auto;margin-right: auto;margin-top:60px;width:100%;\"><\/div><div class=\"fusion-blog-shortcode fusion-blog-shortcode-1 fusion-blog-archive fusion-blog-layout-large-alternate fusion-blog-no fusion-blog-no-images\"><div class=\"fusion-posts-container fusion-posts-container-no\" data-pages=\"5\"><article id=\"blog-1-post-4923\" class=\"fusion-post-large-alternate post-4923 post type-post status-publish format-standard has-post-thumbnail hentry category-destacadas category-seminarios category-ultimas-noticias tag-conferencias\">\n<div class=\"fusion-date-and-formats\"><div class=\"fusion-date-box updated\"><span class=\"fusion-date\">23<\/span><span class=\"fusion-month-year\">04, 2026<\/span><\/div><div class=\"fusion-format-box\"><i class=\"awb-icon-pen\" aria-hidden=\"true\"><\/i><\/div><\/div><div class=\"fusion-post-content post-content\"><h2 class=\"blog-shortcode-post-title entry-title\"><a href=\"https:\/\/www.unioviedo.es\/IUOPA\/proximo-seminario-antiproliferative-activities-of-myxomycete-polysaccharides\/\">Pr\u00f3ximo seminario \u201cAntiproliferative activities of myxomycete polysaccharides\u201d<\/a><\/h2><p class=\"fusion-single-line-meta\"><span class=\"vcard\" style=\"display: none;\"><span class=\"fn\"><a href=\"https:\/\/www.unioviedo.es\/IUOPA\/author\/iuopaadmin\/\" title=\"Entradas de iuopaAdmin\" rel=\"author\">iuopaAdmin<\/a><\/span><\/span><span class=\"updated\" style=\"display:none;\">2026-04-23T02:16:26+02:00<\/span><span>23 abril, 2026<\/span><span class=\"fusion-inline-sep\">|<\/span><a href=\"https:\/\/www.unioviedo.es\/IUOPA\/category\/destacadas\/\" rel=\"category tag\">Destacadas<\/a>, <a href=\"https:\/\/www.unioviedo.es\/IUOPA\/category\/seminarios\/\" rel=\"category tag\">Seminarios<\/a>, <a href=\"https:\/\/www.unioviedo.es\/IUOPA\/category\/ultimas-noticias\/\" rel=\"category tag\">\u00daltimas noticias<\/a><span class=\"fusion-inline-sep\">|<\/span><\/p><div class=\"fusion-post-content-container\"><p>   Viernes 24 de abril de 2026 | 13:30h Ponente: Hanh Tran Grupo de Investigaci\u00f3n: BIONUC T\u00edtulo: \u201cAntiproliferative activities of myxomycete polysaccharides\u201d Lugar: Aula E del \u00e1rea docente [...]<\/p><\/div><\/div><div class=\"fusion-clearfix\"><\/div><\/article>\n<article id=\"blog-1-post-4863\" class=\"fusion-post-large-alternate post-4863 post type-post status-publish format-standard has-post-thumbnail hentry category-destacadas category-seminarios category-ultimas-noticias tag-conferencias\">\n<div class=\"fusion-date-and-formats\"><div class=\"fusion-date-box updated\"><span class=\"fusion-date\">23<\/span><span class=\"fusion-month-year\">03, 2026<\/span><\/div><div class=\"fusion-format-box\"><i class=\"awb-icon-pen\" aria-hidden=\"true\"><\/i><\/div><\/div><div class=\"fusion-post-content post-content\"><h2 class=\"blog-shortcode-post-title entry-title\"><a href=\"https:\/\/www.unioviedo.es\/IUOPA\/proximo-seminario-cartera-de-servicios-de-la-unidad-de-transgenicos\/\">Pr\u00f3ximo seminario \u201cCartera de Servicios de la Unidad de Transg\u00e9nicos\u201d<\/a><\/h2><p class=\"fusion-single-line-meta\"><span class=\"vcard\" style=\"display: none;\"><span class=\"fn\"><a href=\"https:\/\/www.unioviedo.es\/IUOPA\/author\/iuopaadmin\/\" title=\"Entradas de iuopaAdmin\" rel=\"author\">iuopaAdmin<\/a><\/span><\/span><span class=\"updated\" style=\"display:none;\">2026-03-23T13:49:59+01:00<\/span><span>23 marzo, 2026<\/span><span class=\"fusion-inline-sep\">|<\/span><a href=\"https:\/\/www.unioviedo.es\/IUOPA\/category\/destacadas\/\" rel=\"category tag\">Destacadas<\/a>, <a href=\"https:\/\/www.unioviedo.es\/IUOPA\/category\/seminarios\/\" rel=\"category tag\">Seminarios<\/a>, <a href=\"https:\/\/www.unioviedo.es\/IUOPA\/category\/ultimas-noticias\/\" rel=\"category tag\">\u00daltimas noticias<\/a><span class=\"fusion-inline-sep\">|<\/span><\/p><div class=\"fusion-post-content-container\"><p>   Viernes 10 de abril de 2026 | 13:30h Ponente: Francisco Rodriguez Grupo de Investigaci\u00f3n: Unidad de transg\u00e9nicos (IUOPA) T\u00edtulo: \u201cCartera de Servicios de la Unidad de Transg\u00e9nicos\u201d [...]<\/p><\/div><\/div><div class=\"fusion-clearfix\"><\/div><\/article>\n<article id=\"blog-1-post-4816\" class=\"fusion-post-large-alternate post-4816 post type-post status-publish format-standard has-post-thumbnail hentry category-destacadas category-seminarios category-ultimas-noticias tag-conferencias\">\n<div class=\"fusion-date-and-formats\"><div class=\"fusion-date-box updated\"><span class=\"fusion-date\">4<\/span><span class=\"fusion-month-year\">03, 2026<\/span><\/div><div class=\"fusion-format-box\"><i class=\"awb-icon-pen\" aria-hidden=\"true\"><\/i><\/div><\/div><div class=\"fusion-post-content post-content\"><h2 class=\"blog-shortcode-post-title entry-title\"><a href=\"https:\/\/www.unioviedo.es\/IUOPA\/proximo-seminario-functional-crosstalk-between-gasdermins-in-cancer-biology\/\">Pr\u00f3ximo seminario \u201cFunctional crosstalk between Gasdermins in cancer biology\u201d<\/a><\/h2><p class=\"fusion-single-line-meta\"><span class=\"vcard\" style=\"display: none;\"><span class=\"fn\"><a href=\"https:\/\/www.unioviedo.es\/IUOPA\/author\/iuopaadmin\/\" title=\"Entradas de iuopaAdmin\" rel=\"author\">iuopaAdmin<\/a><\/span><\/span><span class=\"updated\" style=\"display:none;\">2026-03-04T21:48:44+01:00<\/span><span>4 marzo, 2026<\/span><span class=\"fusion-inline-sep\">|<\/span><a href=\"https:\/\/www.unioviedo.es\/IUOPA\/category\/destacadas\/\" rel=\"category tag\">Destacadas<\/a>, <a href=\"https:\/\/www.unioviedo.es\/IUOPA\/category\/seminarios\/\" rel=\"category tag\">Seminarios<\/a>, <a href=\"https:\/\/www.unioviedo.es\/IUOPA\/category\/ultimas-noticias\/\" rel=\"category tag\">\u00daltimas noticias<\/a><span class=\"fusion-inline-sep\">|<\/span><\/p><div class=\"fusion-post-content-container\"><p>   Viernes 6 de marzo de 2026 | 13:30h Ponente: Gema Moreno Bueno Grupo de Investigaci\u00f3n: \u00c1rea de C\u00e1ncer y Gen\u00e9tica Humana - IdiPAZ T\u00edtulo: \u201cRFunctional crosstalk between [...]<\/p><\/div><\/div><div class=\"fusion-clearfix\"><\/div><\/article>\n<article id=\"blog-1-post-4740\" class=\"fusion-post-large-alternate post-4740 post type-post status-publish format-standard has-post-thumbnail hentry category-destacadas category-seminarios category-ultimas-noticias tag-conferencias\">\n<div class=\"fusion-date-and-formats\"><div class=\"fusion-date-box updated\"><span class=\"fusion-date\">4<\/span><span class=\"fusion-month-year\">02, 2026<\/span><\/div><div class=\"fusion-format-box\"><i class=\"awb-icon-pen\" aria-hidden=\"true\"><\/i><\/div><\/div><div class=\"fusion-post-content post-content\"><h2 class=\"blog-shortcode-post-title entry-title\"><a href=\"https:\/\/www.unioviedo.es\/IUOPA\/proximo-seminario-restricted-autophagy-competence-drives-premature-aging-insights-from-atg4a-only-mice\/\">Pr\u00f3ximo seminario \u201cRestricted autophagy competence drives premature aging: insights from ATG4A-only mice\u201d<\/a><\/h2><p class=\"fusion-single-line-meta\"><span class=\"vcard\" style=\"display: none;\"><span class=\"fn\"><a href=\"https:\/\/www.unioviedo.es\/IUOPA\/author\/iuopaadmin\/\" title=\"Entradas de iuopaAdmin\" rel=\"author\">iuopaAdmin<\/a><\/span><\/span><span class=\"updated\" style=\"display:none;\">2026-02-05T20:18:59+01:00<\/span><span>4 febrero, 2026<\/span><span class=\"fusion-inline-sep\">|<\/span><a href=\"https:\/\/www.unioviedo.es\/IUOPA\/category\/destacadas\/\" rel=\"category tag\">Destacadas<\/a>, <a href=\"https:\/\/www.unioviedo.es\/IUOPA\/category\/seminarios\/\" rel=\"category tag\">Seminarios<\/a>, <a href=\"https:\/\/www.unioviedo.es\/IUOPA\/category\/ultimas-noticias\/\" rel=\"category tag\">\u00daltimas noticias<\/a><span class=\"fusion-inline-sep\">|<\/span><\/p><div class=\"fusion-post-content-container\"><p>   Viernes 6 de febrero de 2026 | 13:30h Ponente: Guillermo Mari\u00f1o Garc\u00eda Grupo de Investigaci\u00f3n: Autofagia y c\u00e1ncer (AUCAN) T\u00edtulo: \u201cRestricted autophagy competence drives premature aging: insights [...]<\/p><\/div><\/div><div class=\"fusion-clearfix\"><\/div><\/article>\n<article id=\"blog-1-post-4589\" class=\"fusion-post-large-alternate post-4589 post type-post status-publish format-standard has-post-thumbnail hentry category-destacadas category-seminarios category-ultimas-noticias tag-conferencias\">\n<div class=\"fusion-date-and-formats\"><div class=\"fusion-date-box updated\"><span class=\"fusion-date\">5<\/span><span class=\"fusion-month-year\">11, 2025<\/span><\/div><div class=\"fusion-format-box\"><i class=\"awb-icon-pen\" aria-hidden=\"true\"><\/i><\/div><\/div><div class=\"fusion-post-content post-content\"><h2 class=\"blog-shortcode-post-title entry-title\"><a href=\"https:\/\/www.unioviedo.es\/IUOPA\/proximo-seminario-txnip-upregulation-controls-cell-cycle-and-metabolism-during-androgen-deprivation-therapy-in-prostate-cancer\/\">Pr\u00f3ximo seminario \u00abTXNIP upregulation controls cell cycle and metabolism during androgen deprivation therapy in prostate cancer\u00bb<\/a><\/h2><p class=\"fusion-single-line-meta\"><span class=\"vcard\" style=\"display: none;\"><span class=\"fn\"><a href=\"https:\/\/www.unioviedo.es\/IUOPA\/author\/iuopaadmin\/\" title=\"Entradas de iuopaAdmin\" rel=\"author\">iuopaAdmin<\/a><\/span><\/span><span class=\"updated\" style=\"display:none;\">2025-11-06T12:59:19+01:00<\/span><span>5 noviembre, 2025<\/span><span class=\"fusion-inline-sep\">|<\/span><a href=\"https:\/\/www.unioviedo.es\/IUOPA\/category\/destacadas\/\" rel=\"category tag\">Destacadas<\/a>, <a href=\"https:\/\/www.unioviedo.es\/IUOPA\/category\/seminarios\/\" rel=\"category tag\">Seminarios<\/a>, <a href=\"https:\/\/www.unioviedo.es\/IUOPA\/category\/ultimas-noticias\/\" rel=\"category tag\">\u00daltimas noticias<\/a><span class=\"fusion-inline-sep\">|<\/span><\/p><div class=\"fusion-post-content-container\"><p>   Viernes 7 de noviembre de 2025 | 13:30h Ponente: Sergio Alc\u00f3n Rodr\u00edguez (Biolog\u00eda Redox y Metabolismo en C\u00e1ncer) T\u00edtulo: \u201cTXNIP upregulation controls cell cycle and metabolism during [...]<\/p><\/div><\/div><div class=\"fusion-clearfix\"><\/div><\/article>\n<\/div><\/div><\/div><style type=\"text\/css\">.fusion-body .fusion-builder-column-0{width:66.666666666667% !important;margin-top : 0px;margin-bottom : 0px;}.fusion-builder-column-0 > .fusion-column-wrapper {padding-top : 0px !important;padding-right : 30px !important;margin-right : 2.88%;padding-bottom : 0px !important;padding-left : 0px !important;margin-left : 2.88%;}@media only screen and (max-width:1024px) {.fusion-body .fusion-builder-column-0{width:100% !important;order : 0;}.fusion-builder-column-0 > .fusion-column-wrapper {margin-right : 1.92%;margin-left : 1.92%;}}@media only screen and (max-width:640px) {.fusion-body .fusion-builder-column-0{width:100% !important;order : 0;}.fusion-builder-column-0 > .fusion-column-wrapper {margin-right : 1.92%;margin-left : 1.92%;}}<\/style><\/div><div class=\"fusion-layout-column fusion_builder_column fusion-builder-column-1 fusion_builder_column_1_3 1_3 fusion-flex-column fusion-column-inner-bg-wrapper\"><div class=\"fusion-column-wrapper fusion-flex-justify-content-flex-start fusion-content-layout-column\" style=\"padding: 0px 0px 0px 0px;\"><style type=\"text\/css\">@media only screen and (max-width:1024px) {.fusion-title.fusion-title-2{margin-top:20px!important; margin-right:0px!important;margin-bottom:31px!important;margin-left:0px!important;}}@media only screen and (max-width:640px) {.fusion-title.fusion-title-2{margin-top:0px!important; margin-right:0px!important;margin-bottom:20px!important; margin-left:0px!important;}}<\/style><div class=\"fusion-title title fusion-title-2 fusion-sep-none fusion-title-center fusion-title-text fusion-title-size-two\" style=\"font-size:18px;margin-top:20px;margin-right:0px;margin-bottom:31px;margin-left:0px;\"><h2 class=\"title-heading-center fusion-responsive-typography-calculated\" style=\"font-family:&quot;Roboto&quot;;font-weight:500;margin:0;font-size:1em;--fontSize:18;--minFontSize:18px;line-height:1.3;\"><p style=\"text-align: center;\">Consulta todos los Seminarios<br \/>\nInstituto Universitario\u00a0 Oncolog\u00eda Principado de Asturias<br \/>\n2022\u201023<\/p><\/h2><\/div><div ><span class=\" fusion-imageframe imageframe-none imageframe-1 hover-type-none\"><img decoding=\"async\" width=\"421\" height=\"310\" alt=\"seminarios\" title=\"Seminario-iuopa\" src=\"https:\/\/www.unioviedo.es\/IUOPA\/wp-content\/uploads\/2023\/02\/Seminario-iuopa.jpg\" data-orig-src=\"https:\/\/www.unioviedo.es\/IUOPA\/wp-content\/uploads\/2023\/02\/Seminario-iuopa.jpg\" class=\"lazyload img-responsive wp-image-2177\" srcset=\"data:image\/svg+xml,%3Csvg%20xmlns%3D%27http%3A%2F%2Fwww.w3.org%2F2000%2Fsvg%27%20width%3D%27421%27%20height%3D%27310%27%20viewBox%3D%270%200%20421%20310%27%3E%3Crect%20width%3D%27421%27%20height%3D%27310%27%20fill-opacity%3D%220%22%2F%3E%3C%2Fsvg%3E\" data-srcset=\"https:\/\/www.unioviedo.es\/IUOPA\/wp-content\/uploads\/2023\/02\/Seminario-iuopa-200x147.jpg 200w, https:\/\/www.unioviedo.es\/IUOPA\/wp-content\/uploads\/2023\/02\/Seminario-iuopa-400x295.jpg 400w, https:\/\/www.unioviedo.es\/IUOPA\/wp-content\/uploads\/2023\/02\/Seminario-iuopa.jpg 421w\" data-sizes=\"auto\" data-orig-sizes=\"(max-width: 1024px) 100vw, (max-width: 640px) 100vw, 400px\" \/><\/span><\/div><\/div><span class=\"fusion-column-inner-bg hover-type-none\"><a class=\"fusion-column-anchor\" href=\"https:\/\/www.unioviedo.es\/IUOPA\/wp-content\/uploads\/2023\/02\/triptico-seminarios_22-23_v3.pdf\" rel=\"noopener noreferrer\" target=\"_blank\"><span class=\"fusion-column-inner-bg-image\" style=\"background-position:left top;background-repeat:no-repeat;-webkit-background-size:cover;-moz-background-size:cover;-o-background-size:cover;background-size:cover;\"><\/span><\/a><\/span><style type=\"text\/css\">.fusion-body .fusion-builder-column-1{width:33.333333333333% !important;margin-top : 0px;margin-bottom : 0px;}.fusion-builder-column-1 > .fusion-column-wrapper {padding-top : 0px !important;padding-right : 0px !important;margin-right : 5.76%;padding-bottom : 0px !important;padding-left : 0px !important;margin-left : 5.76%;}.fusion-flex-container .fusion-row .fusion-builder-column-1 > .fusion-column-inner-bg { margin-right:5.76%;margin-left:5.76%; }@media only screen and (max-width:1024px) {.fusion-body .fusion-builder-column-1{width:100% !important;order : 0;}.fusion-builder-column-1 > .fusion-column-wrapper {margin-right : 1.92%;margin-left : 1.92%;}.fusion-flex-container .fusion-row .fusion-builder-column-1 > .fusion-column-inner-bg { margin-right:1.92%;margin-left:1.92%; }}@media only screen and (max-width:640px) {.fusion-body .fusion-builder-column-1{width:100% !important;order : 0;}.fusion-builder-column-1 > .fusion-column-wrapper {margin-right : 1.92%;margin-left : 1.92%;}.fusion-flex-container .fusion-row .fusion-builder-column-1 > .fusion-column-inner-bg { margin-right:1.92%;margin-left:1.92%; }}<\/style><\/div><\/div><style type=\"text\/css\">.fusion-body .fusion-flex-container.fusion-builder-row-1{ padding-top : 20px;margin-top : 0px;padding-right : 30px;padding-bottom : 50px;margin-bottom : 0px;padding-left : 30px;}<\/style><\/div><div class=\"fusion-fullwidth fullwidth-box fusion-builder-row-2 fusion-flex-container fusion-parallax-none hundred-percent-fullwidth non-hundred-percent-height-scrolling lazyload\" style=\"background-color: rgba(255,255,255,0);background-position: center center;background-repeat: no-repeat;border-width: 0px 0px 0px 0px;border-color:#eae9e9;border-style:solid;-webkit-background-size:cover;-moz-background-size:cover;-o-background-size:cover;background-size:cover;\" data-bg=\"https:\/\/www.unioviedo.es\/IUOPA\/wp-content\/uploads\/2021\/11\/fcontacto-300x70.png\" ><div class=\"fusion-builder-row fusion-row fusion-flex-align-items-flex-start\" style=\"width:calc( 100% + 0px ) !important;max-width:calc( 100% + 0px ) !important;margin-left: calc(-0px \/ 2 );margin-right: calc(-0px \/ 2 );\"><div class=\"fusion-layout-column fusion_builder_column fusion-builder-column-2 fusion_builder_column_1_1 1_1 fusion-flex-column\"><div class=\"fusion-column-wrapper fusion-flex-justify-content-flex-start fusion-content-layout-column\" style=\"background-position:left top;background-repeat:no-repeat;-webkit-background-size:cover;-moz-background-size:cover;-o-background-size:cover;background-size:cover;padding: 0px 0px 0px 0px;\"><style type=\"text\/css\">@media only screen and (max-width:1024px) {.fusion-title.fusion-title-3{margin-top:0px!important; margin-right:0px!important;margin-bottom:31px!important;margin-left:0px!important;}}@media only screen and (max-width:640px) {.fusion-title.fusion-title-3{margin-top:0px!important; margin-right:0px!important;margin-bottom:20px!important; margin-left:0px!important;}}<\/style><div class=\"fusion-title title fusion-title-3 fusion-sep-none fusion-title-center fusion-title-text fusion-title-size-two\" style=\"margin-top:0px;margin-right:0px;margin-bottom:31px;margin-left:0px;\"><h2 class=\"title-heading-center fusion-responsive-typography-calculated\" style=\"margin:0;color:#ffffff;--fontSize:40;line-height:1.3;\">Cont\u00e1ctanos<\/h2><\/div><div class=\"fusion-separator\" style=\"align-self: center;margin-left: auto;margin-right: auto;margin-bottom:30px;width:100%;max-width:100px;\"><div class=\"fusion-separator-border sep-single sep-solid\" style=\"border-color:rgba(255,255,255,0.45);border-top-width:6px;\"><\/div><\/div><div class=\"fusion-separator fusion-full-width-sep\" style=\"align-self: center;margin-left: auto;margin-right: auto;margin-top:10px;width:100%;\"><\/div><div class=\"fusion-text fusion-text-1\" style=\"text-align:center;color:#ffffff;\"><p>Unidad Administrativa del IUOPA.<br \/>\nHorario: Lunes a Viernes de 9.00 a 14.00 h<\/p>\n<\/div><div style=\"text-align:center;\"><style>.fusion-button.button-1 .fusion-button-text,.fusion-button.button-1 i{color:#ffffff;}.fusion-button.button-1{border-color:#ffffff;border-width:2px 2px 2px 2px;border-radius:0 0 0 0;background:rgba(0,111,95,0);}.fusion-button.button-1:hover .fusion-button-text,.fusion-button.button-1:hover i,.fusion-button.button-1:focus .fusion-button-text,.fusion-button.button-1:focus i,.fusion-button.button-1:active .fusion-button-text,.fusion-button.button-1:active i{color:#006f5f;}.fusion-button.button-1:hover,.fusion-button.button-1:active,.fusion-button.button-1:focus{border-color:#ffffff;border-width:2px 2px 2px 2px;background:#ffffff;}<\/style><a class=\"fusion-button button-flat button-xlarge button-custom button-1 fusion-button-default-span fusion-button-default-type\" target=\"_self\" href=\"https:\/\/www.unioviedo.es\/IUOPA\/contacto\"><span class=\"fusion-button-text\">Contactar<\/span><\/a><\/div><\/div><style type=\"text\/css\">.fusion-body .fusion-builder-column-2{width:100% !important;margin-top : 0px;margin-bottom : 0px;}.fusion-builder-column-2 > .fusion-column-wrapper {padding-top : 0px !important;padding-right : 0px !important;margin-right : 0px;padding-bottom : 0px !important;padding-left : 0px !important;margin-left : 0px;}@media only screen and (max-width:1024px) {.fusion-body .fusion-builder-column-2{width:100% !important;}.fusion-builder-column-2 > .fusion-column-wrapper {margin-right : 0px;margin-left : 0px;}}@media only screen and (max-width:640px) {.fusion-body .fusion-builder-column-2{width:100% !important;}.fusion-builder-column-2 > .fusion-column-wrapper {margin-right : 0px;margin-left : 0px;}}<\/style><\/div><\/div><style type=\"text\/css\">.fusion-body .fusion-flex-container.fusion-builder-row-2{ padding-top : 50px;margin-top : 0px;padding-right : 0px;padding-bottom : 50px;margin-bottom : 0px;padding-left : 0px;}<\/style><\/div><\/p>\n","protected":false},"excerpt":{"rendered":"","protected":false},"author":1,"featured_media":0,"parent":0,"menu_order":0,"comment_status":"closed","ping_status":"closed","template":"100-width.php","meta":{"footnotes":""},"class_list":["post-2279","page","type-page","status-publish","hentry"],"_links":{"self":[{"href":"https:\/\/www.unioviedo.es\/IUOPA\/wp-json\/wp\/v2\/pages\/2279","targetHints":{"allow":["GET"]}}],"collection":[{"href":"https:\/\/www.unioviedo.es\/IUOPA\/wp-json\/wp\/v2\/pages"}],"about":[{"href":"https:\/\/www.unioviedo.es\/IUOPA\/wp-json\/wp\/v2\/types\/page"}],"author":[{"embeddable":true,"href":"https:\/\/www.unioviedo.es\/IUOPA\/wp-json\/wp\/v2\/users\/1"}],"replies":[{"embeddable":true,"href":"https:\/\/www.unioviedo.es\/IUOPA\/wp-json\/wp\/v2\/comments?post=2279"}],"version-history":[{"count":3,"href":"https:\/\/www.unioviedo.es\/IUOPA\/wp-json\/wp\/v2\/pages\/2279\/revisions"}],"predecessor-version":[{"id":2282,"href":"https:\/\/www.unioviedo.es\/IUOPA\/wp-json\/wp\/v2\/pages\/2279\/revisions\/2282"}],"wp:attachment":[{"href":"https:\/\/www.unioviedo.es\/IUOPA\/wp-json\/wp\/v2\/media?parent=2279"}],"curies":[{"name":"wp","href":"https:\/\/api.w.org\/{rel}","templated":true}]}}