{"id":143,"date":"2018-06-20T22:24:34","date_gmt":"2018-06-20T22:24:34","guid":{"rendered":"https:\/\/www.unioviedo.es\/MGYDIA\/?page_id=143"},"modified":"2018-06-21T22:46:24","modified_gmt":"2018-06-21T22:46:24","slug":"garantia-de-calidad","status":"publish","type":"page","link":"https:\/\/www.unioviedo.es\/MGYDIA\/master\/garantia-de-calidad\/","title":{"rendered":"Garant\u00eda de calidad"},"content":{"rendered":"<p>Los protocolos de evaluaci\u00f3n de la calidad del M\u00e1ster se realizar\u00e1n por la Comisi\u00f3n Calidad del M\u00e1ster (CCM). Esta comisi\u00f3n se reunir\u00e1 con periodicidad, al menos semestral, en torno a los meses de junio y diciembre. De los resultados de las evaluaciones se dar\u00e1 cuenta al Claustro Docente y al Vicerrectorado de Ordenaci\u00f3n Acad\u00e9mica y Nuevas Titulaciones.<\/p>\n<p>Por otro lado, el \u00d3rgano de Calidad de la Universidad de Oviedo (OCUO) realiza un seguimiento estructurado de todos los t\u00edtulos de la misma, para lo que dispone de herramientas bien establecidas. El OCUO puede tambi\u00e9n hacer evaluaciones para la promoci\u00f3n y valoraci\u00f3n de sus T\u00edtulos. La evaluaci\u00f3n y mejora de la docencia se realizar\u00e1, pues, tanto por parte de la CCM, a trav\u00e9s de encuestas espec\u00edficas a los alumnos, como por el OCUO en la forma estandarizada que \u00e9l establezca.<\/p>\n<p><strong>Calidad de las pr\u00e1cticas externas, en empresa y de los programas de movilidad<\/strong><\/p>\n<p>El Coordinador de la actividad, como el o los tutores correspondientes, evaluar\u00e1n de forma continua el desarrollo de la actividad. Asimismo, es responsabilidad del alumno cumplir con los procedimientos y reglamentos dispuestos en destino, ajust\u00e1ndose a ellos y respetando en todo momento la \u201ccultura\u201d de trabajo habitual.<\/p>\n","protected":false},"excerpt":{"rendered":"<p>Los protocolos de evaluaci\u00f3n de la calidad del M\u00e1ster se realizar\u00e1n por la Comisi\u00f3n Calidad del M\u00e1ster (CCM). Esta comisi\u00f3n se reunir\u00e1 con periodicidad, al menos semestral, en torno a los meses de junio y diciembre. De los resultados de las evaluaciones se dar\u00e1 cuenta al Claustro Docente y al Vicerrectorado de Ordenaci\u00f3n Acad\u00e9mica y [&hellip;]<\/p>\n","protected":false},"author":1,"featured_media":179,"parent":14,"menu_order":0,"comment_status":"closed","ping_status":"closed","template":"","meta":{"footnotes":""},"class_list":["post-143","page","type-page","status-publish","has-post-thumbnail"],"_links":{"self":[{"href":"https:\/\/www.unioviedo.es\/MGYDIA\/wp-json\/wp\/v2\/pages\/143","targetHints":{"allow":["GET"]}}],"collection":[{"href":"https:\/\/www.unioviedo.es\/MGYDIA\/wp-json\/wp\/v2\/pages"}],"about":[{"href":"https:\/\/www.unioviedo.es\/MGYDIA\/wp-json\/wp\/v2\/types\/page"}],"author":[{"embeddable":true,"href":"https:\/\/www.unioviedo.es\/MGYDIA\/wp-json\/wp\/v2\/users\/1"}],"replies":[{"embeddable":true,"href":"https:\/\/www.unioviedo.es\/MGYDIA\/wp-json\/wp\/v2\/comments?post=143"}],"version-history":[{"count":2,"href":"https:\/\/www.unioviedo.es\/MGYDIA\/wp-json\/wp\/v2\/pages\/143\/revisions"}],"predecessor-version":[{"id":178,"href":"https:\/\/www.unioviedo.es\/MGYDIA\/wp-json\/wp\/v2\/pages\/143\/revisions\/178"}],"up":[{"embeddable":true,"href":"https:\/\/www.unioviedo.es\/MGYDIA\/wp-json\/wp\/v2\/pages\/14"}],"wp:featuredmedia":[{"embeddable":true,"href":"https:\/\/www.unioviedo.es\/MGYDIA\/wp-json\/wp\/v2\/media\/179"}],"wp:attachment":[{"href":"https:\/\/www.unioviedo.es\/MGYDIA\/wp-json\/wp\/v2\/media?parent=143"}],"curies":[{"name":"wp","href":"https:\/\/api.w.org\/{rel}","templated":true}]}}