{"id":170,"date":"2017-09-29T10:37:51","date_gmt":"2017-09-29T08:37:51","guid":{"rendered":"http:\/\/www.unioviedo.es\/ONEO\/?page_id=170"},"modified":"2025-09-11T09:25:31","modified_gmt":"2025-09-11T07:25:31","slug":"legislacion","status":"publish","type":"page","link":"https:\/\/www.unioviedo.es\/ONEO\/index.php\/normativa\/legislacion\/","title":{"rendered":"Legislaci\u00f3n"},"content":{"rendered":"<p><img loading=\"lazy\" decoding=\"async\" class=\"aligncenter wp-image-401\" src=\"http:\/\/www.unioviedo.es\/ONEO\/wp-content\/uploads\/2017\/09\/legislacion-300x218.jpg\" alt=\"\" width=\"180\" height=\"131\" \/><\/p>\n<p><strong><span style=\"color: #0000ff;\">Principios fundamentales<\/span><\/strong><\/p>\n<p style=\"padding-left: 30px;\"><em><strong>1994. <\/strong><\/em><a href=\"http:\/\/www.unioviedo.es\/ONEO\/wp-content\/uploads\/2017\/09\/Declaraci\u00f3n-Salamanca.pdf\">Declaraci\u00f3n de Salamanca y marco de acci\u00f3n para las N.E.E.<\/a><\/p>\n<p style=\"padding-left: 30px;\"><em><strong>2006.<\/strong><\/em> <a href=\"http:\/\/www.un.org\/spanish\/disabilities\/default.asp?navid=13&amp;pid=497\" target=\"_blank\" rel=\"noopener\">Convenci\u00f3n de derechos de las personas con discapacidad<\/a><\/p>\n<p style=\"padding-left: 30px;\"><em><strong>2010.<\/strong>\u00a0<\/em><a href=\"http:\/\/www.unioviedo.es\/ONEO\/wp-content\/uploads\/2017\/09\/Foro-para-la-Inclusi\u00f3n-Educativa-del-Alumnado-con-Discapacidad-y-se-establecen-sus-competencias-estructura-y-r\u00e9gimen-de-funcionamiento.pdf\">Foro para la Inclusi\u00f3n Educativa del Alumnado con Discapacidad y se establecen sus competencias, estructura y r\u00e9gimen de funcionamiento<\/a><\/p>\n<p>&nbsp;<\/p>\n<p><span style=\"color: #0000ff;\"><strong><em>Normativa de referencia en materia de inclusi\u00f3n universitaria<\/em><\/strong><\/span><\/p>\n<p style=\"padding-left: 30px;\"><strong>Ley Org\u00e1nica 4\/2007, de 12 de abril, por la que se modifica la Ley Org\u00e1nica 6\/2001, de 21 de diciembre, de Universidades. (<\/strong><a href=\"https:\/\/www.boe.es\/buscar\/doc.php?id=BOE-A-2007-7786\"><span style=\"color: #0000ff;\">BOE n\u00fam. 89 de 13 abril 2007<\/span><\/a><strong>).\u00a0<\/strong><span style=\"font-size: 1rem;\">Disposici\u00f3n adicional vig\u00e9sima cuarta. De la inclusi\u00f3n de las personas con discapacidad en las universidades.<\/span><\/p>\n<p style=\"padding-left: 30px;\"><strong>Instrumento de Ratificaci\u00f3n de la Convenci\u00f3n sobre los derechos de las personas con discapacidad, hecho en Nueva York el 13 de diciembre de 2006.\u00a0 (<\/strong><span style=\"color: #ff0000;\"><a href=\"https:\/\/www.boe.es\/buscar\/doc.php?id=BOE-A-2008-6963\" target=\"_blank\" rel=\"noopener\"><span style=\"color: #0000ff;\">BOE n\u00fam. 96, de 21 de abril de 2008<\/span><\/a><\/span><strong>).<\/strong><span style=\"font-size: 1rem;\">\u00a0 Art\u00edculo 24. Educaci\u00f3n.<\/span><\/p>\n<p style=\"padding-left: 30px;\"><strong>Real Decreto 1791\/2010, de 30 de diciembre, por el que se aprueba el Estatuto del Estudiante Universitario (<\/strong><a href=\"https:\/\/www.boe.es\/buscar\/doc.php?id=BOE-A-2010-20147\" target=\"_blank\" rel=\"noopener\"><span style=\"color: #0000ff;\">BOE n\u00fam. 318 de 31 de diciembre de 2010<\/span><\/a><strong>).\u00a0<\/strong><span style=\"font-size: 1rem;\">Art\u00edculo 12. Efectividad de los derechos.<\/span><\/p>\n<p style=\"padding-left: 30px;\"><strong>Real Decreto Legislativo 1\/2013, de 29 de noviembre, por el que se aprueba el Texto Refundido de la Ley General de derechos de las personas con discapacidad y de su inclusi\u00f3n social. (<\/strong><a href=\"http:\/\/www.boe.es\/diario_boe\/txt.php?id=BOE-A-2013-12632\" target=\"_blank\" rel=\"noopener\"><span style=\"color: #0000ff;\">BOE n\u00fam. 289 de 3 de diciembre de 2013<\/span><\/a><strong>).\u00a0<\/strong>Cap\u00edtulo IV. Derecho a la educaci\u00f3n<\/p>\n<p>&nbsp;<\/p>\n<p><span style=\"color: #0000ff;\"><em><strong>Referentes en la Universidad de Oviedo<\/strong><\/em><\/span><\/p>\n<p><strong>Decreto 77\/2024, de 5 de diciembre, por el que se aprueban los Estatutos de la Universidad de Oviedo <a href=\"https:\/\/www.boe.es\/eli\/es-as\/d\/2024\/12\/05\/77\">(BOPA n\u00fam. 249 de 26 de diciembre de 2024)<\/a><\/strong><\/p>\n<p><em>Art\u00edculo 8.\u2003La Universidad y una sociedad inclusiva<\/em>.<\/p>\n<p>1.\u2003La Universidad garantizar\u00e1 la igualdad de oportunidades de los miembros de la comunidad universitaria con discapacidad, evitando cualquier forma de discriminaci\u00f3n y adoptando medidas tendentes a asegurar el desempe\u00f1o efectivo de sus respectivas tareas y el pleno ejercicio de sus derechos.<\/p>\n<p>2.\u2003Los miembros con discapacidad de la comunidad universitaria no podr\u00e1n ser discriminados por raz\u00f3n de su discapacidad, ni directa ni indirectamente en el acceso, el ingreso, la permanencia y el ejercicio de los t\u00edtulos acad\u00e9micos y de otra clase que tengan reconocidos.<\/p>\n<p>3.\u2003La Universidad promover\u00e1 acciones para favorecer que todos los miembros de la comunidad universitaria que presenten necesidades especiales o particulares asociadas a la discapacidad dispongan de los medios, apoyos y recursos que aseguren la igualdad real y efectiva de oportunidades en relaci\u00f3n con los dem\u00e1s componentes de la comunidad universitaria.<\/p>\n<p>4.\u2003Los edificios, instalaciones y dependencias de la Universidad, incluidos tambi\u00e9n los espacios virtuales, as\u00ed como los servicios, procedimientos y el suministro de informaci\u00f3n, deber\u00e1n ser accesibles para todas las personas, de forma que no se impida a ning\u00fan miembro de la comunidad universitaria, por raz\u00f3n de discapacidad, el ejercicio de su derecho a ingresar, desplazarse, permanecer, comunicarse, obtener informaci\u00f3n u otros de an\u00e1loga significaci\u00f3n en condiciones reales y efectivas de igualdad. Los entornos universitarios deber\u00e1n ser accesibles de acuerdo con las condiciones y en los plazos legalmente establecidos.<\/p>\n<p>5.\u2003Todos los planes de estudios propuestos por la Universidad deben tener en cuenta que la formaci\u00f3n en cualquier actividad profesional debe realizarse desde el respeto y la promoci\u00f3n de los derechos humanos y los principios de accesibilidad universal y dise\u00f1o para todas las personas.<\/p>\n<p>6.\u2003El estudiantado con discapacidad tendr\u00e1 derecho a la exenci\u00f3n total de precios p\u00fablicos en los estudios conducentes a la obtenci\u00f3n de un t\u00edtulo universitario, de conformidad con la normativa de aplicaci\u00f3n.<\/p>\n<p><strong>Acuerdo de 17 de junio de 2013, del Consejo de Gobierno de la Universidad de Oviedo, por el que se aprueba el texto refundido del Reglamento de evaluaci\u00f3n de los resultados de aprendizaje y las competencias adquiridas por el alumnado. (<\/strong><a href=\"https:\/\/sede.asturias.es\/bopa\/2013\/06\/26\/2013-11835.pdf\" target=\"_blank\" rel=\"noopener\"><span style=\"color: #0000ff;\">BOPA n\u00fam. 147 de 26 de junio de 2013<\/span><\/a><strong>). <\/strong><\/p>\n<p><em>Art\u00edculo 12.\u2014Alumnado con discapacidad o con necesidades espec\u00edficas de apoyo educativo.<\/em><\/p>\n<p style=\"padding-left: 60px;\">La Universidad de Oviedo, a trav\u00e9s de los \u00f3rganos competentes y en coordinaci\u00f3n con los departamentos universitarios y el profesorado, determinar\u00e1 las medidas oportunas que garanticen que el alumnado que tenga acreditada discapacidad o necesidades espec\u00edficas de apoyo educativo pueda realizar las pruebas de evaluaci\u00f3n en las debidas condiciones de igualdad. Estas medidas se tomar\u00e1n de acuerdo con la Oficina de atenci\u00f3n a personas con necesidades espec\u00edficas de la Universidad de Oviedo (ONEO).<\/p>\n<p style=\"padding-left: 60px;\">Sin modificaci\u00f3n de la dificultad exigida al resto del alumnado y, en su caso, atendiendo a las adaptaciones curriculares establecidas, las medidas podr\u00e1n consistir en la adaptaci\u00f3n de los tiempos, la elaboraci\u00f3n de modelos especiales de prueba y la puesta a disposici\u00f3n del estudiante de los medios materiales y humanos, de las asistencias y apoyos y de las ayudas t\u00e9cnicas que precise para la realizaci\u00f3n de las pruebas de evaluaci\u00f3n, as\u00ed como en la garant\u00eda de accesibilidad de la informaci\u00f3n y la comunicaci\u00f3n de los procesos y la del recinto o espacio f\u00edsico donde \u00e9sta se desarrolle.<\/p>\n<p>&nbsp;<\/p>\n","protected":false},"excerpt":{"rendered":"<p>Principios fundamentales 1994. Declaraci\u00f3n de Salamanca y marco de acci\u00f3n para las N.E.E. 2006. Convenci\u00f3n de derechos de las personas con discapacidad 2010.\u00a0Foro para la Inclusi\u00f3n Educativa del Alumnado con Discapacidad y se establecen sus competencias, estructura y r\u00e9gimen de funcionamiento &nbsp; Normativa de referencia en materia de inclusi\u00f3n universitaria Ley Org\u00e1nica 4\/2007, de 12 &hellip; <\/p>\n<p class=\"link-more\"><a href=\"https:\/\/www.unioviedo.es\/ONEO\/index.php\/normativa\/legislacion\/\" class=\"more-link\">Continuar leyendo<span class=\"screen-reader-text\"> \u00abLegislaci\u00f3n\u00bb<\/span><\/a><\/p>\n","protected":false},"author":1,"featured_media":0,"parent":51,"menu_order":0,"comment_status":"closed","ping_status":"closed","template":"","meta":{"footnotes":""},"class_list":["post-170","page","type-page","status-publish","hentry"],"jetpack_sharing_enabled":true,"_links":{"self":[{"href":"https:\/\/www.unioviedo.es\/ONEO\/index.php\/wp-json\/wp\/v2\/pages\/170","targetHints":{"allow":["GET"]}}],"collection":[{"href":"https:\/\/www.unioviedo.es\/ONEO\/index.php\/wp-json\/wp\/v2\/pages"}],"about":[{"href":"https:\/\/www.unioviedo.es\/ONEO\/index.php\/wp-json\/wp\/v2\/types\/page"}],"author":[{"embeddable":true,"href":"https:\/\/www.unioviedo.es\/ONEO\/index.php\/wp-json\/wp\/v2\/users\/1"}],"replies":[{"embeddable":true,"href":"https:\/\/www.unioviedo.es\/ONEO\/index.php\/wp-json\/wp\/v2\/comments?post=170"}],"version-history":[{"count":5,"href":"https:\/\/www.unioviedo.es\/ONEO\/index.php\/wp-json\/wp\/v2\/pages\/170\/revisions"}],"predecessor-version":[{"id":1474,"href":"https:\/\/www.unioviedo.es\/ONEO\/index.php\/wp-json\/wp\/v2\/pages\/170\/revisions\/1474"}],"up":[{"embeddable":true,"href":"https:\/\/www.unioviedo.es\/ONEO\/index.php\/wp-json\/wp\/v2\/pages\/51"}],"wp:attachment":[{"href":"https:\/\/www.unioviedo.es\/ONEO\/index.php\/wp-json\/wp\/v2\/media?parent=170"}],"curies":[{"name":"wp","href":"https:\/\/api.w.org\/{rel}","templated":true}]}}

Legislación

<p><img loading="lazy" decoding="async" class="aligncenter wp-image-401" src="http://www.unioviedo.es/ONEO/wp-content/uploads/2017/09/legislacion-300x218.jpg" alt="" width="180" height="131" /></p>
<p><strong><span style="color: #0000ff;">Principios fundamentales</span></strong></p>
<p style="padding-left: 30px;"><em><strong>1994. </strong></em><a href="http://www.unioviedo.es/ONEO/wp-content/uploads/2017/09/Declaración-Salamanca.pdf">Declaración de Salamanca y marco de acción para las N.E.E.</a></p>
<p style="padding-left: 30px;"><em><strong>2006.</strong></em> <a href="http://www.un.org/spanish/disabilities/default.asp?navid=13&amp;pid=497" target="_blank" rel="noopener">Convención de derechos de las personas con discapacidad</a></p>
<p style="padding-left: 30px;"><em><strong>2010.</strong> </em><a href="http://www.unioviedo.es/ONEO/wp-content/uploads/2017/09/Foro-para-la-Inclusión-Educativa-del-Alumnado-con-Discapacidad-y-se-establecen-sus-competencias-estructura-y-régimen-de-funcionamiento.pdf">Foro para la Inclusión Educativa del Alumnado con Discapacidad y se establecen sus competencias, estructura y régimen de funcionamiento</a></p>
<p>&nbsp;</p>
<p><span style="color: #0000ff;"><strong><em>Normativa de referencia en materia de inclusión universitaria</em></strong></span></p>
<p style="padding-left: 30px;"><strong>Ley Orgánica 4/2007, de 12 de abril, por la que se modifica la Ley Orgánica 6/2001, de 21 de diciembre, de Universidades. (</strong><a href="https://www.boe.es/buscar/doc.php?id=BOE-A-2007-7786"><span style="color: #0000ff;">BOE núm. 89 de 13 abril 2007</span></a><strong>). </strong><span style="font-size: 1rem;">Disposición adicional vigésima cuarta. De la inclusión de las personas con discapacidad en las universidades.</span></p>
<p style="padding-left: 30px;"><strong>Instrumento de Ratificación de la Convención sobre los derechos de las personas con discapacidad, hecho en Nueva York el 13 de diciembre de 2006.  (</strong><span style="color: #ff0000;"><a href="https://www.boe.es/buscar/doc.php?id=BOE-A-2008-6963" target="_blank" rel="noopener"><span style="color: #0000ff;">BOE núm. 96, de 21 de abril de 2008</span></a></span><strong>).</strong><span style="font-size: 1rem;">  Artículo 24. Educación.</span></p>
<p style="padding-left: 30px;"><strong>Real Decreto 1791/2010, de 30 de diciembre, por el que se aprueba el Estatuto del Estudiante Universitario (</strong><a href="https://www.boe.es/buscar/doc.php?id=BOE-A-2010-20147" target="_blank" rel="noopener"><span style="color: #0000ff;">BOE núm. 318 de 31 de diciembre de 2010</span></a><strong>). </strong><span style="font-size: 1rem;">Artículo 12. Efectividad de los derechos.</span></p>
<p style="padding-left: 30px;"><strong>Real Decreto Legislativo 1/2013, de 29 de noviembre, por el que se aprueba el Texto Refundido de la Ley General de derechos de las personas con discapacidad y de su inclusión social. (</strong><a href="http://www.boe.es/diario_boe/txt.php?id=BOE-A-2013-12632" target="_blank" rel="noopener"><span style="color: #0000ff;">BOE núm. 289 de 3 de diciembre de 2013</span></a><strong>). </strong>Capítulo IV. Derecho a la educación</p>
<p>&nbsp;</p>
<p><span style="color: #0000ff;"><em><strong>Referentes en la Universidad de Oviedo</strong></em></span></p>
<p><strong>Decreto 77/2024, de 5 de diciembre, por el que se aprueban los Estatutos de la Universidad de Oviedo <a href="https://www.boe.es/eli/es-as/d/2024/12/05/77">(BOPA núm. 249 de 26 de diciembre de 2024)</a></strong></p>
<p><em>Artículo 8. La Universidad y una sociedad inclusiva</em>.</p>
<p>1. La Universidad garantizará la igualdad de oportunidades de los miembros de la comunidad universitaria con discapacidad, evitando cualquier forma de discriminación y adoptando medidas tendentes a asegurar el desempeño efectivo de sus respectivas tareas y el pleno ejercicio de sus derechos.</p>
<p>2. Los miembros con discapacidad de la comunidad universitaria no podrán ser discriminados por razón de su discapacidad, ni directa ni indirectamente en el acceso, el ingreso, la permanencia y el ejercicio de los títulos académicos y de otra clase que tengan reconocidos.</p>
<p>3. La Universidad promoverá acciones para favorecer que todos los miembros de la comunidad universitaria que presenten necesidades especiales o particulares asociadas a la discapacidad dispongan de los medios, apoyos y recursos que aseguren la igualdad real y efectiva de oportunidades en relación con los demás componentes de la comunidad universitaria.</p>
<p>4. Los edificios, instalaciones y dependencias de la Universidad, incluidos también los espacios virtuales, así como los servicios, procedimientos y el suministro de información, deberán ser accesibles para todas las personas, de forma que no se impida a ningún miembro de la comunidad universitaria, por razón de discapacidad, el ejercicio de su derecho a ingresar, desplazarse, permanecer, comunicarse, obtener información u otros de análoga significación en condiciones reales y efectivas de igualdad. Los entornos universitarios deberán ser accesibles de acuerdo con las condiciones y en los plazos legalmente establecidos.</p>
<p>5. Todos los planes de estudios propuestos por la Universidad deben tener en cuenta que la formación en cualquier actividad profesional debe realizarse desde el respeto y la promoción de los derechos humanos y los principios de accesibilidad universal y diseño para todas las personas.</p>
<p>6. El estudiantado con discapacidad tendrá derecho a la exención total de precios públicos en los estudios conducentes a la obtención de un título universitario, de conformidad con la normativa de aplicación.</p>
<p><strong>Acuerdo de 17 de junio de 2013, del Consejo de Gobierno de la Universidad de Oviedo, por el que se aprueba el texto refundido del Reglamento de evaluación de los resultados de aprendizaje y las competencias adquiridas por el alumnado. (</strong><a href="https://sede.asturias.es/bopa/2013/06/26/2013-11835.pdf" target="_blank" rel="noopener"><span style="color: #0000ff;">BOPA núm. 147 de 26 de junio de 2013</span></a><strong>). </strong></p>
<p><em>Artículo 12.—Alumnado con discapacidad o con necesidades específicas de apoyo educativo.</em></p>
<p style="padding-left: 60px;">La Universidad de Oviedo, a través de los órganos competentes y en coordinación con los departamentos universitarios y el profesorado, determinará las medidas oportunas que garanticen que el alumnado que tenga acreditada discapacidad o necesidades específicas de apoyo educativo pueda realizar las pruebas de evaluación en las debidas condiciones de igualdad. Estas medidas se tomarán de acuerdo con la Oficina de atención a personas con necesidades específicas de la Universidad de Oviedo (ONEO).</p>
<p style="padding-left: 60px;">Sin modificación de la dificultad exigida al resto del alumnado y, en su caso, atendiendo a las adaptaciones curriculares establecidas, las medidas podrán consistir en la adaptación de los tiempos, la elaboración de modelos especiales de prueba y la puesta a disposición del estudiante de los medios materiales y humanos, de las asistencias y apoyos y de las ayudas técnicas que precise para la realización de las pruebas de evaluación, así como en la garantía de accesibilidad de la información y la comunicación de los procesos y la del recinto o espacio físico donde ésta se desarrolle.</p>
<p>&nbsp;</p>

<p>Principios fundamentales 1994. Declaración de Salamanca y marco de acción para las N.E.E. 2006. Convención de derechos de las personas con discapacidad 2010. Foro para la Inclusión Educativa del Alumnado con Discapacidad y se establecen sus competencias, estructura y régimen de funcionamiento &nbsp; Normativa de referencia en materia de inclusión universitaria Ley Orgánica 4/2007, de 12 &hellip; </p>
<p class="link-more"><a href="https://www.unioviedo.es/ONEO/index.php/normativa/legislacion/" class="more-link">Continuar leyendo<span class="screen-reader-text"> «Legislación»</span></a></p>
