{"id":176,"date":"2017-09-29T10:39:56","date_gmt":"2017-09-29T08:39:56","guid":{"rendered":"http:\/\/www.unioviedo.es\/ONEO\/?page_id=176"},"modified":"2022-03-18T14:15:11","modified_gmt":"2022-03-18T13:15:11","slug":"formacion-y-sensibilizacion-2","status":"publish","type":"page","link":"https:\/\/www.unioviedo.es\/ONEO\/index.php\/que-hacemos\/formacion-y-sensibilizacion-2\/","title":{"rendered":"Formaci\u00f3n y sensibilizaci\u00f3n"},"content":{"rendered":"<p>La ONEO en colaboraci\u00f3n con entidades externas a la Universidad con las que trabaja habitualmente (ver apartado \u00ab<em><a href=\"https:\/\/www.unioviedo.es\/ONEO\/index.php\/colaboran\/\">Colaboran<\/a><\/em>\u00ab) organiza actividades de formaci\u00f3n y sensibilizaci\u00f3n para toda la comunidad universitaria y la sociedad asturiana en general. Adem\u00e1s en colaboraci\u00f3n con diferentes Servicios y Unidades de la Universidad de Oviedo, se plantean actividades formativas:<\/p>\n<ul>\n<li><strong><em>Instituto de Investigaci\u00f3n e Innovaci\u00f3n Educativa<\/em><\/strong> (INIE) : para el personal docente e investigador<\/li>\n<li><em><strong>Espacio Solidario<\/strong><\/em>: para el estudiantado<\/li>\n<\/ul>\n<hr \/>\n<p>\u00a0<\/p>\n<p><a href=\"http:\/\/www.uniovi.es\/vida\/solidario\" target=\"_blank\" rel=\"noopener\"><img loading=\"lazy\" decoding=\"async\" class=\"alignleft wp-image-515\" src=\"http:\/\/www.unioviedo.es\/ONEO\/wp-content\/uploads\/2017\/09\/LOGO-FINAL-01-300x154.jpg\" alt=\"Logo Espacio Solidario\" width=\"150\" height=\"77\" srcset=\"https:\/\/www.unioviedo.es\/ONEO\/wp-content\/uploads\/2017\/09\/LOGO-FINAL-01-300x154.jpg 300w, https:\/\/www.unioviedo.es\/ONEO\/wp-content\/uploads\/2017\/09\/LOGO-FINAL-01-768x394.jpg 768w, https:\/\/www.unioviedo.es\/ONEO\/wp-content\/uploads\/2017\/09\/LOGO-FINAL-01-1024x525.jpg 1024w, https:\/\/www.unioviedo.es\/ONEO\/wp-content\/uploads\/2017\/09\/LOGO-FINAL-01.jpg 1086w\" sizes=\"auto, (max-width: 150px) 100vw, 150px\" \/><\/a><\/p>\n<p>El compromiso de la Universidad de Oviedo con la sociedad llega a todos los \u00e1mbitos y es especialmente estrecho con aquellos colectivos m\u00e1s desfavorecidos. Por ello el Espacio Solidario de la instituci\u00f3n acad\u00e9mica impulsa m\u00faltiples iniciativas para que la formaci\u00f3n estrictamente acad\u00e9mica se vea complementada por una educaci\u00f3n en valores c\u00edvicos, solidarios y de igualdad.<\/p>\n<p>\u00a0<\/p>\n<p><a href=\"https:\/\/inie.uniovi.es\/\"><img loading=\"lazy\" decoding=\"async\" class=\"wp-image-343 alignleft\" src=\"http:\/\/www.unioviedo.es\/ONEO\/wp-content\/uploads\/2017\/09\/logoInieColor-300x291.png\" alt=\"Logo del INIE\" width=\"150\" height=\"146\" srcset=\"https:\/\/www.unioviedo.es\/ONEO\/wp-content\/uploads\/2017\/09\/logoInieColor-300x291.png 300w, https:\/\/www.unioviedo.es\/ONEO\/wp-content\/uploads\/2017\/09\/logoInieColor.png 600w\" sizes=\"auto, (max-width: 150px) 100vw, 150px\" \/><\/a>El INIE se presenta a la\u00a0comunidad universitaria y a la sociedad\u00a0como un\u00a0Ecosistema de Investigaci\u00f3n, de Formaci\u00f3n y de\u00a0Innovaci\u00f3n Educativa con\u00a0car\u00e1cter transversal, interdisciplinar\u00a0e interinstitucional.\u00a0El INIE pretende\u00a0integrar las culturas acad\u00e9mica, empresarial, pol\u00edtica y social-ciudadana\u00a0para dar respuesta a las demandas que van emergiendo en el proceso de convergencia y construcci\u00f3n del Espacio\u00a0Europeo de Educaci\u00f3n Superior;\u00a0la mejora de la Educaci\u00f3n desde la Innovaci\u00f3n; la generaci\u00f3n de conocimiento desde la Investigaci\u00f3n y la gesti\u00f3n del cambio desde la Mejora continua.<\/p>\n<p>\u00a0<\/p>\n<p>\u00a0<\/p>\n\n\n<p><\/p>\n","protected":false},"excerpt":{"rendered":"<p>La ONEO en colaboraci\u00f3n con entidades externas a la Universidad con las que trabaja habitualmente (ver apartado \u00abColaboran\u00ab) organiza actividades de formaci\u00f3n y sensibilizaci\u00f3n para toda la comunidad universitaria y la sociedad asturiana en general. Adem\u00e1s en colaboraci\u00f3n con diferentes Servicios y Unidades de la Universidad de Oviedo, se plantean actividades formativas: Instituto de Investigaci\u00f3n &hellip; <\/p>\n<p class=\"link-more\"><a href=\"https:\/\/www.unioviedo.es\/ONEO\/index.php\/que-hacemos\/formacion-y-sensibilizacion-2\/\" class=\"more-link\">Continuar leyendo<span class=\"screen-reader-text\"> \u00abFormaci\u00f3n y sensibilizaci\u00f3n\u00bb<\/span><\/a><\/p>\n","protected":false},"author":1,"featured_media":0,"parent":132,"menu_order":0,"comment_status":"closed","ping_status":"closed","template":"","meta":{"footnotes":""},"class_list":["post-176","page","type-page","status-publish","hentry"],"jetpack_sharing_enabled":true,"_links":{"self":[{"href":"https:\/\/www.unioviedo.es\/ONEO\/index.php\/wp-json\/wp\/v2\/pages\/176","targetHints":{"allow":["GET"]}}],"collection":[{"href":"https:\/\/www.unioviedo.es\/ONEO\/index.php\/wp-json\/wp\/v2\/pages"}],"about":[{"href":"https:\/\/www.unioviedo.es\/ONEO\/index.php\/wp-json\/wp\/v2\/types\/page"}],"author":[{"embeddable":true,"href":"https:\/\/www.unioviedo.es\/ONEO\/index.php\/wp-json\/wp\/v2\/users\/1"}],"replies":[{"embeddable":true,"href":"https:\/\/www.unioviedo.es\/ONEO\/index.php\/wp-json\/wp\/v2\/comments?post=176"}],"version-history":[{"count":9,"href":"https:\/\/www.unioviedo.es\/ONEO\/index.php\/wp-json\/wp\/v2\/pages\/176\/revisions"}],"predecessor-version":[{"id":1028,"href":"https:\/\/www.unioviedo.es\/ONEO\/index.php\/wp-json\/wp\/v2\/pages\/176\/revisions\/1028"}],"up":[{"embeddable":true,"href":"https:\/\/www.unioviedo.es\/ONEO\/index.php\/wp-json\/wp\/v2\/pages\/132"}],"wp:attachment":[{"href":"https:\/\/www.unioviedo.es\/ONEO\/index.php\/wp-json\/wp\/v2\/media?parent=176"}],"curies":[{"name":"wp","href":"https:\/\/api.w.org\/{rel}","templated":true}]}}

Formación y sensibilización

<p>La ONEO en colaboración con entidades externas a la Universidad con las que trabaja habitualmente (ver apartado «<em><a href="https://www.unioviedo.es/ONEO/index.php/colaboran/">Colaboran</a></em>«) organiza actividades de formación y sensibilización para toda la comunidad universitaria y la sociedad asturiana en general. Además en colaboración con diferentes Servicios y Unidades de la Universidad de Oviedo, se plantean actividades formativas:</p>
<ul>
<li><strong><em>Instituto de Investigación e Innovación Educativa</em></strong> (INIE) : para el personal docente e investigador</li>
<li><em><strong>Espacio Solidario</strong></em>: para el estudiantado</li>
</ul>
<hr />
<p> </p>
<p><a href="http://www.uniovi.es/vida/solidario" target="_blank" rel="noopener"><img loading="lazy" decoding="async" class="alignleft wp-image-515" src="http://www.unioviedo.es/ONEO/wp-content/uploads/2017/09/LOGO-FINAL-01-300x154.jpg" alt="Logo Espacio Solidario" width="150" height="77" srcset="https://www.unioviedo.es/ONEO/wp-content/uploads/2017/09/LOGO-FINAL-01-300x154.jpg 300w, https://www.unioviedo.es/ONEO/wp-content/uploads/2017/09/LOGO-FINAL-01-768x394.jpg 768w, https://www.unioviedo.es/ONEO/wp-content/uploads/2017/09/LOGO-FINAL-01-1024x525.jpg 1024w, https://www.unioviedo.es/ONEO/wp-content/uploads/2017/09/LOGO-FINAL-01.jpg 1086w" sizes="auto, (max-width: 150px) 100vw, 150px" /></a></p>
<p>El compromiso de la Universidad de Oviedo con la sociedad llega a todos los ámbitos y es especialmente estrecho con aquellos colectivos más desfavorecidos. Por ello el Espacio Solidario de la institución académica impulsa múltiples iniciativas para que la formación estrictamente académica se vea complementada por una educación en valores cívicos, solidarios y de igualdad.</p>
<p> </p>
<p><a href="https://inie.uniovi.es/"><img loading="lazy" decoding="async" class="wp-image-343 alignleft" src="http://www.unioviedo.es/ONEO/wp-content/uploads/2017/09/logoInieColor-300x291.png" alt="Logo del INIE" width="150" height="146" srcset="https://www.unioviedo.es/ONEO/wp-content/uploads/2017/09/logoInieColor-300x291.png 300w, https://www.unioviedo.es/ONEO/wp-content/uploads/2017/09/logoInieColor.png 600w" sizes="auto, (max-width: 150px) 100vw, 150px" /></a>El INIE se presenta a la comunidad universitaria y a la sociedad como un Ecosistema de Investigación, de Formación y de Innovación Educativa con carácter transversal, interdisciplinar e interinstitucional. El INIE pretende integrar las culturas académica, empresarial, política y social-ciudadana para dar respuesta a las demandas que van emergiendo en el proceso de convergencia y construcción del Espacio Europeo de Educación Superior; la mejora de la Educación desde la Innovación; la generación de conocimiento desde la Investigación y la gestión del cambio desde la Mejora continua.</p>
<p> </p>
<p> </p>


<p></p>

<p>La ONEO en colaboración con entidades externas a la Universidad con las que trabaja habitualmente (ver apartado «Colaboran«) organiza actividades de formación y sensibilización para toda la comunidad universitaria y la sociedad asturiana en general. Además en colaboración con diferentes Servicios y Unidades de la Universidad de Oviedo, se plantean actividades formativas: Instituto de Investigación &hellip; </p>
<p class="link-more"><a href="https://www.unioviedo.es/ONEO/index.php/que-hacemos/formacion-y-sensibilizacion-2/" class="more-link">Continuar leyendo<span class="screen-reader-text"> «Formación y sensibilización»</span></a></p>
