{"id":178,"date":"2017-09-29T10:40:32","date_gmt":"2017-09-29T08:40:32","guid":{"rendered":"http:\/\/www.unioviedo.es\/ONEO\/?page_id=178"},"modified":"2024-06-19T11:32:08","modified_gmt":"2024-06-19T09:32:08","slug":"orientacion-laboral","status":"publish","type":"page","link":"https:\/\/www.unioviedo.es\/ONEO\/index.php\/que-hacemos\/orientacion-laboral\/","title":{"rendered":"Orientaci\u00f3n laboral"},"content":{"rendered":"<p><img loading=\"lazy\" decoding=\"async\" class=\"aligncenter wp-image-382\" src=\"http:\/\/www.unioviedo.es\/ONEO\/wp-content\/uploads\/2017\/09\/orientaci\u00f3n-laboral-300x151.jpg\" alt=\"orientaci\u00f3n laboral\" width=\"200\" height=\"101\" srcset=\"https:\/\/www.unioviedo.es\/ONEO\/wp-content\/uploads\/2017\/09\/orientaci\u00f3n-laboral-300x151.jpg 300w, https:\/\/www.unioviedo.es\/ONEO\/wp-content\/uploads\/2017\/09\/orientaci\u00f3n-laboral-768x388.jpg 768w, https:\/\/www.unioviedo.es\/ONEO\/wp-content\/uploads\/2017\/09\/orientaci\u00f3n-laboral-1024x517.jpg 1024w\" sizes=\"auto, (max-width: 200px) 100vw, 200px\" \/><\/p>\n<p><a href=\"http:\/\/www.uniovi.es\/recursos\/laboral\" target=\"_blank\" rel=\"noopener\"><span style=\"color: #0000ff;\"><em><strong>Orientaci\u00f3n Laboral\u00a0<\/strong><\/em><\/span><\/a><\/p>\n<div id=\"descripcion\">\n<p>La Universidad de Oviedo apoya al estudiantado con m\u00faltiples recursos de asesoramiento y orientaci\u00f3n laboral, en todos sus centros, con el fin de informarles sobre las salidas laborales de sus estudios, un primer paso, fundamental en su camino hacia las pr\u00e1cticas y el empleo.<\/p>\n<\/div>\n<div id=\"contenido\" class=\"portlet-column portlet-column-first\">\n<div id=\"layout-column_column-1\" class=\"portlet-dropzone portlet-column-content portlet-column-content-first\">\n<div id=\"p_p_id_56_INSTANCE_XK1i9Al0AVf9_\" class=\"portlet-boundary portlet-boundary_56_ portlet-static portlet-static-end portlet-borderless portlet-journal-content \">\n<p><span style=\"font-size: 1rem;\">Conocer en qu\u00e9 \u00e1mbito las personas reci\u00e9n tituladas pueden desarrollar mejor su profesi\u00f3n y qu\u00e9 puede ofrecer a las empresas es el primer paso antes de iniciar la b\u00fasqueda de empleo. La Universidad de Oviedo ofrece una completa informaci\u00f3n y asesoramiento al estudiantado que est\u00e1 a punto de concluir sus estudios o acaban de finalizarlos. Adem\u00e1s, les facilita estrategias y herramientas para que su b\u00fasqueda de empleo sea eficiente.<\/span><\/p>\n<div class=\"portlet-body\">\n<div class=\"portlet-borderless-container\">\n<div class=\"portlet-body\">\n<div id=\"article_10154_31582_242028_3.4\" class=\"journal-content-article\">\n<p>Los\/as orientadores\/as laborales disponen de puntos de informaci\u00f3n en los campus de Oviedo, Gij\u00f3n y Mieres. Asesoran sobre estrategias a seguir para la elaboraci\u00f3n de un curr\u00edculo, c\u00f3mo preparar una entrevista, las competencias profesionales de cada candidato o las fuentes donde buscar ofertas de trabajo.\u00a0<a style=\"font-size: 1rem;\" href=\"http:\/\/www.uniovi.es\/recursos\/laboral\" target=\"_blank\" rel=\"noopener\"><em>Leer M\u00e1s<\/em><\/a><\/p>\n<p><img loading=\"lazy\" decoding=\"async\" class=\"wp-image-941  alignnone\" src=\"http:\/\/www.unioviedo.es\/ONEO\/wp-content\/uploads\/2021\/11\/Transfer-y-rel.-Empresa2.png\" alt=\"\" width=\"553\" height=\"25\" srcset=\"https:\/\/www.unioviedo.es\/ONEO\/wp-content\/uploads\/2021\/11\/Transfer-y-rel.-Empresa2.png 930w, https:\/\/www.unioviedo.es\/ONEO\/wp-content\/uploads\/2021\/11\/Transfer-y-rel.-Empresa2-300x14.png 300w, https:\/\/www.unioviedo.es\/ONEO\/wp-content\/uploads\/2021\/11\/Transfer-y-rel.-Empresa2-768x35.png 768w\" sizes=\"auto, (max-width: 553px) 100vw, 553px\" \/><\/p>\n<\/div>\n<\/div>\n<\/div>\n<\/div>\n<\/div>\n<\/div>\n<\/div>\n<p style=\"text-align: left;\"><a href=\"https:\/\/empresa.uniovi.es\/empleabilidad\/agencia\" target=\"_blank\" rel=\"noopener\"><span style=\"color: #0000ff;\"><em><strong>Agencia de colocaci\u00f3n de la Universidad de Oviedo<\/strong><\/em><\/span><\/a><\/p>\n<p>La Agencia de Colocaci\u00f3n de la Universidad de Oviedo es una Agencia autorizada de acuerdo con el RD 1796\/2010 por el Servicio P\u00fablico de Empleo del Principado de Asturias, mediante Resoluci\u00f3n de 21 de diciembre de 2011, \u00a0y, como tal, ha de estar abierta a cualquier persona que quiera utilizar sus servicios, sea o no universitario\/a, aunque bien es cierto que la mayor parte de las empresas se dirigen a ella buscando titulados\/as en las disciplinas que oferta nuestra universidad.<\/p>\n<p>La Agencia de Colocaci\u00f3n, autorizada por el Servicio P\u00fablico de Empleo del Principado de Asturias con el n\u00famero 03-00000003, \u00a0presta sus servicios de intermediaci\u00f3n laboral de forma totalmente gratuita, tanto para las empresas, como para demandantes de empleo. <a href=\"https:\/\/empleo.uniovi.es\/\" target=\"_blank\" rel=\"noopener\"><em>Leer M\u00e1s<\/em><\/a><\/p>\n<p><a href=\"http:\/\/www.funiovi.org\/estudiantes\" target=\"_blank\" rel=\"noopener\"><img loading=\"lazy\" decoding=\"async\" class=\"alignnone wp-image-494 size-medium\" src=\"http:\/\/www.unioviedo.es\/ONEO\/wp-content\/uploads\/2017\/09\/Imgagen-FUO-300x50.png\" alt=\"Logo de la Fundaci\u00f3n Universidad de Oviedo\" width=\"300\" height=\"50\" srcset=\"https:\/\/www.unioviedo.es\/ONEO\/wp-content\/uploads\/2017\/09\/Imgagen-FUO-300x50.png 300w, https:\/\/www.unioviedo.es\/ONEO\/wp-content\/uploads\/2017\/09\/Imgagen-FUO-768x129.png 768w, https:\/\/www.unioviedo.es\/ONEO\/wp-content\/uploads\/2017\/09\/Imgagen-FUO.png 898w\" sizes=\"auto, (max-width: 300px) 100vw, 300px\" \/><\/a><\/p>\n<p><em><a href=\"http:\/\/www.funiovi.org\/estudiantes\" target=\"_blank\" rel=\"noopener\"><span style=\"color: #0000ff;\"><strong>Fundaci\u00f3n Universidad de Oviedo<\/strong><\/span><\/a><\/em><\/p>\n<p>La Fundaci\u00f3n Universidad de Oviedo (FUO) es una instituci\u00f3n sin \u00e1nimo de lucro cuya misi\u00f3n consiste en dinamizar las relaciones entre el capital humano de la Universidad de Oviedo y el tejido empresarial, para su mejor puesta al servicio del desarrollo econ\u00f3mico e innovaci\u00f3n social.<\/p>\n<p>Si eres estudiante o reci\u00e9n titulado\/a de la Universidad de Oviedo, la Fundaci\u00f3n puede ayudarte a ampliar tu formaci\u00f3n pr\u00e1ctica, facilitar tu inserci\u00f3n laboral en empresas e instituciones y brindarte oportunidades para que mejores tu empleabilidad.\u00a0 <a href=\"http:\/\/www.funiovi.org\/estudiantes\" target=\"_blank\" rel=\"noopener\"><em>Leer m\u00e1s<\/em><\/a><\/p>\n","protected":false},"excerpt":{"rendered":"<p>Orientaci\u00f3n Laboral\u00a0 La Universidad de Oviedo apoya al estudiantado con m\u00faltiples recursos de asesoramiento y orientaci\u00f3n laboral, en todos sus centros, con el fin de informarles sobre las salidas laborales de sus estudios, un primer paso, fundamental en su camino hacia las pr\u00e1cticas y el empleo. Conocer en qu\u00e9 \u00e1mbito las personas reci\u00e9n tituladas pueden &hellip; <\/p>\n<p class=\"link-more\"><a href=\"https:\/\/www.unioviedo.es\/ONEO\/index.php\/que-hacemos\/orientacion-laboral\/\" class=\"more-link\">Continuar leyendo<span class=\"screen-reader-text\"> \u00abOrientaci\u00f3n laboral\u00bb<\/span><\/a><\/p>\n","protected":false},"author":1,"featured_media":0,"parent":132,"menu_order":0,"comment_status":"closed","ping_status":"closed","template":"","meta":{"footnotes":""},"class_list":["post-178","page","type-page","status-publish","hentry"],"jetpack_sharing_enabled":true,"_links":{"self":[{"href":"https:\/\/www.unioviedo.es\/ONEO\/index.php\/wp-json\/wp\/v2\/pages\/178","targetHints":{"allow":["GET"]}}],"collection":[{"href":"https:\/\/www.unioviedo.es\/ONEO\/index.php\/wp-json\/wp\/v2\/pages"}],"about":[{"href":"https:\/\/www.unioviedo.es\/ONEO\/index.php\/wp-json\/wp\/v2\/types\/page"}],"author":[{"embeddable":true,"href":"https:\/\/www.unioviedo.es\/ONEO\/index.php\/wp-json\/wp\/v2\/users\/1"}],"replies":[{"embeddable":true,"href":"https:\/\/www.unioviedo.es\/ONEO\/index.php\/wp-json\/wp\/v2\/comments?post=178"}],"version-history":[{"count":12,"href":"https:\/\/www.unioviedo.es\/ONEO\/index.php\/wp-json\/wp\/v2\/pages\/178\/revisions"}],"predecessor-version":[{"id":1320,"href":"https:\/\/www.unioviedo.es\/ONEO\/index.php\/wp-json\/wp\/v2\/pages\/178\/revisions\/1320"}],"up":[{"embeddable":true,"href":"https:\/\/www.unioviedo.es\/ONEO\/index.php\/wp-json\/wp\/v2\/pages\/132"}],"wp:attachment":[{"href":"https:\/\/www.unioviedo.es\/ONEO\/index.php\/wp-json\/wp\/v2\/media?parent=178"}],"curies":[{"name":"wp","href":"https:\/\/api.w.org\/{rel}","templated":true}]}}