{"id":4,"date":"2017-01-27T18:01:56","date_gmt":"2017-01-27T18:01:56","guid":{"rendered":"http:\/\/www.unioviedo.es\/ONEO\/?page_id=4"},"modified":"2025-06-25T12:38:17","modified_gmt":"2025-06-25T10:38:17","slug":"inicio","status":"publish","type":"page","link":"https:\/\/www.unioviedo.es\/ONEO\/","title":{"rendered":"Inicio"},"content":{"rendered":"<p><img loading=\"lazy\" decoding=\"async\" class=\"alignnone wp-image-1317 size-full\" src=\"http:\/\/www.unioviedo.es\/ONEO\/wp-content\/uploads\/2024\/06\/Encabezado-ONEO.png\" alt=\"\" width=\"680\" height=\"123\" srcset=\"https:\/\/www.unioviedo.es\/ONEO\/wp-content\/uploads\/2024\/06\/Encabezado-ONEO.png 680w, https:\/\/www.unioviedo.es\/ONEO\/wp-content\/uploads\/2024\/06\/Encabezado-ONEO-300x54.png 300w\" sizes=\"auto, (max-width: 680px) 100vw, 680px\" \/><\/p>\n<p>La Universidad de Oviedo, de acuerdo a la normativa vigente y por convicci\u00f3n institucional y de compromiso social, tiene una apuesta clara por garantizar la igualdad de oportunidades de cualquier miembro de loa Comunidad Universitaria, especialmente las y los estudiantes con discapacidad y cualquier otra necesidad espec\u00edfica y para ello viene adoptando medidas de acci\u00f3n positiva tendentes a asegurar su participaci\u00f3n plena y efectiva en el \u00e1mbito universitario.<\/p>\n<p>Este trabajo se realiza en dos vertientes complementarias: mejorando paulatinamente la accesibilidad de las instalaciones y servicios universitarios desde muy diversas perspectivas y ofreciendo recursos para hacerla realidad de manera global.<\/p>\n<p>Dentro de estos recursos se encuentra, de manera destacada, la <span style=\"color: #0000ff;\"><strong>Oficina de Atenci\u00f3n a Personas con Necesidades Espec\u00edficas<\/strong><\/span> de la Universidad de Oviedo, <span style=\"color: #0000ff;\"><strong><em>ONEO<\/em><\/strong><\/span>, creada en el a\u00f1o 2010 y que depende del <a href=\"https:\/\/www.uniovi.es\/gobiernoservicios\/gobierno\/vicerrectorados\/estudiantes\"><span style=\"color: #0000ff;\"><strong><em>Vicerrectorado de Estudiantes y Empleabilidad<\/em><\/strong><\/span>.<\/a><\/p>\n\n\n<p><\/p>\n","protected":false},"excerpt":{"rendered":"<p>La Universidad de Oviedo, de acuerdo a la normativa vigente y por convicci\u00f3n institucional y de compromiso social, tiene una apuesta clara por garantizar la igualdad de oportunidades de cualquier miembro de loa Comunidad Universitaria, especialmente las y los estudiantes con discapacidad y cualquier otra necesidad espec\u00edfica y para ello viene adoptando medidas de acci\u00f3n &hellip; <\/p>\n<p class=\"link-more\"><a href=\"https:\/\/www.unioviedo.es\/ONEO\/\" class=\"more-link\">Continuar leyendo<span class=\"screen-reader-text\"> \u00abInicio\u00bb<\/span><\/a><\/p>\n","protected":false},"author":1,"featured_media":29,"parent":0,"menu_order":0,"comment_status":"closed","ping_status":"closed","template":"","meta":{"footnotes":""},"class_list":["post-4","page","type-page","status-publish","has-post-thumbnail","hentry"],"jetpack_sharing_enabled":true,"_links":{"self":[{"href":"https:\/\/www.unioviedo.es\/ONEO\/index.php\/wp-json\/wp\/v2\/pages\/4","targetHints":{"allow":["GET"]}}],"collection":[{"href":"https:\/\/www.unioviedo.es\/ONEO\/index.php\/wp-json\/wp\/v2\/pages"}],"about":[{"href":"https:\/\/www.unioviedo.es\/ONEO\/index.php\/wp-json\/wp\/v2\/types\/page"}],"author":[{"embeddable":true,"href":"https:\/\/www.unioviedo.es\/ONEO\/index.php\/wp-json\/wp\/v2\/users\/1"}],"replies":[{"embeddable":true,"href":"https:\/\/www.unioviedo.es\/ONEO\/index.php\/wp-json\/wp\/v2\/comments?post=4"}],"version-history":[{"count":33,"href":"https:\/\/www.unioviedo.es\/ONEO\/index.php\/wp-json\/wp\/v2\/pages\/4\/revisions"}],"predecessor-version":[{"id":1431,"href":"https:\/\/www.unioviedo.es\/ONEO\/index.php\/wp-json\/wp\/v2\/pages\/4\/revisions\/1431"}],"wp:featuredmedia":[{"embeddable":true,"href":"https:\/\/www.unioviedo.es\/ONEO\/index.php\/wp-json\/wp\/v2\/media\/29"}],"wp:attachment":[{"href":"https:\/\/www.unioviedo.es\/ONEO\/index.php\/wp-json\/wp\/v2\/media?parent=4"}],"curies":[{"name":"wp","href":"https:\/\/api.w.org\/{rel}","templated":true}]}}

<p><img loading="lazy" decoding="async" class="alignnone wp-image-1317 size-full" src="http://www.unioviedo.es/ONEO/wp-content/uploads/2024/06/Encabezado-ONEO.png" alt="" width="680" height="123" srcset="https://www.unioviedo.es/ONEO/wp-content/uploads/2024/06/Encabezado-ONEO.png 680w, https://www.unioviedo.es/ONEO/wp-content/uploads/2024/06/Encabezado-ONEO-300x54.png 300w" sizes="auto, (max-width: 680px) 100vw, 680px" /></p>
<p>La Universidad de Oviedo, de acuerdo a la normativa vigente y por convicción institucional y de compromiso social, tiene una apuesta clara por garantizar la igualdad de oportunidades de cualquier miembro de loa Comunidad Universitaria, especialmente las y los estudiantes con discapacidad y cualquier otra necesidad específica y para ello viene adoptando medidas de acción positiva tendentes a asegurar su participación plena y efectiva en el ámbito universitario.</p>
<p>Este trabajo se realiza en dos vertientes complementarias: mejorando paulatinamente la accesibilidad de las instalaciones y servicios universitarios desde muy diversas perspectivas y ofreciendo recursos para hacerla realidad de manera global.</p>
<p>Dentro de estos recursos se encuentra, de manera destacada, la <span style="color: #0000ff;"><strong>Oficina de Atención a Personas con Necesidades Específicas</strong></span> de la Universidad de Oviedo, <span style="color: #0000ff;"><strong><em>ONEO</em></strong></span>, creada en el año 2010 y que depende del <a href="https://www.uniovi.es/gobiernoservicios/gobierno/vicerrectorados/estudiantes"><span style="color: #0000ff;"><strong><em>Vicerrectorado de Estudiantes y Empleabilidad</em></strong></span>.</a></p>


<p></p>

<p>La Universidad de Oviedo, de acuerdo a la normativa vigente y por convicción institucional y de compromiso social, tiene una apuesta clara por garantizar la igualdad de oportunidades de cualquier miembro de loa Comunidad Universitaria, especialmente las y los estudiantes con discapacidad y cualquier otra necesidad específica y para ello viene adoptando medidas de acción &hellip; </p>
<p class="link-more"><a href="https://www.unioviedo.es/ONEO/" class="more-link">Continuar leyendo<span class="screen-reader-text"> «Inicio»</span></a></p>
