{"id":5,"date":"2017-01-27T18:01:56","date_gmt":"2017-01-27T18:01:56","guid":{"rendered":"http:\/\/www.unioviedo.es\/ONEO\/?page_id=5"},"modified":"2024-06-19T11:30:44","modified_gmt":"2024-06-19T09:30:44","slug":"acerca-de","status":"publish","type":"page","link":"https:\/\/www.unioviedo.es\/ONEO\/index.php\/acerca-de\/","title":{"rendered":"Qui\u00e9nes somos"},"content":{"rendered":"<p>La ONEO se concibe como un servicio de ayuda y apoyo a la Comunidad Universitaria y, de manera especial, al alumnado con necesidades espec\u00edficas para facilitarle el acceso, la inclusi\u00f3n y la participaci\u00f3n en los diversos \u00e1mbitos acad\u00e9micos, culturales, deportivos<\/p>\n<p>Desde la ONEO tambi\u00e9n se colabora, orienta y apoya al profesorado para la prevenci\u00f3n de dificultades en el proceso de ense\u00f1anza-aprendizaje derivadas de necesidades espec\u00edficas, asesorando sobre la implementaci\u00f3n de mejoras en la pr\u00e1ctica docente y participando en la formaci\u00f3n del personal de la Universidad.<\/p>\n<p>ONEO depende org\u00e1nicamente del\u00a0 Vicerrectorado de Estudiantes y Empleabilidad.<\/p>\n","protected":false},"excerpt":{"rendered":"<p>La ONEO se concibe como un servicio de ayuda y apoyo a la Comunidad Universitaria y, de manera especial, al alumnado con necesidades espec\u00edficas para facilitarle el acceso, la inclusi\u00f3n y la participaci\u00f3n en los diversos \u00e1mbitos acad\u00e9micos, culturales, deportivos Desde la ONEO tambi\u00e9n se colabora, orienta y apoya al profesorado para la prevenci\u00f3n de &hellip; <\/p>\n<p class=\"link-more\"><a href=\"https:\/\/www.unioviedo.es\/ONEO\/index.php\/acerca-de\/\" class=\"more-link\">Continuar leyendo<span class=\"screen-reader-text\"> \u00abQui\u00e9nes somos\u00bb<\/span><\/a><\/p>\n","protected":false},"author":1,"featured_media":0,"parent":0,"menu_order":0,"comment_status":"closed","ping_status":"closed","template":"","meta":{"footnotes":""},"class_list":["post-5","page","type-page","status-publish","hentry"],"jetpack_sharing_enabled":true,"_links":{"self":[{"href":"https:\/\/www.unioviedo.es\/ONEO\/index.php\/wp-json\/wp\/v2\/pages\/5","targetHints":{"allow":["GET"]}}],"collection":[{"href":"https:\/\/www.unioviedo.es\/ONEO\/index.php\/wp-json\/wp\/v2\/pages"}],"about":[{"href":"https:\/\/www.unioviedo.es\/ONEO\/index.php\/wp-json\/wp\/v2\/types\/page"}],"author":[{"embeddable":true,"href":"https:\/\/www.unioviedo.es\/ONEO\/index.php\/wp-json\/wp\/v2\/users\/1"}],"replies":[{"embeddable":true,"href":"https:\/\/www.unioviedo.es\/ONEO\/index.php\/wp-json\/wp\/v2\/comments?post=5"}],"version-history":[{"count":13,"href":"https:\/\/www.unioviedo.es\/ONEO\/index.php\/wp-json\/wp\/v2\/pages\/5\/revisions"}],"predecessor-version":[{"id":1319,"href":"https:\/\/www.unioviedo.es\/ONEO\/index.php\/wp-json\/wp\/v2\/pages\/5\/revisions\/1319"}],"wp:attachment":[{"href":"https:\/\/www.unioviedo.es\/ONEO\/index.php\/wp-json\/wp\/v2\/media?parent=5"}],"curies":[{"name":"wp","href":"https:\/\/api.w.org\/{rel}","templated":true}]}}