{"id":53,"date":"2017-01-30T13:26:21","date_gmt":"2017-01-30T13:26:21","guid":{"rendered":"http:\/\/www.unioviedo.es\/ONEO\/?page_id=53"},"modified":"2022-07-18T11:10:38","modified_gmt":"2022-07-18T09:10:38","slug":"enlaces","status":"publish","type":"page","link":"https:\/\/www.unioviedo.es\/ONEO\/index.php\/enlaces\/","title":{"rendered":"Enlaces"},"content":{"rendered":"<p><img loading=\"lazy\" decoding=\"async\" class=\"aligncenter wp-image-404\" src=\"http:\/\/www.unioviedo.es\/ONEO\/wp-content\/uploads\/2017\/01\/Logo-enlaces.jpg\" alt=\"\" width=\"180\" height=\"180\" srcset=\"https:\/\/www.unioviedo.es\/ONEO\/wp-content\/uploads\/2017\/01\/Logo-enlaces.jpg 225w, https:\/\/www.unioviedo.es\/ONEO\/wp-content\/uploads\/2017\/01\/Logo-enlaces-150x150.jpg 150w, https:\/\/www.unioviedo.es\/ONEO\/wp-content\/uploads\/2017\/01\/Logo-enlaces-100x100.jpg 100w\" sizes=\"auto, (max-width: 180px) 100vw, 180px\" \/><\/p>\n<p>A continuaci\u00f3n se muestran algunos <span style=\"color: #0000ff;\"><em><strong>enlaces de inter\u00e9s<\/strong> <\/em><\/span>para quien desee ampliar informaci\u00f3n vinculada a las actuaciones de la ONEO. Para cualquier consulta adicional, se aconseja <em><a href=\"https:\/\/www.unioviedo.es\/ONEO\/index.php\/contacto\/\" target=\"_blank\" rel=\"noopener\">contactar personalmente con la Oficina<\/a><\/em>.<\/p>\n<p><a href=\"https:\/\/www.educacionyfp.gob.es\/portada.html\" target=\"_blank\" rel=\"noopener\"><img loading=\"lazy\" decoding=\"async\" class=\"alignleft wp-image-1182\" src=\"http:\/\/www.unioviedo.es\/ONEO\/wp-content\/uploads\/2022\/07\/dgbdghshhsweh.jpg\" alt=\"\" width=\"206\" height=\"70\" \/><\/a><\/p>\n<p><a href=\"http:\/\/www.fundacionuniversia.net\/\" target=\"_blank\" rel=\"noopener\"><img loading=\"lazy\" decoding=\"async\" class=\"wp-image-232 alignleft\" src=\"http:\/\/www.unioviedo.es\/ONEO\/wp-content\/uploads\/2017\/02\/Logo_154590-300x146.jpg\" alt=\"Logo Fundaci\u00f3n Universia\" width=\"150\" height=\"73\" srcset=\"https:\/\/www.unioviedo.es\/ONEO\/wp-content\/uploads\/2017\/02\/Logo_154590-300x146.jpg 300w, https:\/\/www.unioviedo.es\/ONEO\/wp-content\/uploads\/2017\/02\/Logo_154590-768x374.jpg 768w, https:\/\/www.unioviedo.es\/ONEO\/wp-content\/uploads\/2017\/02\/Logo_154590-1024x499.jpg 1024w, https:\/\/www.unioviedo.es\/ONEO\/wp-content\/uploads\/2017\/02\/Logo_154590.jpg 1500w\" sizes=\"auto, (max-width: 150px) 100vw, 150px\" \/><\/a><\/p>\n<p><a href=\"http:\/\/www.cermi.es\/\" target=\"_blank\" rel=\"noopener\"><img loading=\"lazy\" decoding=\"async\" class=\"wp-image-408 alignleft\" src=\"http:\/\/www.unioviedo.es\/ONEO\/wp-content\/uploads\/2017\/01\/Logo-CERMI-300x247.jpg\" alt=\"\" width=\"150\" height=\"124\" srcset=\"https:\/\/www.unioviedo.es\/ONEO\/wp-content\/uploads\/2017\/01\/Logo-CERMI-300x247.jpg 300w, https:\/\/www.unioviedo.es\/ONEO\/wp-content\/uploads\/2017\/01\/Logo-CERMI-768x633.jpg 768w, https:\/\/www.unioviedo.es\/ONEO\/wp-content\/uploads\/2017\/01\/Logo-CERMI.jpg 870w\" sizes=\"auto, (max-width: 150px) 100vw, 150px\" \/><\/a><\/p>\n<p><a href=\"http:\/\/www.fundaciononce.es\/\" target=\"_blank\" rel=\"noopener\"><img loading=\"lazy\" decoding=\"async\" class=\"wp-image-210 alignleft\" src=\"http:\/\/www.unioviedo.es\/ONEO\/wp-content\/uploads\/2017\/02\/06.-Fundaci\u00f3n-ONCE-300x94.jpg\" alt=\"Logo Fundaci\u00f3n ONCE\" width=\"150\" height=\"47\" srcset=\"https:\/\/www.unioviedo.es\/ONEO\/wp-content\/uploads\/2017\/02\/06.-Fundaci\u00f3n-ONCE-300x94.jpg 300w, https:\/\/www.unioviedo.es\/ONEO\/wp-content\/uploads\/2017\/02\/06.-Fundaci\u00f3n-ONCE-768x240.jpg 768w, https:\/\/www.unioviedo.es\/ONEO\/wp-content\/uploads\/2017\/02\/06.-Fundaci\u00f3n-ONCE-1024x320.jpg 1024w, https:\/\/www.unioviedo.es\/ONEO\/wp-content\/uploads\/2017\/02\/06.-Fundaci\u00f3n-ONCE.jpg 1200w\" sizes=\"auto, (max-width: 150px) 100vw, 150px\" \/><\/a><\/p>\n<p><a href=\"http:\/\/guiauniversitaria.fundaciononce.es\/\" target=\"_blank\" rel=\"noopener\"><img loading=\"lazy\" decoding=\"async\" class=\"wp-image-412 alignleft\" src=\"http:\/\/www.unioviedo.es\/ONEO\/wp-content\/uploads\/2017\/01\/logo-Gu\u00eda-OK.png\" alt=\"\" width=\"150\" height=\"36\" \/><\/a><\/p>\n<p><a href=\"https:\/\/www.uniovi.es\/recursos\/coie\" target=\"_blank\" rel=\"noopener\"><img loading=\"lazy\" decoding=\"async\" class=\"alignleft wp-image-409\" src=\"http:\/\/www.unioviedo.es\/ONEO\/wp-content\/uploads\/2017\/01\/Logo-COIE-300x215.png\" alt=\"\" width=\"150\" height=\"107\" srcset=\"https:\/\/www.unioviedo.es\/ONEO\/wp-content\/uploads\/2017\/01\/Logo-COIE-300x215.png 300w, https:\/\/www.unioviedo.es\/ONEO\/wp-content\/uploads\/2017\/01\/Logo-COIE.png 397w\" sizes=\"auto, (max-width: 150px) 100vw, 150px\" \/><\/a><\/p>\n","protected":false},"excerpt":{"rendered":"<p>A continuaci\u00f3n se muestran algunos enlaces de inter\u00e9s para quien desee ampliar informaci\u00f3n vinculada a las actuaciones de la ONEO. Para cualquier consulta adicional, se aconseja contactar personalmente con la Oficina.<\/p>\n","protected":false},"author":1,"featured_media":0,"parent":0,"menu_order":0,"comment_status":"closed","ping_status":"closed","template":"","meta":{"footnotes":""},"class_list":["post-53","page","type-page","status-publish","hentry"],"jetpack_sharing_enabled":true,"_links":{"self":[{"href":"https:\/\/www.unioviedo.es\/ONEO\/index.php\/wp-json\/wp\/v2\/pages\/53","targetHints":{"allow":["GET"]}}],"collection":[{"href":"https:\/\/www.unioviedo.es\/ONEO\/index.php\/wp-json\/wp\/v2\/pages"}],"about":[{"href":"https:\/\/www.unioviedo.es\/ONEO\/index.php\/wp-json\/wp\/v2\/types\/page"}],"author":[{"embeddable":true,"href":"https:\/\/www.unioviedo.es\/ONEO\/index.php\/wp-json\/wp\/v2\/users\/1"}],"replies":[{"embeddable":true,"href":"https:\/\/www.unioviedo.es\/ONEO\/index.php\/wp-json\/wp\/v2\/comments?post=53"}],"version-history":[{"count":15,"href":"https:\/\/www.unioviedo.es\/ONEO\/index.php\/wp-json\/wp\/v2\/pages\/53\/revisions"}],"predecessor-version":[{"id":1183,"href":"https:\/\/www.unioviedo.es\/ONEO\/index.php\/wp-json\/wp\/v2\/pages\/53\/revisions\/1183"}],"wp:attachment":[{"href":"https:\/\/www.unioviedo.es\/ONEO\/index.php\/wp-json\/wp\/v2\/media?parent=53"}],"curies":[{"name":"wp","href":"https:\/\/api.w.org\/{rel}","templated":true}]}}