{"id":64,"date":"2017-01-30T13:41:35","date_gmt":"2017-01-30T13:41:35","guid":{"rendered":"http:\/\/www.unioviedo.es\/ONEO\/?page_id=64"},"modified":"2026-03-10T14:18:34","modified_gmt":"2026-03-10T13:18:34","slug":"encuentros-diversidad","status":"publish","type":"page","link":"https:\/\/www.unioviedo.es\/ONEO\/index.php\/acerca-de\/encuentros-diversidad\/","title":{"rendered":"Encuentros por la Diversidad"},"content":{"rendered":"<div class=\"wp-block-image\">\n<figure class=\"aligncenter\"><img loading=\"lazy\" decoding=\"async\" width=\"227\" height=\"300\" src=\"http:\/\/www.unioviedo.es\/ONEO\/wp-content\/uploads\/2017\/01\/Logo-Encuentro-227x300.png\" alt=\"Logo Encuentro\" class=\"wp-image-363\" srcset=\"https:\/\/www.unioviedo.es\/ONEO\/wp-content\/uploads\/2017\/01\/Logo-Encuentro-227x300.png 227w, https:\/\/www.unioviedo.es\/ONEO\/wp-content\/uploads\/2017\/01\/Logo-Encuentro.png 266w\" sizes=\"auto, (max-width: 227px) 100vw, 227px\" \/><\/figure>\n<\/div>\n\n\n<p><\/p>\n\n\n\n<p>Este encuentro, cuya edici\u00f3n tuvo lugar en diciembre de 2016, tiene un car\u00e1cter institucional y tambi\u00e9n de compromiso social. Se trata de un acto para dar la bienvenida a todo el alumnado que voluntariamente ha manifestado diversas situaciones personales en su proceso de matr\u00edcula vinculadas con discapacidad o necesidades espec\u00edficas. Se hace coincidir con la conmemoraci\u00f3n del <em>D\u00eda internacional de las personas con discapacidad<\/em> (3 de diciembre).<\/p>\n\n\n\n<p>Al igual que se realiza con otros colectivos (estudiantes Erasmus, de nuevo ingreso, participantes en aulas de extensi\u00f3n universitaria, etc.), consideramos que un encuentro entre estudiantes que tienen en com\u00fan diferentes situaciones espec\u00edficas y formas de afrontar la universidad, permite reconocer en los dem\u00e1s, realidades similares que en ocasiones se consideran \u00fanicas; conocer y compartir experiencias de \u00e9xito; estrategias para superar los obst\u00e1culos; generar v\u00ednculos y relaci\u00f3n entre iguales; en definitiva, potenciar al m\u00e1ximo la vida universitaria y promover la participaci\u00f3n de todas y todos en ella.<\/p>\n\n\n\n<p>Se trata, por tanto, de promover la <em>alteridad<\/em> que implica ponerse en el lugar de ese&nbsp;\u201cotro\u201d u \u201cotra\u201d, alternando la perspectiva propia con la ajena; una muestra de inter\u00e9s y voluntad por comprender y entender; por conocerse y reconocerse en los dem\u00e1s desde el fomento de la colaboraci\u00f3n y la relaci\u00f3n personal.<\/p>\n\n\n\n<p>Con estos encuentros, adem\u00e1s, se pretende generar un espacio de relaci\u00f3n y conocimiento mutuo entre todas las personas usuarias o vinculadas a la ONEO y los\/as estudiantes con realidades diferentes, pero sin necesidad de ning\u00fan apoyo educativo espec\u00edfico o extra, as\u00ed como la presentaci\u00f3n de las autoridades acad\u00e9micas, pol\u00edticas y el personal t\u00e9cnico que juntos, de forma corresponsable, hacen posible el reto de construir una universidad m\u00e1s inclusiva, m\u00e1s comprometida socialmente con la diversidad.<\/p>\n\n\n\n<p><strong><em><a href=\"http:\/\/www.unioviedo.es\/ONEO\/wp-content\/uploads\/2017\/01\/Cartel-Encuentro-2016.pdf\">Cartel I Encuentro 2016<\/a>&nbsp; &nbsp;\/ &nbsp;&nbsp;<\/em><\/strong><em><strong><a href=\"http:\/\/www.unioviedo.es\/ONEO\/wp-content\/uploads\/2017\/01\/Programa-Encuentro-2016.pdf\">Programa I Encuentro 2016<\/a><\/strong><\/em><\/p>\n\n\n\n<p><a href=\"https:\/\/www.unioviedo.es\/ONEO\/index.php\/acerca-de\/encuentros-diversidad\/\"><em><strong>Cartel II Encuentro 2017<\/strong><\/em><\/a>&nbsp; &nbsp;\/&nbsp; &nbsp;<strong><em><a href=\"http:\/\/www.unioviedo.es\/ONEO\/wp-content\/uploads\/2017\/01\/Programa-II-Encuentro-2017.pdf\">Programa II Encuentro 2017<\/a><\/em><\/strong><\/p>\n\n\n\n<p><a href=\"https:\/\/www.unioviedo.es\/ONEO\/wp-content\/uploads\/2021\/11\/CARTEL-III-Encuentro-2018.pdf\"><em><strong>Cartel III Encuentro 2018<\/strong><\/em><\/a>&nbsp; &nbsp;\/&nbsp; &nbsp;<strong><em><a href=\"https:\/\/www.unioviedo.es\/ONEO\/wp-content\/uploads\/2021\/11\/Programa-III-Encuentro-2018.pdf\">Programa III Encuentro 2018<\/a><\/em><\/strong><\/p>\n\n\n\n<p><a href=\"https:\/\/www.unioviedo.es\/ONEO\/wp-content\/uploads\/2021\/11\/CARTEL-IV-Encuentro-2019.pdf\"><em><strong>Cartel IV Encuentro 2019<\/strong><\/em><\/a>&nbsp; &nbsp;\/&nbsp; &nbsp;<strong><em><a href=\"https:\/\/www.unioviedo.es\/ONEO\/wp-content\/uploads\/2021\/11\/Programa-IV-Encuentro-2019.pdf\">Programa IV Encuentro 2019<\/a><\/em><\/strong><\/p>\n\n\n\n<p><a href=\"http:\/\/www.lne.es\/asturias\/2017\/12\/02\/universitarios-capaces\/2202717.html\"><em>Noticia en La Nueva Espa\u00f1a&nbsp; &nbsp;<\/em><\/a>\/&nbsp; &nbsp;<em><a href=\"http:\/\/www.elcomercio.es\/asturias\/angeles-guarda-universitarios-20171202001554-ntvo.html\">Noticia en El Comercio&nbsp;<\/a><\/em><\/p>\n\n\n\n<p><span style=\"color: #000000;\"><em><strong><a href=\"https:\/\/www.uniovi.es\/documents\/39158\/9890886\/2024-11-27-V-Encuentro-2024-WEB.jpg\/fbfca966-d6bd-d2bd-475e-a1b6f5b50a02?t=1732778605760\" data-type=\"link\" data-id=\"https:\/\/www.uniovi.es\/documents\/39158\/9890886\/2024-11-27-V-Encuentro-2024-WEB.jpg\/fbfca966-d6bd-d2bd-475e-a1b6f5b50a02?t=1732778605760\">Cartel V Encuentro 2024<\/a><\/strong><\/em>&nbsp; &nbsp;<\/span>  <\/p>\n\n\n\n<p><strong><a href=\"http:\/\/www.unioviedo.es\/ONEO\/wp-content\/uploads\/2025\/11\/cartel-jornada-uo-4-d-diciembre-1.png\" data-type=\"link\" data-id=\"http:\/\/www.unioviedo.es\/ONEO\/wp-content\/uploads\/2025\/11\/cartel-jornada-uo-4-d-diciembre-1.png\">Cartel VI Encuentro 2025<\/a> \/ <a href=\"http:\/\/www.unioviedo.es\/ONEO\/wp-content\/uploads\/2025\/11\/programa-jornada-1.png\" data-type=\"link\" data-id=\"http:\/\/www.unioviedo.es\/ONEO\/wp-content\/uploads\/2025\/11\/programa-jornada-1.png\">Programa VI Encuentro<\/a><\/strong><\/p>\n\n\n\n<p><\/p>\n\n\n\n<h6 class=\"wp-block-heading has-text-align-left\">Carteles y programas<\/h6>\n\n\n\n<div data-wp-interactive=\"core\/file\" class=\"wp-block-file\"><object data-wp-bind--hidden=\"!state.hasPdfPreview\" hidden class=\"wp-block-file__embed\" data=\"https:\/\/www.unioviedo.es\/ONEO\/wp-content\/uploads\/2024\/12\/DIPTICO-III-Encuentro-diversidad-2018.pdf\" type=\"application\/pdf\" style=\"width:100%;height:600px\" aria-label=\"Incrustado de Programa-III-Encuentro-diversidad-2018.\"><\/object><a id=\"wp-block-file--media-dce02bbc-3045-40f6-88a4-e1ac2ab872a8\" href=\"https:\/\/www.unioviedo.es\/ONEO\/wp-content\/uploads\/2024\/12\/DIPTICO-III-Encuentro-diversidad-2018.pdf\">Programa-III-Encuentro-diversidad-2018<\/a><a href=\"https:\/\/www.unioviedo.es\/ONEO\/wp-content\/uploads\/2024\/12\/DIPTICO-III-Encuentro-diversidad-2018.pdf\" class=\"wp-block-file__button wp-element-button\" download aria-describedby=\"wp-block-file--media-dce02bbc-3045-40f6-88a4-e1ac2ab872a8\">Descarga<\/a><\/div>\n\n\n\n<div data-wp-interactive=\"core\/file\" class=\"wp-block-file\"><object data-wp-bind--hidden=\"!state.hasPdfPreview\" hidden class=\"wp-block-file__embed\" data=\"https:\/\/www.unioviedo.es\/ONEO\/wp-content\/uploads\/2021\/11\/CARTEL-III-Encuentro-2018.pdf\" type=\"application\/pdf\" style=\"width:100%;height:600px\" aria-label=\"Incrustado de CARTEL-III-Encuentro-2018.\"><\/object><a href=\"https:\/\/www.unioviedo.es\/ONEO\/wp-content\/uploads\/2021\/11\/CARTEL-III-Encuentro-2018.pdf\">CARTEL-III-Encuentro-2018<\/a><a href=\"https:\/\/www.unioviedo.es\/ONEO\/wp-content\/uploads\/2021\/11\/CARTEL-III-Encuentro-2018.pdf\" class=\"wp-block-file__button wp-element-button\" download>Descarga<\/a><\/div>\n\n\n\n<div data-wp-interactive=\"core\/file\" class=\"wp-block-file\"><object data-wp-bind--hidden=\"!state.hasPdfPreview\" hidden class=\"wp-block-file__embed\" data=\"https:\/\/www.unioviedo.es\/ONEO\/wp-content\/uploads\/2021\/11\/Programa-III-Encuentro-2018.pdf\" type=\"application\/pdf\" style=\"width:100%;height:600px\" aria-label=\"Incrustado de Programa-IV-Encuentro-2019.\"><\/object><a href=\"https:\/\/www.unioviedo.es\/ONEO\/wp-content\/uploads\/2021\/11\/Programa-III-Encuentro-2018.pdf\">Programa-IV-Encuentro-2019<\/a><a href=\"https:\/\/www.unioviedo.es\/ONEO\/wp-content\/uploads\/2021\/11\/Programa-III-Encuentro-2018.pdf\" class=\"wp-block-file__button wp-element-button\" download>Descarga<\/a><\/div>\n\n\n\n<div data-wp-interactive=\"core\/file\" class=\"wp-block-file\"><object data-wp-bind--hidden=\"!state.hasPdfPreview\" hidden class=\"wp-block-file__embed\" data=\"https:\/\/www.unioviedo.es\/ONEO\/wp-content\/uploads\/2021\/11\/CARTEL-IV-Encuentro-2019.pdf\" type=\"application\/pdf\" style=\"width:100%;height:600px\" aria-label=\"Incrustado de CARTEL-IV-Encuentro-2019.\"><\/object><a href=\"https:\/\/www.unioviedo.es\/ONEO\/wp-content\/uploads\/2021\/11\/CARTEL-IV-Encuentro-2019.pdf\">CARTEL-IV-Encuentro-2019<\/a><a href=\"https:\/\/www.unioviedo.es\/ONEO\/wp-content\/uploads\/2021\/11\/CARTEL-IV-Encuentro-2019.pdf\" class=\"wp-block-file__button wp-element-button\" download>Descarga<\/a><\/div>\n\n\n\n<div data-wp-interactive=\"core\/file\" class=\"wp-block-file\"><object data-wp-bind--hidden=\"!state.hasPdfPreview\" hidden class=\"wp-block-file__embed\" data=\"https:\/\/www.unioviedo.es\/ONEO\/wp-content\/uploads\/2021\/11\/Programa-IV-Encuentro-2019.pdf\" type=\"application\/pdf\" style=\"width:100%;height:600px\" aria-label=\"Incrustado de Programa-IV-Encuentro-2019.\"><\/object><a href=\"https:\/\/www.unioviedo.es\/ONEO\/wp-content\/uploads\/2021\/11\/Programa-IV-Encuentro-2019.pdf\">Programa-IV-Encuentro-2019<\/a><a href=\"https:\/\/www.unioviedo.es\/ONEO\/wp-content\/uploads\/2021\/11\/Programa-IV-Encuentro-2019.pdf\" class=\"wp-block-file__button wp-element-button\" download>Descarga<\/a><\/div>\n\n\n\n<p><\/p>\n\n\n\n<figure class=\"wp-block-gallery has-nested-images columns-default is-cropped wp-block-gallery-1 is-layout-flex wp-block-gallery-is-layout-flex\">\n<figure class=\"wp-block-image size-large\"><img loading=\"lazy\" decoding=\"async\" width=\"727\" height=\"1024\" data-id=\"1407\" src=\"https:\/\/www.unioviedo.es\/ONEO\/wp-content\/uploads\/2024\/12\/2024-11-27-V-Encuentro-2024-WEB-1-2-727x1024.jpg\" alt=\"\" class=\"wp-image-1407\" srcset=\"https:\/\/www.unioviedo.es\/ONEO\/wp-content\/uploads\/2024\/12\/2024-11-27-V-Encuentro-2024-WEB-1-2-727x1024.jpg 727w, https:\/\/www.unioviedo.es\/ONEO\/wp-content\/uploads\/2024\/12\/2024-11-27-V-Encuentro-2024-WEB-1-2-213x300.jpg 213w, https:\/\/www.unioviedo.es\/ONEO\/wp-content\/uploads\/2024\/12\/2024-11-27-V-Encuentro-2024-WEB-1-2-768x1082.jpg 768w, https:\/\/www.unioviedo.es\/ONEO\/wp-content\/uploads\/2024\/12\/2024-11-27-V-Encuentro-2024-WEB-1-2.jpg 853w\" sizes=\"auto, (max-width: 727px) 100vw, 727px\" \/><\/figure>\n<\/figure>\n\n\n\n<p class=\"has-small-font-size\">Cartel -V-Encuentro-2024<\/p>\n","protected":false},"excerpt":{"rendered":"<p>Este encuentro, cuya edici\u00f3n tuvo lugar en diciembre de 2016, tiene un car\u00e1cter institucional y tambi\u00e9n de compromiso social. Se trata de un acto para dar la bienvenida a todo el alumnado que voluntariamente ha manifestado diversas situaciones personales en su proceso de matr\u00edcula vinculadas con discapacidad o necesidades espec\u00edficas. Se hace coincidir con la &hellip; <\/p>\n<p class=\"link-more\"><a href=\"https:\/\/www.unioviedo.es\/ONEO\/index.php\/acerca-de\/encuentros-diversidad\/\" class=\"more-link\">Continuar leyendo<span class=\"screen-reader-text\"> \u00abEncuentros por la Diversidad\u00bb<\/span><\/a><\/p>\n","protected":false},"author":1,"featured_media":0,"parent":5,"menu_order":0,"comment_status":"closed","ping_status":"closed","template":"","meta":{"footnotes":""},"class_list":["post-64","page","type-page","status-publish","hentry"],"jetpack_sharing_enabled":true,"_links":{"self":[{"href":"https:\/\/www.unioviedo.es\/ONEO\/index.php\/wp-json\/wp\/v2\/pages\/64","targetHints":{"allow":["GET"]}}],"collection":[{"href":"https:\/\/www.unioviedo.es\/ONEO\/index.php\/wp-json\/wp\/v2\/pages"}],"about":[{"href":"https:\/\/www.unioviedo.es\/ONEO\/index.php\/wp-json\/wp\/v2\/types\/page"}],"author":[{"embeddable":true,"href":"https:\/\/www.unioviedo.es\/ONEO\/index.php\/wp-json\/wp\/v2\/users\/1"}],"replies":[{"embeddable":true,"href":"https:\/\/www.unioviedo.es\/ONEO\/index.php\/wp-json\/wp\/v2\/comments?post=64"}],"version-history":[{"count":31,"href":"https:\/\/www.unioviedo.es\/ONEO\/index.php\/wp-json\/wp\/v2\/pages\/64\/revisions"}],"predecessor-version":[{"id":1521,"href":"https:\/\/www.unioviedo.es\/ONEO\/index.php\/wp-json\/wp\/v2\/pages\/64\/revisions\/1521"}],"up":[{"embeddable":true,"href":"https:\/\/www.unioviedo.es\/ONEO\/index.php\/wp-json\/wp\/v2\/pages\/5"}],"wp:attachment":[{"href":"https:\/\/www.unioviedo.es\/ONEO\/index.php\/wp-json\/wp\/v2\/media?parent=64"}],"curies":[{"name":"wp","href":"https:\/\/api.w.org\/{rel}","templated":true}]}}