{"id":186,"date":"2019-04-07T12:25:25","date_gmt":"2019-04-07T10:25:25","guid":{"rendered":"http:\/\/www.unioviedo.es\/RUEI\/?page_id=186"},"modified":"2024-03-08T15:51:15","modified_gmt":"2024-03-08T14:51:15","slug":"retinde","status":"publish","type":"page","link":"https:\/\/www.unioviedo.es\/RUEI\/index.php\/retinde\/","title":{"rendered":"RETINDE"},"content":{"rendered":"\n<p>La RUEI es una entidad fundadora de la <a rel=\"noreferrer noopener\" href=\"http:\/\/www.retinde.es\/\" target=\"_blank\"><strong><em>RETINDE, la Red Transdisciplinar de Investigaci\u00f3n Educativa<\/em><\/strong><\/a>.&nbsp; <br>RETINDE es una red de asociaciones y sociedades cient\u00edficas en educaci\u00f3n y de redes de grupos de investigaci\u00f3n educativa&nbsp; y cuyos objetivos son: <\/p>\n\n\n\n<ol class=\"wp-block-list\"><li>Contribuir a la mejora de la investigaci\u00f3n educativa y su impacto en la sociedad, la pr\u00e1ctica educativa y el conocimiento cient\u00edfico.<\/li><li>Favorecer la vinculaci\u00f3n de la investigaci\u00f3n con la acci\u00f3n de los profesionales y la pr\u00e1ctica educativa.<\/li><li>Fomentar la presencia de la investigaci\u00f3n educativa en la sociedad.<\/li><li>Convertirse en un interlocutor reconocido ante las administraciones y la sociedad.<\/li><li>Promover la colaboraci\u00f3n entre las asociaciones, sociedades y redes vinculadas y de RETINDE con otras externas e internacionales\u2019.&nbsp;<\/li><li>Impulsar la proyecci\u00f3n internacional de la investigaci\u00f3n educativa.<\/li><\/ol>\n\n\n\n<div class=\"wp-block-image\"><figure class=\"aligncenter is-resized\"><a href=\"https:\/\/www.retinde.es\/\" target=\"_blank\" rel=\"noreferrer noopener\"><img loading=\"lazy\" decoding=\"async\" src=\"http:\/\/www.unioviedo.es\/RUEI\/wp-content\/uploads\/2019\/04\/Logo-retinde-1024x396.png\" alt=\"\" class=\"wp-image-183\" width=\"444\" height=\"171\" srcset=\"https:\/\/www.unioviedo.es\/RUEI\/wp-content\/uploads\/2019\/04\/Logo-retinde-1024x396.png 1024w, https:\/\/www.unioviedo.es\/RUEI\/wp-content\/uploads\/2019\/04\/Logo-retinde-300x116.png 300w, https:\/\/www.unioviedo.es\/RUEI\/wp-content\/uploads\/2019\/04\/Logo-retinde-768x297.png 768w, https:\/\/www.unioviedo.es\/RUEI\/wp-content\/uploads\/2019\/04\/Logo-retinde-1600x618.png 1600w\" sizes=\"auto, (max-width: 444px) 100vw, 444px\" \/><\/a><\/figure><\/div>\n\n\n\n<div class=\"wp-block-button aligncenter\"><a class=\"wp-block-button__link has-text-color has-very-dark-gray-color has-background has-luminous-vivid-orange-background-color\" href=\"http:\/\/www.retinde.es\/\">Enlace a la web de RETINDE<\/a><\/div>\n","protected":false},"excerpt":{"rendered":"<p>La RUEI es una entidad fundadora de la RETINDE, la Red Transdisciplinar de Investigaci\u00f3n Educativa.&nbsp; RETINDE es una red de&hellip;<\/p>\n","protected":false},"author":1,"featured_media":0,"parent":0,"menu_order":0,"comment_status":"closed","ping_status":"closed","template":"","meta":{"footnotes":""},"class_list":["post-186","page","type-page","status-publish","hentry"],"_links":{"self":[{"href":"https:\/\/www.unioviedo.es\/RUEI\/index.php\/wp-json\/wp\/v2\/pages\/186","targetHints":{"allow":["GET"]}}],"collection":[{"href":"https:\/\/www.unioviedo.es\/RUEI\/index.php\/wp-json\/wp\/v2\/pages"}],"about":[{"href":"https:\/\/www.unioviedo.es\/RUEI\/index.php\/wp-json\/wp\/v2\/types\/page"}],"author":[{"embeddable":true,"href":"https:\/\/www.unioviedo.es\/RUEI\/index.php\/wp-json\/wp\/v2\/users\/1"}],"replies":[{"embeddable":true,"href":"https:\/\/www.unioviedo.es\/RUEI\/index.php\/wp-json\/wp\/v2\/comments?post=186"}],"version-history":[{"count":8,"href":"https:\/\/www.unioviedo.es\/RUEI\/index.php\/wp-json\/wp\/v2\/pages\/186\/revisions"}],"predecessor-version":[{"id":1105,"href":"https:\/\/www.unioviedo.es\/RUEI\/index.php\/wp-json\/wp\/v2\/pages\/186\/revisions\/1105"}],"wp:attachment":[{"href":"https:\/\/www.unioviedo.es\/RUEI\/index.php\/wp-json\/wp\/v2\/media?parent=186"}],"curies":[{"name":"wp","href":"https:\/\/api.w.org\/{rel}","templated":true}]}}