{"id":51,"date":"2017-01-30T13:26:09","date_gmt":"2017-01-30T12:26:09","guid":{"rendered":"http:\/\/www.unioviedo.es\/RUEI\/?page_id=51"},"modified":"2019-04-16T10:07:01","modified_gmt":"2019-04-16T08:07:01","slug":"publicaciones","status":"publish","type":"page","link":"https:\/\/www.unioviedo.es\/RUEI\/index.php\/publicaciones\/","title":{"rendered":"Publicaciones"},"content":{"rendered":"\n<p>La publicaci\u00f3n principal que tiene la RUEI es la Revista de Educaci\u00f3n Inclusiva.    <br>La <strong><em><a rel=\"noreferrer noopener\" aria-label=\"Revista de Educaci\u00f3n Inclusiva (abre en una nueva pesta\u00f1a)\" href=\"http:\/\/www.revistaeducacioninclusiva.es\/index.php\/REI\" target=\"_blank\">Revista de Educaci\u00f3n Inclusiva<\/a><\/em><\/strong>, continuaci\u00f3n de la antigua Revista de Educaci\u00f3n Especial, nace con la ilusi\u00f3n de difundir el trabajo riguroso, las investigaciones de calidad y las ideas de aquellos autores cuyo tema de estudio es la inclusi\u00f3n.&nbsp;  <br>Desde su origen y hasta el a\u00f1o 2016, la revista ha publicado &nbsp;tres vol\u00famenes al a\u00f1o. Desde el a\u00f1o 2017 y por acuerdo del consejo editorial, la revista tendr\u00e1 una periodicidad BIANUAL (dos n\u00fameros al a\u00f1o: Junio y Diciembre).<\/p>\n\n\n\n<div class=\"wp-block-image\"><figure class=\"aligncenter is-resized\"><img loading=\"lazy\" decoding=\"async\" src=\"https:\/\/www.unioviedo.es\/RUEI\/wp-content\/uploads\/2019\/04\/Logo-REI-1.png\" alt=\"\" class=\"wp-image-178\" width=\"449\" height=\"261\" srcset=\"https:\/\/www.unioviedo.es\/RUEI\/wp-content\/uploads\/2019\/04\/Logo-REI-1.png 565w, https:\/\/www.unioviedo.es\/RUEI\/wp-content\/uploads\/2019\/04\/Logo-REI-1-300x175.png 300w\" sizes=\"auto, (max-width: 449px) 100vw, 449px\" \/><figcaption><a rel=\"noreferrer noopener\" aria-label=\"http:\/\/www.revistaeducacioninclusiva.es\/index.php\/REI (abre en una nueva pesta\u00f1a)\" href=\"http:\/\/www.revistaeducacioninclusiva.es\/index.php\/REI\" target=\"_blank\">http:\/\/www.revistaeducacioninclusiva.es\/<\/a><\/figcaption><\/figure><\/div>\n\n\n\n<div class=\"wp-block-button aligncenter\"><a class=\"wp-block-button__link has-text-color has-very-dark-gray-color has-background has-luminous-vivid-orange-background-color\" href=\"http:\/\/www.revistaeducacioninclusiva.es\/\">Enlace Revista de Educaci\u00f3n Inclusiva<\/a><\/div>\n\n\n\n<p><em><strong>Otras publicaciones de inter\u00e9s <\/strong><\/em> <br><em>(Pr\u00f3ximamente) <\/em><\/p>\n","protected":false},"excerpt":{"rendered":"<p>La publicaci\u00f3n principal que tiene la RUEI es la Revista de Educaci\u00f3n Inclusiva. La Revista de Educaci\u00f3n Inclusiva, continuaci\u00f3n de&hellip;<\/p>\n","protected":false},"author":1,"featured_media":0,"parent":0,"menu_order":0,"comment_status":"closed","ping_status":"closed","template":"","meta":{"footnotes":""},"class_list":["post-51","page","type-page","status-publish","hentry"],"_links":{"self":[{"href":"https:\/\/www.unioviedo.es\/RUEI\/index.php\/wp-json\/wp\/v2\/pages\/51","targetHints":{"allow":["GET"]}}],"collection":[{"href":"https:\/\/www.unioviedo.es\/RUEI\/index.php\/wp-json\/wp\/v2\/pages"}],"about":[{"href":"https:\/\/www.unioviedo.es\/RUEI\/index.php\/wp-json\/wp\/v2\/types\/page"}],"author":[{"embeddable":true,"href":"https:\/\/www.unioviedo.es\/RUEI\/index.php\/wp-json\/wp\/v2\/users\/1"}],"replies":[{"embeddable":true,"href":"https:\/\/www.unioviedo.es\/RUEI\/index.php\/wp-json\/wp\/v2\/comments?post=51"}],"version-history":[{"count":8,"href":"https:\/\/www.unioviedo.es\/RUEI\/index.php\/wp-json\/wp\/v2\/pages\/51\/revisions"}],"predecessor-version":[{"id":568,"href":"https:\/\/www.unioviedo.es\/RUEI\/index.php\/wp-json\/wp\/v2\/pages\/51\/revisions\/568"}],"wp:attachment":[{"href":"https:\/\/www.unioviedo.es\/RUEI\/index.php\/wp-json\/wp\/v2\/media?parent=51"}],"curies":[{"name":"wp","href":"https:\/\/api.w.org\/{rel}","templated":true}]}}

<p>La publicación principal que tiene la RUEI es la Revista de Educación Inclusiva.    <br>La <strong><em><a rel="noreferrer noopener" aria-label="Revista de Educación Inclusiva (abre en una nueva pestaña)" href="http://www.revistaeducacioninclusiva.es/index.php/REI" target="_blank">Revista de Educación Inclusiva</a></em></strong>, continuación de la antigua Revista de Educación Especial, nace con la ilusión de difundir el trabajo riguroso, las investigaciones de calidad y las ideas de aquellos autores cuyo tema de estudio es la inclusión.&nbsp;  <br>Desde su origen y hasta el año 2016, la revista ha publicado &nbsp;tres volúmenes al año. Desde el año 2017 y por acuerdo del consejo editorial, la revista tendrá una periodicidad BIANUAL (dos números al año: Junio y Diciembre).</p>



<div class="wp-block-image"><figure class="aligncenter is-resized"><img loading="lazy" decoding="async" src="https://www.unioviedo.es/RUEI/wp-content/uploads/2019/04/Logo-REI-1.png" alt="" class="wp-image-178" width="449" height="261" srcset="https://www.unioviedo.es/RUEI/wp-content/uploads/2019/04/Logo-REI-1.png 565w, https://www.unioviedo.es/RUEI/wp-content/uploads/2019/04/Logo-REI-1-300x175.png 300w" sizes="auto, (max-width: 449px) 100vw, 449px" /><figcaption><a rel="noreferrer noopener" aria-label="http://www.revistaeducacioninclusiva.es/index.php/REI (abre en una nueva pestaña)" href="http://www.revistaeducacioninclusiva.es/index.php/REI" target="_blank">http://www.revistaeducacioninclusiva.es/</a></figcaption></figure></div>



<div class="wp-block-button aligncenter"><a class="wp-block-button__link has-text-color has-very-dark-gray-color has-background has-luminous-vivid-orange-background-color" href="http://www.revistaeducacioninclusiva.es/">Enlace Revista de Educación Inclusiva</a></div>



<p><em><strong>Otras publicaciones de interés </strong></em> <br><em>(Próximamente) </em></p>

<p>La publicación principal que tiene la RUEI es la Revista de Educación Inclusiva. La Revista de Educación Inclusiva, continuación de&hellip;</p>
