{"id":677,"date":"2019-04-16T12:50:58","date_gmt":"2019-04-16T10:50:58","guid":{"rendered":"http:\/\/www.unioviedo.es\/RUEI\/?page_id=677"},"modified":"2024-03-08T17:22:47","modified_gmt":"2024-03-08T16:22:47","slug":"universidad-de-sevilla","status":"publish","type":"page","link":"https:\/\/www.unioviedo.es\/RUEI\/index.php\/universidad-de-sevilla\/","title":{"rendered":"Universidad de Sevilla"},"content":{"rendered":"\n<div class=\"wp-block-image\"><figure class=\"aligncenter is-resized\"><img loading=\"lazy\" decoding=\"async\" src=\"http:\/\/www.unioviedo.es\/RUEI\/wp-content\/uploads\/2019\/04\/Sin-t\u00edtulo-20.png\" alt=\"\" class=\"wp-image-556\" width=\"216\" height=\"218\" srcset=\"https:\/\/www.unioviedo.es\/RUEI\/wp-content\/uploads\/2019\/04\/Sin-t\u00edtulo-20.png 256w, https:\/\/www.unioviedo.es\/RUEI\/wp-content\/uploads\/2019\/04\/Sin-t\u00edtulo-20-150x150.png 150w\" sizes=\"auto, (max-width: 216px) 100vw, 216px\" \/><\/figure><\/div>\n\n\n\n<ul class=\"wp-block-list\"><li><strong><a rel=\"noreferrer noopener\" aria-label=\"Carballo Delgado, Rafael (abre en una nueva pesta\u00f1a)\" href=\"http:\/\/www.unioviedo.es\/RUEI\/wp-content\/uploads\/2024\/03\/Carballo-Delgado-Rafael.pdf\" target=\"_blank\">Carballo Delgado, Rafael<\/a><\/strong><\/li><li><strong><a rel=\"noreferrer noopener\" aria-label=\"Fern\u00e1ndez Batanero, Jos\u00e9 Mar\u00eda (abre en una nueva pesta\u00f1a)\" href=\"http:\/\/www.unioviedo.es\/RUEI\/wp-content\/uploads\/2019\/04\/Jos\u00e9-Mar\u00eda-Fern\u00e1ndez-Batanero.-Univ.-Sevilla.pdf\" target=\"_blank\">Fern\u00e1ndez Batanero, Jos\u00e9 Mar\u00eda<\/a><\/strong><\/li><li><strong><a rel=\"noreferrer noopener\" aria-label=\"Gallego Vega, Carmen (abre en una nueva pesta\u00f1a)\" href=\"http:\/\/www.unioviedo.es\/RUEI\/wp-content\/uploads\/2024\/03\/Gallego-Vega-Carmen.pdf\" target=\"_blank\">Gallego Vega, Carmen<\/a><\/strong><\/li><li><strong><a rel=\"noreferrer noopener\" aria-label=\"Mori\u00f1a D\u00edez, Anabel (abre en una nueva pesta\u00f1a)\" href=\"http:\/\/www.unioviedo.es\/RUEI\/wp-content\/uploads\/2024\/03\/Mori\u00f1a-D\u00edez-Anabel.pdf\" target=\"_blank\">Mori\u00f1a D\u00edez, Anabel<\/a><\/strong><\/li><li><strong><a href=\"http:\/\/www.unioviedo.es\/RUEI\/wp-content\/uploads\/2024\/03\/Orozco-Almario-Inmaculada-Concepci\u00f3n.pdf\" target=\"_blank\" rel=\"noreferrer noopener\" aria-label=\"Orozco Almario, Inmaculada Concepci\u00f3n (abre en una nueva pesta\u00f1a)\">Orozco Almario, Inmaculada Concepci\u00f3n<\/a><a rel=\"noreferrer noopener\" aria-label=\" (abre en una nueva pesta\u00f1a)\" href=\"http:\/\/www.unioviedo.es\/RUEI\/wp-content\/uploads\/2019\/04\/ROCIO-PI\u00d1ERO-VIRU\u00c9-Univ.-Sevilla.pdf\" target=\"_blank\"><\/a><\/strong><\/li><\/ul>\n\n\n\n<p>Si deseas integrarte o actualizar la informaci\u00f3n, no dudes en escribirnos a: <a href=\"https:\/\/www.unioviedo.es\/RUEI\/index.php\/contacto\/\">info@ruei.es<\/a><\/p>\n","protected":false},"excerpt":{"rendered":"<p>Carballo Delgado, Rafael Fern\u00e1ndez Batanero, Jos\u00e9 Mar\u00eda Gallego Vega, Carmen Mori\u00f1a D\u00edez, Anabel Orozco Almario, Inmaculada Concepci\u00f3n Si deseas integrarte&hellip;<\/p>\n","protected":false},"author":1,"featured_media":0,"parent":0,"menu_order":0,"comment_status":"closed","ping_status":"closed","template":"","meta":{"footnotes":""},"class_list":["post-677","page","type-page","status-publish","hentry"],"_links":{"self":[{"href":"https:\/\/www.unioviedo.es\/RUEI\/index.php\/wp-json\/wp\/v2\/pages\/677","targetHints":{"allow":["GET"]}}],"collection":[{"href":"https:\/\/www.unioviedo.es\/RUEI\/index.php\/wp-json\/wp\/v2\/pages"}],"about":[{"href":"https:\/\/www.unioviedo.es\/RUEI\/index.php\/wp-json\/wp\/v2\/types\/page"}],"author":[{"embeddable":true,"href":"https:\/\/www.unioviedo.es\/RUEI\/index.php\/wp-json\/wp\/v2\/users\/1"}],"replies":[{"embeddable":true,"href":"https:\/\/www.unioviedo.es\/RUEI\/index.php\/wp-json\/wp\/v2\/comments?post=677"}],"version-history":[{"count":4,"href":"https:\/\/www.unioviedo.es\/RUEI\/index.php\/wp-json\/wp\/v2\/pages\/677\/revisions"}],"predecessor-version":[{"id":1136,"href":"https:\/\/www.unioviedo.es\/RUEI\/index.php\/wp-json\/wp\/v2\/pages\/677\/revisions\/1136"}],"wp:attachment":[{"href":"https:\/\/www.unioviedo.es\/RUEI\/index.php\/wp-json\/wp\/v2\/media?parent=677"}],"curies":[{"name":"wp","href":"https:\/\/api.w.org\/{rel}","templated":true}]}}