{"id":808,"date":"2019-04-16T14:24:28","date_gmt":"2019-04-16T12:24:28","guid":{"rendered":"http:\/\/www.unioviedo.es\/RUEI\/?page_id=808"},"modified":"2024-03-09T22:37:26","modified_gmt":"2024-03-09T21:37:26","slug":"universidad-universitat-de-girona","status":"publish","type":"page","link":"https:\/\/www.unioviedo.es\/RUEI\/index.php\/universidad-universitat-de-girona\/","title":{"rendered":"Universidad \/ Universitat de Girona"},"content":{"rendered":"\n<div class=\"wp-block-image\"><figure class=\"aligncenter\"><img loading=\"lazy\" decoding=\"async\" width=\"256\" height=\"259\" src=\"http:\/\/www.unioviedo.es\/RUEI\/wp-content\/uploads\/2019\/04\/Sin-t\u00edtulo-40.png\" alt=\"\" class=\"wp-image-794\"\/><\/figure><\/div>\n\n\n\n<ul class=\"wp-block-list\"><li><strong><a rel=\"noreferrer noopener\" aria-label=\"D\u00edaz Garolera, Gemma\u2028 (abre en una nueva pesta\u00f1a)\" href=\"http:\/\/www.unioviedo.es\/RUEI\/wp-content\/uploads\/2024\/03\/Diaz-Garolera-Gemma.pdf\" target=\"_blank\">D\u00edaz Garolera, Gemma<\/a><\/strong><\/li><li><strong>Fullana Noell, Judit<\/strong><\/li><li><strong><a rel=\"noreferrer noopener\" aria-label=\"Pallisera D\u00edaz, Mar\u00eda (abre en una nueva pesta\u00f1a)\" href=\"http:\/\/www.unioviedo.es\/RUEI\/wp-content\/uploads\/2024\/03\/Pallisera-D\u00edaz-Maria.pdf\" target=\"_blank\">Pallisera D\u00edaz, Mar\u00eda<\/a><\/strong><\/li><li><strong><a rel=\"noreferrer noopener\" aria-label=\"Puyalt\u00f3 Rovira, Carol (abre en una nueva pesta\u00f1a)\" href=\"http:\/\/www.unioviedo.es\/RUEI\/wp-content\/uploads\/2024\/03\/Puyalt\u00f3-Rovira-Carol.pdf\" target=\"_blank\">Puyalt\u00f3 Rovira, Carol<\/a><\/strong><\/li><li><strong><a rel=\"noreferrer noopener\" aria-label=\"Vil\u00e0 Su\u00f1\u00e9, Montserrat (abre en una nueva pesta\u00f1a)\" href=\"http:\/\/www.unioviedo.es\/RUEI\/wp-content\/uploads\/2024\/03\/Vil\u00e0-Su\u00f1\u00e9-Montserrat.pdf\" target=\"_blank\">Vil\u00e0 Su\u00f1\u00e9, Montserrat<\/a><\/strong><\/li><\/ul>\n\n\n\n<p>Si deseas integrarte o actualizar la informaci\u00f3n, no dudes en escribirnos a: <a href=\"https:\/\/www.unioviedo.es\/RUEI\/index.php\/contacto\/\">info@ruei.es<\/a><\/p>\n","protected":false},"excerpt":{"rendered":"<p>D\u00edaz Garolera, Gemma Fullana Noell, Judit Pallisera D\u00edaz, Mar\u00eda Puyalt\u00f3 Rovira, Carol Vil\u00e0 Su\u00f1\u00e9, Montserrat Si deseas integrarte o actualizar&hellip;<\/p>\n","protected":false},"author":1,"featured_media":0,"parent":0,"menu_order":0,"comment_status":"closed","ping_status":"closed","template":"","meta":{"footnotes":""},"class_list":["post-808","page","type-page","status-publish","hentry"],"_links":{"self":[{"href":"https:\/\/www.unioviedo.es\/RUEI\/index.php\/wp-json\/wp\/v2\/pages\/808","targetHints":{"allow":["GET"]}}],"collection":[{"href":"https:\/\/www.unioviedo.es\/RUEI\/index.php\/wp-json\/wp\/v2\/pages"}],"about":[{"href":"https:\/\/www.unioviedo.es\/RUEI\/index.php\/wp-json\/wp\/v2\/types\/page"}],"author":[{"embeddable":true,"href":"https:\/\/www.unioviedo.es\/RUEI\/index.php\/wp-json\/wp\/v2\/users\/1"}],"replies":[{"embeddable":true,"href":"https:\/\/www.unioviedo.es\/RUEI\/index.php\/wp-json\/wp\/v2\/comments?post=808"}],"version-history":[{"count":4,"href":"https:\/\/www.unioviedo.es\/RUEI\/index.php\/wp-json\/wp\/v2\/pages\/808\/revisions"}],"predecessor-version":[{"id":1378,"href":"https:\/\/www.unioviedo.es\/RUEI\/index.php\/wp-json\/wp\/v2\/pages\/808\/revisions\/1378"}],"wp:attachment":[{"href":"https:\/\/www.unioviedo.es\/RUEI\/index.php\/wp-json\/wp\/v2\/media?parent=808"}],"curies":[{"name":"wp","href":"https:\/\/api.w.org\/{rel}","templated":true}]}}

<div class="wp-block-image"><figure class="aligncenter"><img loading="lazy" decoding="async" width="256" height="259" src="http://www.unioviedo.es/RUEI/wp-content/uploads/2019/04/Sin-título-40.png" alt="" class="wp-image-794"/></figure></div>



<ul class="wp-block-list"><li><strong><a rel="noreferrer noopener" aria-label="Díaz Garolera, Gemma  (abre en una nueva pestaña)" href="http://www.unioviedo.es/RUEI/wp-content/uploads/2024/03/Diaz-Garolera-Gemma.pdf" target="_blank">Díaz Garolera, Gemma</a></strong></li><li><strong>Fullana Noell, Judit</strong></li><li><strong><a rel="noreferrer noopener" aria-label="Pallisera Díaz, María (abre en una nueva pestaña)" href="http://www.unioviedo.es/RUEI/wp-content/uploads/2024/03/Pallisera-Díaz-Maria.pdf" target="_blank">Pallisera Díaz, María</a></strong></li><li><strong><a rel="noreferrer noopener" aria-label="Puyaltó Rovira, Carol (abre en una nueva pestaña)" href="http://www.unioviedo.es/RUEI/wp-content/uploads/2024/03/Puyaltó-Rovira-Carol.pdf" target="_blank">Puyaltó Rovira, Carol</a></strong></li><li><strong><a rel="noreferrer noopener" aria-label="Vilà Suñé, Montserrat (abre en una nueva pestaña)" href="http://www.unioviedo.es/RUEI/wp-content/uploads/2024/03/Vilà-Suñé-Montserrat.pdf" target="_blank">Vilà Suñé, Montserrat</a></strong></li></ul>



<p>Si deseas integrarte o actualizar la información, no dudes en escribirnos a: <a href="https://www.unioviedo.es/RUEI/index.php/contacto/">info@ruei.es</a></p>

<p>Díaz Garolera, Gemma Fullana Noell, Judit Pallisera Díaz, María Puyaltó Rovira, Carol Vilà Suñé, Montserrat Si deseas integrarte o actualizar&hellip;</p>
