{"id":875,"date":"2019-04-16T16:05:14","date_gmt":"2019-04-16T14:05:14","guid":{"rendered":"http:\/\/www.unioviedo.es\/RUEI\/?page_id=875"},"modified":"2025-07-04T21:33:36","modified_gmt":"2025-07-04T19:33:36","slug":"universidad-de-valencia-universitat-de-valencia","status":"publish","type":"page","link":"https:\/\/www.unioviedo.es\/RUEI\/index.php\/universidad-de-valencia-universitat-de-valencia\/","title":{"rendered":"Universidad de Valencia \/ Universitat de Val\u00e8ncia"},"content":{"rendered":"\n<div class=\"wp-block-image\"><figure class=\"aligncenter\"><img loading=\"lazy\" decoding=\"async\" width=\"256\" height=\"259\" src=\"http:\/\/www.unioviedo.es\/RUEI\/wp-content\/uploads\/2019\/04\/Sin-t\u00edtulo-57.png\" alt=\"\" class=\"wp-image-860\"\/><\/figure><\/div>\n\n\n\n<ul class=\"wp-block-list\"><li><strong><a href=\"http:\/\/www.unioviedo.es\/RUEI\/wp-content\/uploads\/2025\/07\/LACRUZ-P\u00c9REZ-IRENE.pdf\" target=\"_blank\" rel=\"noreferrer noopener\" aria-label=\"Lacruz P\u00e9rez, Irene (abre en una nueva pesta\u00f1a)\">Lacruz P\u00e9rez, Irene<\/a><\/strong><\/li><li><strong><a rel=\"noreferrer noopener\" aria-label=\"Mar\u00edn Suelves, Diana (abre en una nueva pesta\u00f1a)\" href=\"http:\/\/www.unioviedo.es\/RUEI\/wp-content\/uploads\/2024\/03\/Mar\u00edn-Suelves-Diana.pdf\" target=\"_blank\">Mar\u00edn Suelves, Diana<\/a><\/strong><\/li><li><strong><a rel=\"noreferrer noopener\" aria-label=\"Sanz Cervera, Pilar (abre en una nueva pesta\u00f1a)\" href=\"http:\/\/www.unioviedo.es\/RUEI\/wp-content\/uploads\/2024\/03\/Sanz-Cervera-Pilar.pdf\" target=\"_blank\">Sanz Cervera, Pilar<\/a><\/strong><\/li><li><strong><a rel=\"noreferrer noopener\" aria-label=\"T\u00e1rraga M\u00ednguez, R\u00e1ul (abre en una nueva pesta\u00f1a)\" href=\"http:\/\/www.unioviedo.es\/RUEI\/wp-content\/uploads\/2019\/04\/Raul-Tarraga-M\u00ednguez-Universidad-de-Valencia.pdf\" target=\"_blank\">T\u00e1rraga M\u00ednguez, R\u00e1ul<\/a><\/strong><\/li><li><strong><a rel=\"noreferrer noopener\" aria-label=\"Vidal Esteve, Mar\u00eda Isabel (abre en una nueva pesta\u00f1a)\" href=\"http:\/\/www.unioviedo.es\/RUEI\/wp-content\/uploads\/2024\/03\/Vidal-Esteve-Mar\u00eda-Isabel.pdf\" target=\"_blank\">Vidal Esteve, Mar\u00eda Isabel<\/a><\/strong><\/li><\/ul>\n\n\n\n<p>Si deseas integrarte o actualizar la informaci\u00f3n, no dudes en escribirnos a: <a href=\"https:\/\/www.unioviedo.es\/RUEI\/index.php\/contacto\/\">info@ruei.es<\/a><\/p>\n","protected":false},"excerpt":{"rendered":"<p>Lacruz P\u00e9rez, Irene Mar\u00edn Suelves, Diana Sanz Cervera, Pilar T\u00e1rraga M\u00ednguez, R\u00e1ul Vidal Esteve, Mar\u00eda Isabel Si deseas integrarte o&hellip;<\/p>\n","protected":false},"author":1,"featured_media":0,"parent":0,"menu_order":0,"comment_status":"closed","ping_status":"closed","template":"","meta":{"footnotes":""},"class_list":["post-875","page","type-page","status-publish","hentry"],"_links":{"self":[{"href":"https:\/\/www.unioviedo.es\/RUEI\/index.php\/wp-json\/wp\/v2\/pages\/875","targetHints":{"allow":["GET"]}}],"collection":[{"href":"https:\/\/www.unioviedo.es\/RUEI\/index.php\/wp-json\/wp\/v2\/pages"}],"about":[{"href":"https:\/\/www.unioviedo.es\/RUEI\/index.php\/wp-json\/wp\/v2\/types\/page"}],"author":[{"embeddable":true,"href":"https:\/\/www.unioviedo.es\/RUEI\/index.php\/wp-json\/wp\/v2\/users\/1"}],"replies":[{"embeddable":true,"href":"https:\/\/www.unioviedo.es\/RUEI\/index.php\/wp-json\/wp\/v2\/comments?post=875"}],"version-history":[{"count":9,"href":"https:\/\/www.unioviedo.es\/RUEI\/index.php\/wp-json\/wp\/v2\/pages\/875\/revisions"}],"predecessor-version":[{"id":1447,"href":"https:\/\/www.unioviedo.es\/RUEI\/index.php\/wp-json\/wp\/v2\/pages\/875\/revisions\/1447"}],"wp:attachment":[{"href":"https:\/\/www.unioviedo.es\/RUEI\/index.php\/wp-json\/wp\/v2\/media?parent=875"}],"curies":[{"name":"wp","href":"https:\/\/api.w.org\/{rel}","templated":true}]}}

Universidad de Valencia / Universitat de València

<div class="wp-block-image"><figure class="aligncenter"><img loading="lazy" decoding="async" width="256" height="259" src="http://www.unioviedo.es/RUEI/wp-content/uploads/2019/04/Sin-título-57.png" alt="" class="wp-image-860"/></figure></div>



<ul class="wp-block-list"><li><strong><a href="http://www.unioviedo.es/RUEI/wp-content/uploads/2025/07/LACRUZ-PÉREZ-IRENE.pdf" target="_blank" rel="noreferrer noopener" aria-label="Lacruz Pérez, Irene (abre en una nueva pestaña)">Lacruz Pérez, Irene</a></strong></li><li><strong><a rel="noreferrer noopener" aria-label="Marín Suelves, Diana (abre en una nueva pestaña)" href="http://www.unioviedo.es/RUEI/wp-content/uploads/2024/03/Marín-Suelves-Diana.pdf" target="_blank">Marín Suelves, Diana</a></strong></li><li><strong><a rel="noreferrer noopener" aria-label="Sanz Cervera, Pilar (abre en una nueva pestaña)" href="http://www.unioviedo.es/RUEI/wp-content/uploads/2024/03/Sanz-Cervera-Pilar.pdf" target="_blank">Sanz Cervera, Pilar</a></strong></li><li><strong><a rel="noreferrer noopener" aria-label="Tárraga Mínguez, Rául (abre en una nueva pestaña)" href="http://www.unioviedo.es/RUEI/wp-content/uploads/2019/04/Raul-Tarraga-Mínguez-Universidad-de-Valencia.pdf" target="_blank">Tárraga Mínguez, Rául</a></strong></li><li><strong><a rel="noreferrer noopener" aria-label="Vidal Esteve, María Isabel (abre en una nueva pestaña)" href="http://www.unioviedo.es/RUEI/wp-content/uploads/2024/03/Vidal-Esteve-María-Isabel.pdf" target="_blank">Vidal Esteve, María Isabel</a></strong></li></ul>



<p>Si deseas integrarte o actualizar la información, no dudes en escribirnos a: <a href="https://www.unioviedo.es/RUEI/index.php/contacto/">info@ruei.es</a></p>

<p>Lacruz Pérez, Irene Marín Suelves, Diana Sanz Cervera, Pilar Tárraga Mínguez, Rául Vidal Esteve, María Isabel Si deseas integrarte o&hellip;</p>
