{"id":161,"date":"2019-02-07T19:59:26","date_gmt":"2019-02-07T19:59:26","guid":{"rendered":"https:\/\/www.unioviedo.es\/TBR\/wp\/?page_id=161"},"modified":"2023-05-29T13:51:49","modified_gmt":"2023-05-29T13:51:49","slug":"directory","status":"publish","type":"page","link":"https:\/\/www.unioviedo.es\/TBR\/directory\/","title":{"rendered":"Group members"},"content":{"rendered":"\n<h3>Academic staff<\/h3>\n\n\n\n<figure class=\"wp-block-table\"><table><thead><tr><th>Name <\/th><th>Categor\u00eda<\/th><th>Email<\/th><th>Phone<\/th><\/tr><\/thead><tbody><tr><td>Mario D\u00edaz Fern\u00e1ndez<\/td><td>Professor<\/td><td>mariodiaz@uniovi.es<\/td><td>985103439<\/td><\/tr><tr><td>Francisco Riera Rodriguez<\/td><td>Professor<\/td><td>far@uniovi.es<\/td><td>985103436<\/td><\/tr><tr><td>Manuel Rendueles de la Vega<\/td><td>Professor<\/td><td>mrenduel@uniovi.es<\/td><td>985106226<\/td><\/tr><tr><td>Adriana Laca P\u00e9rez<\/td><td>Senior Lecturer<\/td><td>lacaadriana@uniovi.es<\/td><td>985102974<\/td><\/tr><tr><td>Sergio Collado Alonso<\/td><td>Lecturer<\/td><td>colladosergio@uniovi.es<\/td><td>985103441<\/td><\/tr><tr><td>Paula Oulego Blanco<\/td><td>Lecturer<\/td><td>oulegopaula@uniovi.es<\/td><td>985103441<\/td><\/tr><tr><td>Amanda Laca P\u00e9rez<\/td><td>Lecturer<\/td><td>lacaamanda@uniovi.es<\/td><td>985105665<\/td><\/tr><\/tbody><\/table><\/figure>\n\n\n\n<h3>Post-doctoral and Doctoral Researchers<\/h3>\n\n\n\n<figure class=\"wp-block-table is-style-regular\"><table class=\"has-fixed-layout\"><thead><tr><th><em>Name<\/em><\/th><th><em>Category<\/em><\/th><\/tr><\/thead><tbody><tr><td>Ismael Marcet Manrique<\/td><td>PhD<\/td><\/tr><tr><td>Daniel Sol S\u00e1nchez<\/td><td>PhD<\/td><\/tr><tr><td>Ana Isabel Diaz Gonz\u00e1lez<\/td><td>PhD Researcher<\/td><\/tr><tr><td>Sara S\u00e1ez Orviz<\/td><td>PhD Researcher<\/td><\/tr><tr><td>Lucia Pola Fern\u00e1ndez<\/td><td>PhD Researcher<\/td><\/tr><tr><td>Daniel Nu\u00f1ez D\u00edaz<\/td><td>PhD Researcher<\/td><\/tr><tr><td>Luis Eduardo Romero<\/td><td>PhD Researcher<\/td><\/tr><tr><td>Manuel Garc\u00eda San Miguel<\/td><td>PhD Researcher<\/td><\/tr><\/tbody><\/table><\/figure>\n\n\n\n<figure class=\"wp-block-table\"><table class=\"has-subtle-pale-blue-background-color has-fixed-layout has-background\"><thead><tr><th>Name<\/th><th>Category<\/th><\/tr><\/thead><tbody><tr><td>Esther Gonz\u00e1lez Tolivia<\/td><td>PhD Student<\/td><\/tr><tr><td>Shihan Weng<\/td><td>PhD Student<\/td><\/tr><tr><td>Juan Fernando Moreno Delgado<\/td><td>PhD Student<\/td><\/tr><tr><td>Marta S\u00e1nchez Su\u00e1rez-Otero<\/td><td>PhD Student<\/td><\/tr><tr><td>Mar\u00eda Pombal \u00c1lvarez<\/td><td>PhD Student<\/td><\/tr><tr><td>Reina Ver\u00f3nica P\u00e9rez Garc\u00eda<\/td><td>PhD Student<\/td><\/tr><tr><td>Sof\u00eda Massari Moncada<\/td><td>PhD Student<\/td><\/tr><tr><td>Florencia Ridella Casado<\/td><td>PhD Student<\/td><\/tr><\/tbody><\/table><\/figure>\n","protected":false},"excerpt":{"rendered":"<p>Academic staff Name Categor\u00eda Email Phone Mario D\u00edaz Fern\u00e1ndez Professor mariodiaz@uniovi.es 985103439 Francisco Riera Rodriguez Professor far@uniovi.es 985103436 Manuel Rendueles de la Vega Professor mrenduel@uniovi.es 985106226 Adriana Laca P\u00e9rez Senior Lecturer lacaadriana@uniovi.es 985102974 Sergio Collado Alonso Lecturer colladosergio@uniovi.es 985103441 Paula Oulego Blanco Lecturer oulegopaula@uniovi.es 985103441 Amanda Laca P\u00e9rez Lecturer lacaamanda@uniovi.es 985105665 Post-doctoral and Doctoral Researchers [&hellip;]<\/p>\n","protected":false},"author":1,"featured_media":0,"parent":0,"menu_order":0,"comment_status":"closed","ping_status":"closed","template":"","meta":{"ngg_post_thumbnail":0},"_links":{"self":[{"href":"https:\/\/www.unioviedo.es\/TBR\/wp-json\/wp\/v2\/pages\/161"}],"collection":[{"href":"https:\/\/www.unioviedo.es\/TBR\/wp-json\/wp\/v2\/pages"}],"about":[{"href":"https:\/\/www.unioviedo.es\/TBR\/wp-json\/wp\/v2\/types\/page"}],"author":[{"embeddable":true,"href":"https:\/\/www.unioviedo.es\/TBR\/wp-json\/wp\/v2\/users\/1"}],"replies":[{"embeddable":true,"href":"https:\/\/www.unioviedo.es\/TBR\/wp-json\/wp\/v2\/comments?post=161"}],"version-history":[{"count":20,"href":"https:\/\/www.unioviedo.es\/TBR\/wp-json\/wp\/v2\/pages\/161\/revisions"}],"predecessor-version":[{"id":959,"href":"https:\/\/www.unioviedo.es\/TBR\/wp-json\/wp\/v2\/pages\/161\/revisions\/959"}],"wp:attachment":[{"href":"https:\/\/www.unioviedo.es\/TBR\/wp-json\/wp\/v2\/media?parent=161"}],"curies":[{"name":"wp","href":"https:\/\/api.w.org\/{rel}","templated":true}]}}