{"id":603,"date":"2020-09-28T14:05:28","date_gmt":"2020-09-28T14:05:28","guid":{"rendered":"https:\/\/www.unioviedo.es\/TBR\/?page_id=603"},"modified":"2020-11-10T15:34:06","modified_gmt":"2020-11-10T15:34:06","slug":"basic-chemical-engineering","status":"publish","type":"page","link":"https:\/\/www.unioviedo.es\/TBR\/basic-chemical-engineering\/","title":{"rendered":"Basic Chemical Engineering"},"content":{"rendered":"\n<p class=\"has-medium-font-size\"><strong>1.1. Hydrodynamics<\/strong><\/p>\n\n\n\n<p><br> 1.1.1.L-G Column<\/p>\n\n\n\n<ul><li>\u00abHidrodin\u00e1mica y optimizaci\u00f3n de la potencia de bombas de aire a baja altura y flujo de gas limitado\u00bb. M. D\u00edaz, A. Saez. Anales de Qu\u00edmica 80, 289-294 (1984).<\/li><li>\u201cHigh liquid holdup airlift tower loop reactor: I. Riser hydrodynamic characteristics\u201d. J.C. Garc\u00eda, A.G. Lav\u00edn, M. D\u00edaz. Journal of Chemical Technology and Biotechnology 75, 369-377 (2000).<\/li><li>\u201cHigh liquid holdup airlift tower loop reactor: II. Downcomer hydrodynamic modeling\u201d. J.C. Garc\u00eda, A.G. Lav\u00edn, M. D\u00edaz. Journal of Chemical Technology and Biotechnology 75, 378-386 (2000).<\/li><li>\u00abConsumo Energ\u00e9tico y Caracteristicas en la Impulsi\u00f3n de Fluidos mediante Bombas de Aire\u00bb, A. Saez, M. D\u00edaz. Actas 3\u00ba Conf. Planif. Aj. Alt. Energ\u00e9tico, 181-192 (1983).<\/li><li>\u00abProcedimiento para la Optimaci\u00f3n del Coste Energ\u00e9tico de Liofiliaci\u00f3n\u00bb, I. Lombra\u00f1a, M. D\u00edaz. Actas 3\u00ba Conf. Planif. Ahorro Alt. Energ\u00e9ticas, 193-204 (1983).<\/li><li>\u201cConsumo energ\u00e9tico y caracter\u00edsticas en la impulsi\u00f3n de fluidos mediante bombas de aire\u201d. A. Saenz, M. D\u00edaz. Comunicaci\u00f3n. Feria Oficial y Nacional de Muestras (1983).<\/li><li>\u00abGas holdup and flow heterogeneity in air lift pumps of small heinght and diameter\u00bb. J.M. D\u00edaz, A. Saenz. Multiphase Transport and Particulate Phenomena. Hemisphere Pub. Co., USA, 235-254 (1990).<br><\/li><\/ul>\n\n\n\n<p>  1.1.2.LLG Column<\/p>\n\n\n\n<ul><li>\u00abHydrodynamics of a liquid-liquid counter current extraction column with upflow gas agitation\u00bb. M. D\u00edaz, A. Aguayo, R. Alvarez. Chemie Ingenieur Techn., 74-75 (1985).<\/li><li>\u201cMixing in batch G-L-L\u00b4 reactors with top and bottom blowing\u201d. M. D\u00edaz, M. Mart\u00edn. Chemical Engineering Science 54, 4839-4844 (1999).<\/li><li>\u00abDispersion in liquid-phases for a three-phase extractive fermentation reactor\u00bb. M. D\u00edaz, A.T. Aguayo, G. Rojo. Proceedings in 4th European Congress on Biotechnology Elsevier Vol.1, 89-92 (1987).<br><br><\/li><\/ul>\n\n\n\n<p>\n\n 1.1.3.Pulverizaci\u00f3n\n\n<\/p>\n\n\n\n<ul><li>\u00abMass transfer and axial dispersion in a spray tower for gas-liquid contacting\u00bb. E.A. Pinilla, M. D\u00edaz, J. Coca. The Canadian. J. of Chem. Eng. 62, 617-622 (1984).<\/li><li>\u00abSO2 absorption with chemical reaction in a slurry reactor\u00bb. J. Coca, M. D\u00edaz. Dechema Monograph. Series Verlag Ch., 517-528 (1980).<\/li><li>\u00abEliminaci\u00f3n de SO2 en gases residuales mediante lavado con suspensi\u00f3n de caliza\u00bb. M. D\u00edaz, E.A. Pinilla, J. Coca. Ingenier\u00eda Qu\u00edmica, 105-115 (1982).<\/li><li>\u00abMedida de la dispersi\u00f3n axial en una columna de pulverizaci\u00f3n para el contacto gas-l\u00edquido\u00bb. E.A. Pinilla, J. Coca, M. D\u00edaz. Ing. Qu\u00edmica, 161-166 (1985).<br><br><\/li><\/ul>\n\n\n\n<p>  1.1.4.Heat exchanger<\/p>\n\n\n\n<ul><li>\u00abHow flow dispersion affects exchanger performance\u00bb. M. D\u00edaz, A. Aguayo. Hydrocarbon Processing 66, 57-60 (1987).<\/li><li>\u00abDisminuci\u00f3n de la Eficacia de Cambiadoras de Calor debido a la Estructura del Flujo y Dispersi\u00f3n de los Fluidos\u00bb, A. Aguayo, M. D\u00edaz. Actas 3\u00ba Conf. Planif. Ah. Alt. Energ\u00e9tico, 169-180 (1983).<br><\/li><\/ul>\n\n\n\n<p class=\"has-medium-font-size\"><strong>  1.2. Mixing processes<\/strong><\/p>\n\n\n\n<p>  1.2.1.Multiphasic converter <\/p>\n\n\n\n<ul><li>\u201cGas-liquid and gas-liquid-liquid reactors with top and bottom blowing: I. Fluid dynamic regimes\u201d. M. Mart\u00edn, M. D\u00edaz. Chemical Engineering Communications 189, 543-570 (2002).<\/li><li>\u201cGas-liquid and gas-liquid-liquid reactors with top and bottom blowing: II Mixing of the continuous liquid phase\u201d. M. Mart\u00edn, M. D\u00edaz. Chemical Engineering Communications 189, 61-83 (2002).<\/li><li>\u201cGlobal and local mixing determinations for steel converter analysis\u201d. M. Mart\u00edn, M. Rendueles, M. D\u00edaz. Chemical Engineering Science 60, 5781-5791 (2005).<br><\/li><\/ul>\n\n\n\n<p>  1.2.2.Multiphasic bioreactor<\/p>\n\n\n\n<ul><li>\u00abMixing in unstirred batch fermenters\u00bb. A.I. Garc\u00eda, L. Garc\u00eda, M. D\u00edaz. The Chemical Engineering Journal 51, 857-861 (1993).<\/li><li>\u00abMechanism for mixing and homogeneization in beer fermentation\u00bb. A.I. Garc\u00eda, L. Garc\u00eda, M. D\u00edaz. Bioprocess Engineering 10, 179-184 (1994).<\/li><li>\u00abAnalysis of internal concentration profiles in industrial beer fermentations\u00bb. A.I. Garc\u00eda, L.A. Garc\u00eda, M. D\u00edaz. Technical Quaterly 32, 201-207 (1995).<\/li><li>\u201cStirring and mixing effects at different cider fermentation scales\u201d. C. de la Roza, A. Laca, L. Garc\u00eda, M. D\u00edaz. Transactions Ichem E Part C. Food and Bioproducts Processing 80 (C), 129-134 (2002).<\/li><li>\u201cAn\u00e1lisis de la mezcla en reactores\u201d. M. E. Garc\u00eda, M. D\u00edaz. Ingenier\u00eda Qu\u00edmica, Octubre, 157-163 (1995).<\/li><li>\u201cSimulaci\u00f3n num\u00e9rica del proceso de mezcla en el convertidor de acero. Efecto del m\u00e9todo de carga de los aditivos\u201d. M. D\u00edaz, M.E. Garc\u00eda. Revista Metalurgia Madrid 32, 96-102 (1996).<br><\/li><\/ul>\n\n\n\n<p>\n\n 1.2.3.CFD\n\n<\/p>\n\n\n\n<ul><li>\u201dSimulation of a two phase flow by CFD: analysis of the computational method\u201d. S.S. Pandiella, L.A. Garc\u00eda, M. D\u00edaz, C. Webb. Chemical Engineering Communications 173, 197-214 (1999).<\/li><li>\u00abAplicaci\u00f3n de m\u00e9todos num\u00e9ricos a la determinaci\u00f3n de la fluidodin\u00e1mica en la fermentaci\u00f3n de cerveza\u00bb. S.S. Pandiella, L.A. Garc\u00eda, M. D\u00edaz, C. Webb. Alimentaci\u00f3n, Equipos y Tecnolog\u00eda, Junio, 69-75 (1995).<\/li><li>\u201cValidation of two-phase computational fluid dynamics by an experimental method\u201d. S.S. Pandiella, L.A. Garc\u00eda, M. D\u00edaz, C. Webb, Experimental Heat Transfer, Fluid Mechamics and Thermodynamics, ISBN 88-467-0014-7. Edizioni ETS, p.1061-1066, Pisa (1997).<br><\/li><\/ul>\n\n\n\n<p class=\"has-medium-font-size\"><strong>  1.3. Rheology <\/strong><\/p>\n\n\n\n<p>  1.3.1.Bioproducts<\/p>\n\n\n\n<ul><li>\u00abCar\u00e1cter pseudopl\u00e1stico y efecto de la temperatura en zumos vegetales\u00bb. I. Lombra\u00f1a, M. D\u00edaz. Afinidad, 327-330 (1983).<\/li><li>\u201cRheological and chemical changes in stored carrot juice\u00bb. I. Lombra\u00f1a, M. D\u00edaz. Canad. Inst. Food. Sci. Tech. J. 18, 213-219 (1985).<\/li><li>\u201cRheological behavior and organoleptic effects of ovalbumin addition in yogurt mousse production\u201d. M. Menendez, B. Paredes, O. Iglesias, M. Rendueles, M. D\u00edaz. Journal of Dairy Science 89, 951-962 (2006).<\/li><li>\u201cBlue Whiting surimi paste as affected by moisture content. Temperature and pH processing conditions. Rheological validation\u201d. M.R. Pin, A. Laca, B. Paredes, M. D\u00edaz. Acta Alimentaria 39 (4), 438-449 (2010).<\/li><li>\u201cPossibilities of yolk rheological measurements to characterise egg origin and processing properties\u201d. A. Laca, B. Paredes, M. D\u00edaz. Afinidad 67 (546), 119-122 (2010).<\/li><li>\u201cRheological properties, stability and sensory evaluation of low-cholesterol mayonnaises using egg yolk granules as emulsifying agent\u201d. A. Laca, M.C. S\u00e1ez, B. Paredes, M. D\u00edaz. Journal of Food Engineering 97, 243-252 (2010).<\/li><li>\u201cLipid-enriched egg yolk fraction as ingredient in cosmetic emulsions\u201d. A. Laca, B. Paredes, M. D\u00edaz. Journal of Texture Studies 43, 12-28 (2012).<\/li><li>\u201cEgg yolk hydrolysed granules: Characteristics, rheological properties and applications\u201d. J. Orcajo, I. Marcet, B. Paredes, M. D\u00edaz. Food and Bioproducts Processing 91, 457-463 (2013).<\/li><li>\u201cRheological and textural properties in a bakery product as a function of the proportions of the egg yolk fractions: Discussion and modelling\u201d. I. Marcet, S. Collado, B. Paredes, M. D\u00edaz. Food Hydrocolloids 54, 119-129 (2016).<\/li><li>\u201cEvaluaci\u00f3n reol\u00f3gica de surimi de Bacalada Cant\u00e1brica. Procesado y gelificaci\u00f3n\u201d. M. R. Pin, A. Laca, B. Paredes, M. D\u00edaz. Alimentaci\u00f3n 246, 40-43 (2009).<br><\/li><\/ul>\n\n\n\n<p>  1.3.2.Wastes<\/p>\n\n\n\n<ul><li>\u201cRheological behaviour of activated sludge treated by thermal hydrolysis\u201d. J.L. Urrea, S. Collado, A. Laca, M. D\u00edaz. Journal of Water Process Engineering 5, 153-159 (2015).<\/li><li>\u201cComportamiento reol\u00f3gico durante la hidr\u00f3lisis t\u00e9rmica y la oxidaci\u00f3n h\u00fameda de lodos\u201d. J.L. Urrea, S. Collado, A. Laca, M. D\u00edaz. Libro de Actas, 245-248. META (2014).<br><\/li><\/ul>\n\n\n\n<p>  1.3.3.Lubricants <\/p>\n\n\n\n<ul><li>\u201cThe tribological behaviour of ZnO nanoparticles as an additive to PAO6\u201d. A. Hern\u00e1ndez, J.E. Fern\u00e1ndez, A. Navas, J.L. Viesca, R. Chou, M. D\u00edaz. Wear 261, 256-273 (2006).<br><\/li><li>\u201cCuO, ZrO2 and ZnO nanoparticles as antiwear additive in oil lubricants\u201d. A. Hern\u00e1ndez, R. Gonz\u00e1lez, J.L. Viesca, J.E. Fern\u00e1ndez, M. D\u00edaz, A. Machado, R. Chou, J. Riba.Wear 265, 422-428 (2008).<\/li><li>\u201cNovel fatty acid anion-based ionic liquids: Contact angle, suface tension, polarity fraction and spreading parameter\u201d, D. Blanco, N. Rivera, P. Oulego, M. D\u00edaz, R.Gonz\u00e1lez, A.Hern\u00e1ndez Battez, J.of Molecular Liquids, 288 (2019).<br><br><\/li><\/ul>\n\n\n\n<p class=\"has-medium-font-size\"><strong>  1.4. Flow<\/strong><\/p>\n\n\n\n<p>  1.4.1.Drop pressure<\/p>\n\n\n\n<ul><li>\u00abPressure drop for air lift pumps\u00bb. M. D\u00edaz, A. Saez, F. Varona. Rev. Latinoam. Ing. Qu\u00edm. y Qu\u00edm. Aplic. 16, 335-350 (1986).<\/li><li>\u201cPressure drop changes during dissolution of pyrite cinder in a fixed bed\u201d. F. Mijangos, F. Varona, J.I. Lombra\u00f1a, M. D\u00edaz. Powder Technology 115, 74-82 (2001).<\/li><li>A. Saez, M. D\u00edaz. \u00abAn\u00e1lisis y optimaci\u00f3n energ\u00e9tica de la impulsi\u00f3n de l\u00edquidos mediante bomba de aire\u00bb.DYNA 59, 53-55 (1984).<\/li><li>S.S. Pandiella, L.A. Garc\u00eda, M. D\u00edaz, C. Webb, \u201cValidation of two-phase computational fluid dynamics by an experimental method\u201d. Experimental Heat Transfer, Fluid Mechamics and Thermodynamics, ISBN 88-467-0014-7. Edizioni ETS, p.1061-1066, Pisa (1997).<br><\/li><\/ul>\n\n\n\n<p class=\"has-medium-font-size\"><strong>  1.5. Thermodynamic data analysis<\/strong><\/p>\n\n\n\n<p>  1.5.1.Diffusivity<\/p>\n\n\n\n<ul><li>\u00abThe N2O analogy: The solubilities of CO2 and N2O in aqueous solutions of organic compounds\u00bb. S.S. Laddha, M. D\u00edaz, P.V. Danckwerts. Chem. Eng. Sci. 36, 228-229 (1981).<\/li><li>\u00abCorrelation for the estimation of gas-liquid diffusivity\u00bb. M. D\u00edaz, A. Vega, J. Coca. Chemical Engineering Communications 52, 271-281 (1987).<\/li><li>\u00abDiffusivities of CO2 and N2O in aqueous alcohol Solutions\u00bb. J.M. D\u00edaz, A. Vega, J. Coca. Journal of Chemical &amp; Engineering Data 33, 10-12 (1988).<\/li><li>\u00abDiffusion of proteases in calcium alginate beads\u00bb. M.A. Longo, I.S. Novella, L.Garc\u00eda, M. D\u00edaz. Enzyme &amp; Microbial Technology 14, 586-590 (1992).<\/li><li>\u201cProtein diffusion in alginate beads monitored by confocal microscopy. The application of wavelets for data reconstruction and analyisis\u201d. A. Laca, L.A. Garc\u00eda, F. Arg\u00fceso, M. D\u00edaz. Journal of Industrial Microbiology &amp; Biotechnology 23, 155-165 (1999).<br><br><\/li><\/ul>\n\n\n\n<p>  1.5.2.Solubility<\/p>\n\n\n\n<ul><li>\u00abSolubility of anthracene and anthraquinone in some pure and mixed solvents\u00bb. E. Cepeda, B. Gomez, J.M. D\u00edaz. Journal of Chemical &amp; Engineering Data 34, 273-275 (1989).<\/li><li>\u00abSolubility of anthracene and anthraquinone in acetonitrile, methyl ethyl kKetone, isopropyl alcohol and their mixtures\u00bb. E.A. Cepeda, M. D\u00edaz. Fluid Phase Equilibria 121, 267-272 (1996).<br><br><\/li><\/ul>\n\n\n\n<p class=\"has-medium-font-size\"><strong>  1.6. Surface properties<\/strong><\/p>\n\n\n\n<p>  1.6.1.Biofilms formation. Flotation <\/p>\n\n\n\n<ul><li>\u00abFlotation and sulphur selectivity of a bituminous coal with different degrees of Oxidation\u00bb. M. D\u00edaz, J.F. Hernanz. Fuel 63, 1466-1467 (1984).<\/li><li>\u201cEffect of surface materials on initial biofilm development\u201d, I. Apil\u00e1nez, A. Guti\u00e9rrez, M. D\u00edaz. Bioresource Technology 66, 225-230 (1998).<\/li><li>\u201cEfecto de la composici\u00f3n de creosotas en la flotaci\u00f3n de carb\u00f3n\u201d. M. D\u00edaz, H. Sastre, J.F. Hernanz. Asitema 43-50 (1979).<\/li><\/ul>\n\n\n\n<p class=\"has-medium-font-size\"><strong>1.7. Mass transfer<\/strong><\/p>\n\n\n\n<p>  1.7.1.In G-L and S-L <\/p>\n\n\n\n<ul><li>\u00abC\u00e1lculo de columnas de transferencia de materia a contracorriente con dispersi\u00f3n en ambas fases\u00bb. M. D\u00edaz, A. Aguayo. Anales de Qu\u00edmica 82, 282-287 (1986).<\/li><li>\u00abTransferencia de materia en la evaporaci\u00f3n a trav\u00e9s de pel\u00edculas insolubles\u00bb. M.A. Busturia, I. Lombra\u00f1a, M. D\u00edaz. Anales de Qu\u00edmica, 381-385 (1986).<\/li><li>\u201cGas-Liquid mass-transfer coefficients in steel converters\u201d. M. Mart\u00edn, C. Blanco, M. Rendueles, M. D\u00edaz. Industrial Engineering Chemistry Research 42, 911-919 (2003).<\/li><li>\u00abTransferencia de materia s\u00f3lido-l\u00edquido en tanques agitados\u00bb. M. D\u00edaz, A. Vega, J. Coca. Ingenier\u00eda Qu\u00edmica, 109-116 (1981).<\/li><li>\u00abEfecto de coeficientes de transferencia de materia y dispersi\u00f3n en operaciones de transferencia de materia\u00bb. A. Aguayo, M. D\u00edaz. Ing. Qu\u00edmica Ag., 67-73 (1985).<br><br><\/li><\/ul>\n\n\n\n<p class=\"has-medium-font-size\"><strong>  1.8. Heat exchange<\/strong><\/p>\n\n\n\n<p>  1.8.1.Liophylization<\/p>\n\n\n\n<ul><li>\u00abEfecto de par\u00e1metros f\u00edsicoqu\u00edmicos y configuracionales en la temperatura y tiempos de liofilizaci\u00f3n de capas de disoluci\u00f3n congeladas\u00bb. C. Elvira, M. D\u00edaz, I. Lombra\u00f1a. Rev. Agroquim. Tecnol. Aliment. 26, 405-414 (1986).<\/li><li>\u00abModelo de poros al azar para liofilizaci\u00f3n de disoluciones congeladas con control t\u00e9rmico\u00bb. C. Elvira, M. D\u00edaz, I. Lombra\u00f1a. Rev. Agroquim. Tecnol. Aliment 26, 148-156 (1986).<\/li><li>\u00abEstrategia de velocidad instant\u00e1nea m\u00e1xima de secado con temperaturas controlantes de liofilizaci\u00f3n\u00bb. I. Lombra\u00f1a, M. D\u00edaz. Anales de Qu\u00edmica 374-380 (1986).<\/li><li>\u00abCongelaci\u00f3n de disoluciones azucaradas: predicci\u00f3n de tiempos de congelaci\u00f3n\u00bb. I. Lombra\u00f1a, M. D\u00edaz. Anales de Qu\u00edmica 386-392 (1986).<\/li><li>\u00abSolute redistribution during the freezing of aqueous solutions under instability conditions\u00bb. J.I. Lombra\u00f1a, M. D\u00edaz. Cryoletter 8, 244-259 (1987).<\/li><li>\u00abCoupled vacuum and heating power control for freeze-drying time reduction of solutions in phials\u00bb. J.I. Lombra\u00f1a, M. D\u00edaz. Vacuum Science &amp; Technology 37 (5-6), 473-476 (1987).<br><\/li><li>\u00abGarraio-fenomenak ernekien izozlehorketan. II.-masa eta bero garraio-koefizienteen determinazio experimentala\u00bb. I. Lombra\u00f1a, M. D\u00edaz, X. Goenaga. Elhuyar 9, 503-511, (1983).<\/li><li>\u00abGarraio-fenomenak ernekien izozlehorketan. I.-lurrinaren barreaikortasunaren ekerketa\u00bb. I. Lombra\u00f1a, M. D\u00edaz, X. Goenaga. Elhuyar 9, 391-400 (1983).<\/li><li>\u201cProcedimiento para la optimaci\u00f3n del coste energ\u00e9tico en liofilizaci\u00f3n\u201d. I. Lombra\u00f1a, M. D\u00edaz. Comunicaci\u00f3n. Feria Oficial y Nacional de Muestras (1983).<\/li><li>\u00abSimulaci\u00f3n y optimaci\u00f3n energ\u00e9tica de la liofilizaci\u00f3n discont\u00ednua II\u00bb. I. Lombra\u00f1a, M. D\u00edaz. DYNA 59,11 31-32, 1984.<\/li><li>\u00abSimulaci\u00f3n y optimaci\u00f3n energ\u00e9tica de la liofilizaci\u00f3n discontinua I\u00bb. I. Lombra\u00f1a, M.D\u00edaz. DYNA 59, 52-54 (1984).<\/li><li>\u00abEvaporation of mixtures troughout on surface insoluble films\u00bb I. Lombra\u00f1a, M. D\u00edaz. Proceed World Cong. III Chem. Eng., 548-551 (1986).<\/li><li>\u00abConsideraciones sobre la liofilizaci\u00f3n por viales farmace\u00faticos\u00bb. V. Reyes, I. Lombra\u00f1a, M. D\u00edaz. Ind. Farmac. Inv. Tecnol. 1, 95-101 (1986).<\/li><\/ul>\n","protected":false},"excerpt":{"rendered":"<p>1.1. Hydrodynamics 1.1.1.L-G Column \u00abHidrodin\u00e1mica y optimizaci\u00f3n de la potencia de bombas de aire a baja altura y flujo de gas limitado\u00bb. M. D\u00edaz, A. Saez. Anales de Qu\u00edmica 80, 289-294 (1984). \u201cHigh liquid holdup airlift tower loop reactor: I. Riser hydrodynamic characteristics\u201d. J.C. Garc\u00eda, A.G. Lav\u00edn, M. D\u00edaz. Journal of Chemical Technology and Biotechnology [&hellip;]<\/p>\n","protected":false},"author":1,"featured_media":0,"parent":0,"menu_order":0,"comment_status":"closed","ping_status":"closed","template":"","meta":{"ngg_post_thumbnail":0},"_links":{"self":[{"href":"https:\/\/www.unioviedo.es\/TBR\/wp-json\/wp\/v2\/pages\/603"}],"collection":[{"href":"https:\/\/www.unioviedo.es\/TBR\/wp-json\/wp\/v2\/pages"}],"about":[{"href":"https:\/\/www.unioviedo.es\/TBR\/wp-json\/wp\/v2\/types\/page"}],"author":[{"embeddable":true,"href":"https:\/\/www.unioviedo.es\/TBR\/wp-json\/wp\/v2\/users\/1"}],"replies":[{"embeddable":true,"href":"https:\/\/www.unioviedo.es\/TBR\/wp-json\/wp\/v2\/comments?post=603"}],"version-history":[{"count":4,"href":"https:\/\/www.unioviedo.es\/TBR\/wp-json\/wp\/v2\/pages\/603\/revisions"}],"predecessor-version":[{"id":657,"href":"https:\/\/www.unioviedo.es\/TBR\/wp-json\/wp\/v2\/pages\/603\/revisions\/657"}],"wp:attachment":[{"href":"https:\/\/www.unioviedo.es\/TBR\/wp-json\/wp\/v2\/media?parent=603"}],"curies":[{"name":"wp","href":"https:\/\/api.w.org\/{rel}","templated":true}]}}