{"id":613,"date":"2020-09-28T14:07:20","date_gmt":"2020-09-28T14:07:20","guid":{"rendered":"https:\/\/www.unioviedo.es\/TBR\/?page_id=613"},"modified":"2020-11-10T17:12:17","modified_gmt":"2020-11-10T17:12:17","slug":"materials-2","status":"publish","type":"page","link":"https:\/\/www.unioviedo.es\/TBR\/materials-2\/","title":{"rendered":"Materials"},"content":{"rendered":"\n<p class=\"has-medium-font-size\"><strong>6.1. Adsorbents and catalysts<\/strong><br><\/p>\n\n\n\n<p>  6.1.1.Adsorbents <\/p>\n\n\n\n<ul><li>\u201cInteractions between whey proteins and kaolinite surfaces\u201d. S. Barral, M.A. Villa-Garc\u00eda, M. Rendueles, M. D\u00edaz. Acta Materialia 56, 2784-2790 (2008).<\/li><li>\u201cPhysico-Chemical characterization of steel slag. Study of its behaviour under simulated environmental conditions\u201d. C. Navarro, M. D\u00edaz, M. Villa-Garcia. Environmental Science &amp; Technology 44 (14), 5383-5388, (2010).<\/li><li>\u201cNovel biosorbents from almond shells: Characterization and adsorption properties modeling for Cu(II) ions from aqueous solutions\u201d N.Maaloul, P.Oulego, M. Rendueles, M: A. Ghorbal, M.D\u00edaz. J.Environmental Chemical Engineering, 5,3, 2944-2955 (2017)<br><\/li><\/ul>\n\n\n\n<p>  6.1.2.Catalysts <\/p>\n\n\n\n<ul><li>\u201cEggshell-supported catalysts for the advanced oxidation treatment of humic acid polluted wastewaters\u201d, Paula Oulego, Amanda Laca, Sonia Calvo, Mario D\u00edaz, Water 2020. Section:Water and wastewater treatment 12(1), 100.<br><\/li><\/ul>\n\n\n\n<p class=\"has-medium-font-size\"><strong>  6.2. Plastics <\/strong><\/p>\n\n\n\n<p>  6.2.1.Polymethacrylates<\/p>\n\n\n\n<ul><li>\u201dAmmonia-functionalized particulate Poly(flycidylmethacrylate-coethylene-dimethacrylate) based polymers as stationary phase for protein retention\u201d. B. Paredes, E. Su\u00e1rez, M. Rendueles, M.A. Villa-Garc\u00eda, M. D\u00edaz. Journal of Chemical Technology and Biotechnology 76, 1171-1178 (2001).<\/li><li>\u201cInfluence of the amination conditions on the textural properties and chromatographic behaviour of amino-functionalized glycidyl methacrylate-based particulate supports\u201d. B. Paredes, S. Gonz\u00e1lez, M. Rendueles, M.A.Villa-Garc\u00eda, M. D\u00edaz. Acta Materialia 51 (20), 6189-6198 (2003).<\/li><li>\u201dParticulate Poly(glycidy methacrylate-co-ethylene dimethacrylate) material for protein separation by anion-exchange chromatography\u201d. B. Paredes, S. Gonz\u00e1lez, M. Rendueles, J.M. D\u00edaz. Separation and Purification Technology 40, 243-250 (2004).<\/li><li>\u201cSynthesis of 2-(Diethylamino) Ethyl Methacrylate-based polymers. Effect of crosslinking degree, porogen and solvent on the textural properties and protein adsorption performance\u201d. S. Barral, A. Guerreiro, M.A. Villa-Garc\u00eda, M. Rendueles, M. D\u00edaz, S. Piletsky. Reactive and Functional Polymers 70, 890-899 (2010).<\/li><li>\u201cCharacterization of methacrylate resins for protein retention\u201d. E. Su\u00e1rez, B. Paredes, M. Rendueles, M.A. Villa-Garcia, M. D\u00edaz. 7th International Chemical Engineering Conference Proceedings, ISBN-972- 97882-0-0, Vol.1. p. 469-475 (Chempor, Sept. 98, Lisboa) (1998).<br><\/li><\/ul>\n\n\n\n<p class=\"has-medium-font-size\"><strong>  6.3. Biomaterials <\/strong><\/p>\n\n\n\n<p>  6.3.1.Bioparticles <\/p>\n\n\n\n<ul><li>\u201cProduction and characterization of biodegradable PLA nanoparticles loaded with thymol to improve its antimicrobial effect. Transparent and edible films from ultrasound treated egg yolk granules\u201d, Marcet I., Weng, S S\u00e1ez-Orviz, Rendueles, M., D\u00edaz, M. Food and Bioproducts Processing, 11, 735-747 (2018)<\/li><li>\u201cMicroencapsulation of calcium lactobionate for protection from microorganisms in a solid phase food\u201d, S. Saez-Orviz, R. Camilleri, I. Marcet, M. Rendueles, M. D\u00edaz. Biochemical Enginnering J., jun (2019)<\/li><li>\u201cPLA nanoparticles loaded wit thymol to improve its incorporation into gelatin films\u201d I. Marcet, M. D\u00edaz, M. Rendueles. J. Food Engineering 269:109751 \u00b7 October 2019<\/li><li>\u201cExploring encapsulation strategies as a protective mechanism to avoid amensalism in mixed populations of Pseudomonas taetrolens and Lactobacillus casei\u201d Critina Garc\u00eda, Giulinana Rainieri, Manuel Rendueles, Mario D\u00edaz. Bioprocess &amp; Biosystems Eng. 2020 Jan;43(1):55-66.<br><\/li><\/ul>\n\n\n\n<p>  6.3.2.Biofilms<\/p>\n\n\n\n<ul><li>\u201cApproaches for casein films uses in food stuff packaging\u201d. S. S\u00e1ez, A. Laca, M. Rendueles, M. D\u00edaz. Afinidad, 74, 577 (2017)<\/li><li>\u201cDevelopment and characterization of egg yolk and egg yolk fractions edible films\u201d, Sandra Fuertes; Amanda Laca; Paula Oulego; Benjam\u00edn Paredes; Manuel Rendueles; Mario D\u00edaz. Journal: Food Hydrocolloids, 70, 229-239, Sept (2017)<\/li><li>\u201cTransparent and edible films from ultrasound-treated egg yolk granules\u201d I. Marcet, C. Alvarez, B. Paredes, M. Rendueles, M. D\u00edaz. Food &amp; Bioprocess Technology, dic (2018) Abril, vol 11, 4, 735-747<\/li><li>\u00abReducci\u00f3n de la evaporaci\u00f3n de agua por producto base de cremas cosm\u00e9ticas\u00bb. M.A. Busturia, I. Lombra\u00f1a, M. D\u00edaz, C. Quintana. Cosm\u00e9tica &amp; Arom\u00e1tica 4, 11-15 (1985).<br><\/li><\/ul>\n\n\n\n<p>  6.3.3.Gels <\/p>\n\n\n\n<ul><li>\u201cDecolorized porcine globin gels produced by heat-induced gelation. Physical and rheological characterization\u201d. P. del Hoyo, M. Rendueles, M. D\u00edaz. Journal of Food Engineering 113, 245-253 (2012).<\/li><li>\u00abGels prepared from egg yolk and its fractions for tissue engineering\u00bb. A. Rodil, A. Laca, B. Paredes, M. Rendueles, A. Meana, M. D\u00edaz. Biotechnology Progress 32, 6, 1577-1583 (2016)<br><\/li><\/ul>\n\n\n\n<p class=\"has-medium-font-size\"><strong>  6.4. Medical applications<\/strong><\/p>\n\n\n\n<p>\n\n 6.4.1.Scaffolds\n\n<\/p>\n\n\n\n<ul><li>\u201cSynthesis and characterization of eco-friendly cellulose beads for copper (II) removal from aqueous solutions\u201d, Najeh Maaloul, Paula Oulego, Manuel Rendueles, Achraf Ghorbal, Mario Diaz. Environ Sci Pollut Res, Jan, 3, (2019).<br><\/li><\/ul>\n\n\n\n<p class=\"has-medium-font-size\"><strong>  6.5. Lignocellulosics <\/strong><\/p>\n\n\n\n<p>  6.5.1.For adsorption <\/p>\n\n\n\n<ul><li>\u201cSynthesis and characterization of eco-friendly cellulose beads for copper (II) removal from aqueous solutions\u201d, Najeh Maaloul, Paula Oulego, Manuel Rendueles, Achraf Ghorbal, Mario Diaz. Environ Sci Pollut Res, Jan, 3, (2019).<\/li><\/ul>\n","protected":false},"excerpt":{"rendered":"<p>6.1. Adsorbents and catalysts 6.1.1.Adsorbents \u201cInteractions between whey proteins and kaolinite surfaces\u201d. S. Barral, M.A. Villa-Garc\u00eda, M. Rendueles, M. D\u00edaz. Acta Materialia 56, 2784-2790 (2008). \u201cPhysico-Chemical characterization of steel slag. Study of its behaviour under simulated environmental conditions\u201d. C. Navarro, M. D\u00edaz, M. Villa-Garcia. Environmental Science &amp; Technology 44 (14), 5383-5388, (2010). \u201cNovel biosorbents from [&hellip;]<\/p>\n","protected":false},"author":1,"featured_media":0,"parent":0,"menu_order":0,"comment_status":"closed","ping_status":"closed","template":"","meta":{"ngg_post_thumbnail":0},"_links":{"self":[{"href":"https:\/\/www.unioviedo.es\/TBR\/wp-json\/wp\/v2\/pages\/613"}],"collection":[{"href":"https:\/\/www.unioviedo.es\/TBR\/wp-json\/wp\/v2\/pages"}],"about":[{"href":"https:\/\/www.unioviedo.es\/TBR\/wp-json\/wp\/v2\/types\/page"}],"author":[{"embeddable":true,"href":"https:\/\/www.unioviedo.es\/TBR\/wp-json\/wp\/v2\/users\/1"}],"replies":[{"embeddable":true,"href":"https:\/\/www.unioviedo.es\/TBR\/wp-json\/wp\/v2\/comments?post=613"}],"version-history":[{"count":3,"href":"https:\/\/www.unioviedo.es\/TBR\/wp-json\/wp\/v2\/pages\/613\/revisions"}],"predecessor-version":[{"id":670,"href":"https:\/\/www.unioviedo.es\/TBR\/wp-json\/wp\/v2\/pages\/613\/revisions\/670"}],"wp:attachment":[{"href":"https:\/\/www.unioviedo.es\/TBR\/wp-json\/wp\/v2\/media?parent=613"}],"curies":[{"name":"wp","href":"https:\/\/api.w.org\/{rel}","templated":true}]}}