{"id":619,"date":"2020-09-28T14:08:43","date_gmt":"2020-09-28T14:08:43","guid":{"rendered":"https:\/\/www.unioviedo.es\/TBR\/?page_id=619"},"modified":"2020-11-10T17:25:16","modified_gmt":"2020-11-10T17:25:16","slug":"education-and-more","status":"publish","type":"page","link":"https:\/\/www.unioviedo.es\/TBR\/education-and-more\/","title":{"rendered":"Education and others"},"content":{"rendered":"\n<p class=\"has-medium-font-size\"><strong>9.1. Chemical engineering<\/strong><br><\/p>\n\n\n\n<p>  9.1.1.Transport phenomena<\/p>\n\n\n\n<ul><li>\u00abEcuaciones de transporte. An\u00e1lisis y aplicaciones a procesos qu\u00edmicos\u00bb, M. D\u00edaz, Ingenier\u00eda Qu\u00edmica, Septiembre, 211-218 (1992).<br><\/li><\/ul>\n\n\n\n<p class=\"has-medium-font-size\"><strong>  9.2. Biochemical engineering<\/strong><\/p>\n\n\n\n<p>  9.2.1.Biotechnology<\/p>\n\n\n\n<ul><li>\u201cEngineering bioreaction systems: A Spanish perspective\u201d. M. D\u00edaz. Biochemical Engineering Journal 26, 85 (2005).<\/li><li>\u00abTecnolog\u00eda de procesos anaerobios\u00bb. M. D\u00edaz. Biotecnolog\u00eda. Desarrollo interdistiplinar Ed. U. Pa\u00eds Vasco, 135-156 (1986).<\/li><li>\u00abProcesos biotecnol\u00f3gicos en el Medio Ambiente\u00bb. J.M. D\u00edaz. Biotecnolog\u00eda de Procesos. Serv. Ed. Univ. Pa\u00eds Vasco, 171-186 (1988).<\/li><li>\u201cProcesos f\u00edsicos en Biotecnolog\u00eda: Ense\u00f1aza y Dise\u00f1o\u201d. S. Collado, M. D\u00edaz. ARBOR Ciencia, Pensamiento y Cultura 190-768, a158 (2014).<\/li><li>\u201cBiotecnolog\u00eda Industrial\u201d. M. Rendueles, M. D\u00edaz. ARBOR Ciencia, Pensamiento y Cultura 190-768, 1-13 (2015).<br><\/li><\/ul>\n\n\n\n<p class=\"has-medium-font-size\"><strong>  9.3. Industry<\/strong><\/p>\n\n\n\n<p>  9.3.1.Regulations<\/p>\n\n\n\n<ul><li>\u00abPar\u00e1metros de contaminaci\u00f3n y normativa en colectores urbanos\u00bb. J.M. Merino, C. Urbano, L. Camarero, F. Romero, J.M. D\u00edaz. Tecnolog\u00eda del Agua 46, 35-40, (1988).<\/li><li>\u201cNew trends in the Spanish Chemical Industry. The cloud and the silver line\u201d. J.R. Fern\u00e1ndez, M. D\u00edaz. Chemistry Today 27 (6), 66-67 (2009).<br><\/li><\/ul>\n\n\n\n<p class=\"has-medium-font-size\"><strong>  9.4. Communication <\/strong><\/p>\n\n\n\n<p>  9.4.1.Communication<\/p>\n\n\n\n<ul><li>\u201cIntertexto virtual: El formato digital\u201d. M. D\u00edaz, En Intertexto y Polifon\u00eda. Tomo II: Ed. F.Bango, A. Niembro, E. Alvarez. Univ. Oviedo, ISBN 978-84-8317-719-8, 1253-1260 (2008).<\/li><\/ul>\n","protected":false},"excerpt":{"rendered":"<p>9.1. Chemical engineering 9.1.1.Transport phenomena \u00abEcuaciones de transporte. An\u00e1lisis y aplicaciones a procesos qu\u00edmicos\u00bb, M. D\u00edaz, Ingenier\u00eda Qu\u00edmica, Septiembre, 211-218 (1992). 9.2. Biochemical engineering 9.2.1.Biotechnology \u201cEngineering bioreaction systems: A Spanish perspective\u201d. M. D\u00edaz. Biochemical Engineering Journal 26, 85 (2005). \u00abTecnolog\u00eda de procesos anaerobios\u00bb. M. D\u00edaz. Biotecnolog\u00eda. Desarrollo interdistiplinar Ed. U. Pa\u00eds Vasco, 135-156 (1986). \u00abProcesos [&hellip;]<\/p>\n","protected":false},"author":1,"featured_media":0,"parent":0,"menu_order":0,"comment_status":"closed","ping_status":"closed","template":"","meta":{"ngg_post_thumbnail":0},"_links":{"self":[{"href":"https:\/\/www.unioviedo.es\/TBR\/wp-json\/wp\/v2\/pages\/619"}],"collection":[{"href":"https:\/\/www.unioviedo.es\/TBR\/wp-json\/wp\/v2\/pages"}],"about":[{"href":"https:\/\/www.unioviedo.es\/TBR\/wp-json\/wp\/v2\/types\/page"}],"author":[{"embeddable":true,"href":"https:\/\/www.unioviedo.es\/TBR\/wp-json\/wp\/v2\/users\/1"}],"replies":[{"embeddable":true,"href":"https:\/\/www.unioviedo.es\/TBR\/wp-json\/wp\/v2\/comments?post=619"}],"version-history":[{"count":4,"href":"https:\/\/www.unioviedo.es\/TBR\/wp-json\/wp\/v2\/pages\/619\/revisions"}],"predecessor-version":[{"id":681,"href":"https:\/\/www.unioviedo.es\/TBR\/wp-json\/wp\/v2\/pages\/619\/revisions\/681"}],"wp:attachment":[{"href":"https:\/\/www.unioviedo.es\/TBR\/wp-json\/wp\/v2\/media?parent=619"}],"curies":[{"name":"wp","href":"https:\/\/api.w.org\/{rel}","templated":true}]}}