{"id":72,"date":"2023-03-13T21:02:25","date_gmt":"2023-03-13T21:02:25","guid":{"rendered":"https:\/\/www.unioviedo.es\/XIIISeminarioRIPO\/?page_id=72"},"modified":"2023-03-13T21:04:15","modified_gmt":"2023-03-13T21:04:15","slug":"aviso-legal","status":"publish","type":"page","link":"https:\/\/www.unioviedo.es\/XIIISeminarioRIPO\/index.php\/aviso-legal\/","title":{"rendered":"AVISO LEGAL"},"content":{"rendered":"\n<h3 class=\"wp-block-heading\">Informaci\u00f3n al usuario<\/h3>\n\n\n\n<p><strong>Universidad de Oviedo<\/strong>, con domicilio social en C\/ SAN FRANCISCO, 3 \u2013 Oviedo 33007 (ASTURIAS) y CIF Q3318001I, en adelante el RESPONSABLE, es el Responsable del tratamiento de los datos personales del Usuario y le informa que estos datos ser\u00e1n tratados de conformidad con lo dispuesto en el Reglamento (UE) 2016\/679 de 27 de abril de 2016 (GDPR) relativo a la protecci\u00f3n de las personas f\u00edsicas en lo que respecta al tratamiento de datos personales y a la libre circulaci\u00f3n de estos datos, por lo que se le facilita la siguiente informaci\u00f3n del tratamiento:<\/p>\n\n\n\n<h4 class=\"wp-block-heading\">Fin del tratamiento<\/h4>\n\n\n\n<p>En el momento de la recogida de los datos se le informar\u00e1 de las finalidades del tratamiento, pudiendo ser:<\/p>\n\n\n\n<ul class=\"wp-block-list\">\n<li>Gesti\u00f3n docente y acad\u00e9mica, en particular la gesti\u00f3n de la matr\u00edcula, la confecci\u00f3n de actas de calificaci\u00f3n y su publicidad, la confecci\u00f3n de certificados personales, expedici\u00f3n de t\u00edtulos, gesti\u00f3n de pr\u00e1cticas en empresa e instituciones, y en general las necesarias para la prestaci\u00f3n de las funciones propias de un Servicio P\u00fablico de Educaci\u00f3n Superior.<\/li>\n\n\n\n<li>Gesti\u00f3n de la investigaci\u00f3n en lo relacionado con la actividad investigadora del Personal Docente e Investigador y contratos de investigaci\u00f3n.<\/li>\n\n\n\n<li>Gesti\u00f3n del personal en las finalidades necesarias para el mantenimiento de las relaciones laborales y el cumplimiento de las normas legales reguladoras de la materia, tanto para el Personal Docente e Investigador como para el Personal de Administraci\u00f3n y Servicios.<\/li>\n\n\n\n<li>Gesti\u00f3n econ\u00f3mica y del patrimonio, en particular el tratamiento y gesti\u00f3n de contratos subscritos y solicitud de servicios ofrecidos por la Universidad de Oviedo.<\/li>\n\n\n\n<li>Gesti\u00f3n de solicitudes y ofertas de empleo, y en su caso del proceso selectivo al que pudiera dar lugar, incluyendo la confecci\u00f3n de bolsas de empleo.<\/li>\n\n\n\n<li>Servicios a la comunidad universitaria, incluyendo, entre otros, servicio de prevenci\u00f3n, biblioteca, transporte, deportes, relaciones internacionales, correo electr\u00f3nico institucional y acceso a servicios telem\u00e1ticos.<\/li>\n\n\n\n<li>Solicitud de informaci\u00f3n, dudas o sugerencias, as\u00ed como la presentaci\u00f3n de instancias y escritos dirigidos a la Universidad de Oviedo.<\/li>\n<\/ul>\n\n\n\n<h4 class=\"wp-block-heading\">Criterios de conservaci\u00f3n de los datos<\/h4>\n\n\n\n<p>Se conservar\u00e1n mientras exista un inter\u00e9s mutuo para mantener el fin del tratamiento y cuando ya no sea necesario para tal fin, se suprimir\u00e1n con medidas de seguridad adecuadas para garantizar la seudonimizaci\u00f3n de los datos o la destrucci\u00f3n total de los mismos.<\/p>\n\n\n\n<h4 class=\"wp-block-heading\">Comunicaci\u00f3n de los datos<\/h4>\n\n\n\n<p>El Responsable contrata con terceros encargados del tratamiento para poder prestar sus servicios. En concreto, el Responsable tiene suscritos acuerdos con los siguientes proveedores de servicios:<\/p>\n\n\n\n<ul class=\"wp-block-list\">\n<li>Microsoft (servicio de correo electr\u00f3nico).<\/li>\n\n\n\n<li>Telecable (servicio de red de datos y comunicaciones).<\/li>\n<\/ul>\n\n\n\n<p>Con excepci\u00f3n de las entidades mencionadas, no se ceder\u00e1n sus datos a otros terceros. Si por alguna raz\u00f3n fuera necesario comunicar dichos datos a terceros, se le informar\u00e1 previamente y, en su caso, se le solicitar\u00e1 su consentimiento y se especificar\u00e1n las finalidades de la comunicaci\u00f3n y la identidad del tercero al que van a ser comunicados.<\/p>\n\n\n\n<p>Todo ello, con excepci\u00f3n de los supuestos en los que un requerimiento legal obligue a comunicar dichos datos a un tercero o u obtenci\u00f3n del consentimiento del interesado.<\/p>\n\n\n\n<h4 class=\"wp-block-heading\">Derechos que asisten al Usuario<\/h4>\n\n\n\n<p>Las personas que nos facilitan sus datos gozan de los siguientes derechos en relaci\u00f3n a los mismos:<\/p>\n\n\n\n<ol class=\"wp-block-list\">\n<li>Derecho de acceso<\/li>\n\n\n\n<li>Derecho de rectificaci\u00f3n o supresi\u00f3n<\/li>\n\n\n\n<li>Derecho a la limitaci\u00f3n del tratamiento<\/li>\n\n\n\n<li>Derecho a la portabilidad<\/li>\n\n\n\n<li>Derecho de oposici\u00f3n<\/li>\n\n\n\n<li>Derecho a revocar el consentimiento<\/li>\n\n\n\n<li>Derecho a presentar una reclamaci\u00f3n Autoridad de Control competente, en este caso, la Agencia Espa\u00f1ola de Protecci\u00f3n de Datos, especialmente, en caso de que no haya obtenido satisfacci\u00f3n en el ejercicio de sus derechos. Puede ponerse en contacto con la Agencia Espa\u00f1ola de Protecci\u00f3n de Datos a trav\u00e9s de sus tel\u00e9fonos 901 100 099 y 912 663 517 o visit\u00e1ndoles a su direcci\u00f3n C\/ Jorge Juan, 6. 28001 \u2013 Madrid.<\/li>\n<\/ol>\n\n\n\n<p>Los derechos 1-6 pueden ejercerse mediante el env\u00edo del modelo de solicitud que puede descargar aqu\u00ed o podr\u00e1 realizarse enviando un email a&nbsp;<a href=\"mailto:secretariageneral@uniovi.es\">secretariageneral@uniovi.es<\/a>, indicando claramente qu\u00e9 derecho desea ejercer y aportando una copia de su documento de identidad para acreditar su identificaci\u00f3n.<\/p>\n\n\n\n<p>Si quiere obtener m\u00e1s informaci\u00f3n acerca de sus derechos, le sugerimos que visite la p\u00e1gina web de la Agencia Espa\u00f1ola de Protecci\u00f3n de Datos.<\/p>\n\n\n\n<h4 class=\"wp-block-heading\">Datos de contacto para ejercer sus derechos<\/h4>\n\n\n\n<ul class=\"wp-block-list\">\n<li>UNIVERSIDAD DE OVIEDO<\/li>\n\n\n\n<li>CIF: Q3318001I<\/li>\n\n\n\n<li>C\/ SAN FRANCISCO, 3 33007 Oviedo (ASTURIAS)<\/li>\n\n\n\n<li><a href=\"mailto:secretariageneral@uniovi.es\">secretariageneral@uniovi.es<\/a><\/li>\n<\/ul>\n\n\n\n<h4 class=\"wp-block-heading\">Procedencia de los datos<\/h4>\n\n\n\n<p>La totalidad de los datos recabados proceden del interesado.<\/p>\n\n\n\n<h4 class=\"wp-block-heading\">Delegado de Protecci\u00f3n de Datos (DPO)<\/h4>\n\n\n\n<p>El RESPONSABLE, en aras de garantizar la seguridad de sus datos, ha designado un Delegado de Protecci\u00f3n de Datos al cual puede dirigirse a trav\u00e9s de la siguiente direcci\u00f3n de correo electr\u00f3nico:&nbsp;<a href=\"mailto:uniovidpo@herrero.es\">uniovidpo@herrero.es<\/a>.<\/p>\n\n\n\n<h3 class=\"wp-block-heading\">Car\u00e1cter obligatorio o facultarivo de la informaci\u00f3n facilitada por el usuario<\/h3>\n\n\n\n<p>Los Usuarios, mediante la marcaci\u00f3n de las casillas correspondientes y entrada de datos en los campos, marcados con un asterisco (*) en el formulario de contacto o presentados en formularios de descarga, aceptan expresamente y de forma libre e inequ\u00edvoca, que sus datos son necesarios para atender su petici\u00f3n, por parte del prestador, siendo voluntaria la inclusi\u00f3n de datos en los campos restantes. El Usuario garantiza que los datos personales facilitados al RESPONSABLE son veraces y se hace responsable de comunicar cualquier modificaci\u00f3n de los mismos.<\/p>\n\n\n\n<p>El RESPONSABLE informa y garantiza expresamente a los usuarios que sus datos personales no ser\u00e1n cedidos en ning\u00fan caso a terceros, y que siempre que realizara alg\u00fan tipo de cesi\u00f3n de datos personales, se pedir\u00e1 previamente el consentimiento expreso, informado e inequ\u00edvoco por parte los Usuarios. Todos los datos solicitados a trav\u00e9s del sitio web son obligatorios, ya que son necesarios para la prestaci\u00f3n de un servicio \u00f3ptimo al Usuario. En caso de que no sean facilitados todos los datos, no se garantiza que la informaci\u00f3n y servicios facilitados sean completamente ajustados a sus necesidades.<\/p>\n\n\n\n<h3 class=\"wp-block-heading\">Medidas de seguridad<\/h3>\n\n\n\n<p>Que de conformidad con lo dispuesto en las normativas vigentes en protecci\u00f3n de datos personales, el RESPONSABLE est\u00e1 cumpliendo con todas las disposiciones de las normativas GDPR para el tratamiento de los datos personales de su responsabilidad, y manifiestamente con los principios descritos en el art\u00edculo 5 del GDPR, por los cuales son tratados de manera l\u00edcita, leal y transparente en relaci\u00f3n con el interesado y adecuados, pertinentes y limitados a lo necesario en relaci\u00f3n con los fines para los que son tratados.<\/p>\n\n\n\n<p>El RESPONSABLE garantiza que ha implementado pol\u00edticas t\u00e9cnicas y organizativas apropiadas para aplicar las medidas de seguridad que establecen el GDPR con el fin de proteger los derechos y libertades de los Usuarios y les ha comunicado la informaci\u00f3n adecuada para que puedan ejercerlos.<\/p>\n","protected":false},"excerpt":{"rendered":"<p>Informaci\u00f3n al usuario Universidad de Oviedo, con domicilio social en C\/ SAN FRANCISCO, 3 \u2013 Oviedo 33007 (ASTURIAS) y CIF Q3318001I, en adelante el RESPONSABLE, es el Responsable del tratamiento de los datos personales del Usuario y le informa que estos datos ser\u00e1n tratados de conformidad con lo dispuesto en el Reglamento (UE) 2016\/679 de &#8230; <a title=\"AVISO LEGAL\" class=\"read-more\" href=\"https:\/\/www.unioviedo.es\/XIIISeminarioRIPO\/index.php\/aviso-legal\/\" aria-label=\"M\u00e1s en AVISO LEGAL\">Leer m\u00e1s<\/a><\/p>\n","protected":false},"author":1,"featured_media":0,"parent":0,"menu_order":0,"comment_status":"closed","ping_status":"closed","template":"","meta":{"footnotes":""},"class_list":["post-72","page","type-page","status-publish"],"_links":{"self":[{"href":"https:\/\/www.unioviedo.es\/XIIISeminarioRIPO\/index.php\/wp-json\/wp\/v2\/pages\/72","targetHints":{"allow":["GET"]}}],"collection":[{"href":"https:\/\/www.unioviedo.es\/XIIISeminarioRIPO\/index.php\/wp-json\/wp\/v2\/pages"}],"about":[{"href":"https:\/\/www.unioviedo.es\/XIIISeminarioRIPO\/index.php\/wp-json\/wp\/v2\/types\/page"}],"author":[{"embeddable":true,"href":"https:\/\/www.unioviedo.es\/XIIISeminarioRIPO\/index.php\/wp-json\/wp\/v2\/users\/1"}],"replies":[{"embeddable":true,"href":"https:\/\/www.unioviedo.es\/XIIISeminarioRIPO\/index.php\/wp-json\/wp\/v2\/comments?post=72"}],"version-history":[{"count":1,"href":"https:\/\/www.unioviedo.es\/XIIISeminarioRIPO\/index.php\/wp-json\/wp\/v2\/pages\/72\/revisions"}],"predecessor-version":[{"id":73,"href":"https:\/\/www.unioviedo.es\/XIIISeminarioRIPO\/index.php\/wp-json\/wp\/v2\/pages\/72\/revisions\/73"}],"wp:attachment":[{"href":"https:\/\/www.unioviedo.es\/XIIISeminarioRIPO\/index.php\/wp-json\/wp\/v2\/media?parent=72"}],"curies":[{"name":"wp","href":"https:\/\/api.w.org\/{rel}","templated":true}]}}