{"id":1396,"date":"2020-04-15T19:57:42","date_gmt":"2020-04-15T17:57:42","guid":{"rendered":"https:\/\/www.unioviedo.es\/aei\/?page_id=1396"},"modified":"2020-04-17T20:11:11","modified_gmt":"2020-04-17T18:11:11","slug":"italia","status":"publish","type":"page","link":"https:\/\/www.unioviedo.es\/aei\/italia\/","title":{"rendered":"Italia"},"content":{"rendered":"\n<p><a href=\"https:\/\/www.unioviedo.es\/aei\/educacion-de-adultos\/\">Educaci\u00f3n de adultos<\/a> &gt; <a href=\"https:\/\/www.unioviedo.es\/aei\/acerca-de-la-educacion-de-adultos\/\">Acerca de la educaci\u00f3n de adultos<\/a> &gt; <a href=\"https:\/\/www.unioviedo.es\/aei\/italia\/\">Italia<\/a><\/p>\n\n\n\n<div class=\"wp-block-media-text alignwide has-media-on-the-right\" style=\"grid-template-columns:auto 10%\"><figure class=\"wp-block-media-text__media\"><img loading=\"lazy\" decoding=\"async\" width=\"857\" height=\"1024\" src=\"https:\/\/www.unioviedo.es\/aei\/wp-content\/uploads\/2020\/04\/italia-857x1024.png\" alt=\"Mapa de Italia\" class=\"wp-image-1420\" srcset=\"https:\/\/www.unioviedo.es\/aei\/wp-content\/uploads\/2020\/04\/italia-857x1024.png 857w, https:\/\/www.unioviedo.es\/aei\/wp-content\/uploads\/2020\/04\/italia-251x300.png 251w, https:\/\/www.unioviedo.es\/aei\/wp-content\/uploads\/2020\/04\/italia-768x918.png 768w, https:\/\/www.unioviedo.es\/aei\/wp-content\/uploads\/2020\/04\/italia.png 1071w\" sizes=\"auto, (max-width: 857px) 100vw, 857px\" \/><\/figure><div class=\"wp-block-media-text__content\">\n<h4 class=\"wp-block-heading\">La Educaci\u00f3n de Personas Adultas (EPA) en Italia<\/h4>\n<\/div><\/div>\n\n\n\n\t\t\t\t\t\t<style>\r\n\t\t\t\t\r\n\t\t\t\t\t#tab_container_1422 {\r\n\toverflow:hidden;\r\n\tdisplay:block;\r\n\twidth:100%;\r\n\tborder:0px solid #ddd;\r\n\tmargin-bottom:30px;\r\n\t}\r\n\r\n#tab_container_1422 .tab-content{\r\n\tpadding:20px;\r\n\tborder: 1px solid #e6e6e6 !important;\r\n\tmargin-top: 0px;\r\n\tbackground-color:#ffffff !important;\r\n\tcolor: #000000 !important;\r\n\tfont-size:14px !important;\r\n\tfont-family: Open Sans !important;\r\n\t\r\n\t\tborder: 1px solid #e6e6e6 !important;\r\n\t}\r\n#tab_container_1422 .wpsm_nav-tabs {\r\n    border-bottom: 0px solid #ddd;\r\n}\r\n#tab_container_1422 .wpsm_nav-tabs > li.active > a, #tab_container_1422 .wpsm_nav-tabs > li.active > a:hover, #tab_container_1422 .wpsm_nav-tabs > li.active > a:focus {\r\n\tcolor: #ffffff !important;\r\n\tcursor: default;\r\n\tbackground-color: #0b789c !important;\r\n\tborder: 1px solid #005f83 !important;\r\n}\r\n\r\n#tab_container_1422 .wpsm_nav-tabs > li > a {\r\n    margin-right: 0px !important; \r\n    line-height: 1.42857143 !important;\r\n    border: 1px solid #a1c2da !important;\r\n    border-radius: 0px 0px 0 0 !important; \r\n\tbackground-color: #b4d5ed !important;\r\n\tcolor: #000000 !important;\r\n\tpadding: 15px 18px 15px 18px !important;\r\n\ttext-decoration: none !important;\r\n\tfont-size: 14px !important;\r\n\ttext-align:center !important;\r\n\tfont-family: Open Sans !important;\r\n}\r\n#tab_container_1422 .wpsm_nav-tabs > li > a:focus {\r\noutline: 0px !important;\r\n}\r\n\r\n#tab_container_1422 .wpsm_nav-tabs > li > a:before {\r\n\tdisplay:none !important;\r\n}\r\n#tab_container_1422 .wpsm_nav-tabs > li > a:after {\r\n\tdisplay:none !important ;\r\n}\r\n#tab_container_1422 .wpsm_nav-tabs > li{\r\npadding:0px !important ;\r\nmargin:0px;\r\n}\r\n\r\n#tab_container_1422 .wpsm_nav-tabs > li > a:hover , #tab_container_1422 .wpsm_nav-tabs > li > a:focus {\r\n    color: #000000 !important;\r\n    background-color: #b4d5ed !important;\r\n\tborder: 1px solid #a1c2da !important;\r\n\t\r\n}\r\n#tab_container_1422 .wpsm_nav-tabs > li > a .fa{\r\n\r\nmargin-right:5px !important;\r\n\r\nmargin-left:5px !important;\r\n\r\n\r\n}\r\n\r\n\t\t#tab_container_1422 .wpsm_nav-tabs a{\r\n\t\t\tbackground-image: none;\r\n\t\t\tbackground-position: 0 0;\r\n\t\t\tbackground-repeat: repeat-x;\r\n\t\t}\r\n\t\t\t\r\n\r\n\r\n#tab_container_1422 .wpsm_nav-tabs > li {\r\n    float: left;\r\n    margin-bottom: -1px !important;\r\n\tmargin-right:0px !important; \r\n}\r\n\r\n\r\n#tab_container_1422 .tab-content{\r\noverflow:hidden !important;\r\n}\r\n\r\n\r\n@media (min-width: 769px) {\r\n\r\n\t#tab_container_1422 .wpsm_nav-tabs > li{\r\n\t\tfloat:left !important ;\r\n\t\t\t\tmargin-right:-1px !important;\r\n\t\t\t\t\t}\r\n\t#tab_container_1422 .wpsm_nav-tabs{\r\n\t\tfloat:none !important;\r\n\t\tmargin:0px !important;\r\n\t}\r\n\r\n\t#tab_container_1422 .wpsm_nav-tabs > li {\r\n\t\t\t\t\r\n\t}\r\n\t#tab_container_1422 .wpsm_nav{\r\n\t\t\t}\r\n\r\n}\r\n\r\n\r\n\r\n@media (max-width: 768px) {\r\n\t#tab_container_1422 .wpsm_nav-tabs > li {\r\n\t\t\t\t\r\n\t}\r\n\t#tab_container_1422 .wpsm_nav{\r\n\t\t\t}\r\n}\r\n\r\n\r\n\t.wpsm_nav-tabs li:before{\r\n\t\tdisplay:none !important;\r\n\t}\r\n\r\n\t@media (max-width: 768px) {\r\n\t\t\t\t\r\n\t\t\t\t.wpsm_nav-tabs{\r\n\t\t\tmargin-left:0px !important;\r\n\t\t\tmargin-right:0px !important; \r\n\t\t\t\r\n\t\t}\r\n\t\t\t\t\t\r\n\t\t\t#tab_container_1422 .wpsm_nav-tabs > li {\r\n\t\t\t\t\t\t\r\n\t\t\t}\r\n\t\t\t\r\n\t\t\t\t\t\t\r\n\t\t\t\r\n\t}p, li, ul li, ol li\r\n{\r\n    text-align: justify;\r\n}\r\n\t\t\t\t<\/style>\r\n\t\t\t\t<div id=\"tab_container_1422\" >\r\n\t \r\n\t\t\t\t\t<ul class=\"wpsm_nav wpsm_nav-tabs\" role=\"tablist\" id=\"myTab_1422\">\r\n\t\t\t\t\t\t\t\r\n\t\t\t\t\t\t\t<li role=\"presentation\"  class=\"active\"  onclick=\"do_resize()\">\r\n\t\t\t\t\t\t\t\t<a href=\"#tabs_desc_1422_1\" aria-controls=\"tabs_desc_1422_1\" role=\"tab\" data-toggle=\"tab\">\r\n\t\t\t\t\t\t\t\t\t\r\n\t\t\t\t\t\t\t\t\t\t\t\t\t\t\t\t\t\t\t\t\t\t\t\t\t\t\t\t\r\n\t\t\t\t\t\t\t\t\t\t\t\t\t\t\t\t\t\t\r\n\t\t\t\t\t\t\t\t\t<span>EPA<\/span>\r\n\t\t\t\t\t\t\t\t\t\r\n\t\t\t\t\t\t\t\t\t\t\t\t\t\t\t\t\t\t\r\n\t\t\t\t\t\t\t\t\t\t\t\t\t\t\t\t\t\t\t\t\r\n\t\t\t\t\t\t\t\t\t\r\n\t\t\t\t\t\t\t\t<\/a>\r\n\t\t\t\t\t\t\t<\/li>\r\n\t\t\t\t\t\t\t\r\n\t\t\t\t\t\t\t<li role=\"presentation\"  onclick=\"do_resize()\">\r\n\t\t\t\t\t\t\t\t<a href=\"#tabs_desc_1422_2\" aria-controls=\"tabs_desc_1422_2\" role=\"tab\" data-toggle=\"tab\">\r\n\t\t\t\t\t\t\t\t\t\r\n\t\t\t\t\t\t\t\t\t\t\t\t\t\t\t\t\t\t\t\t\t\t\t\t\t\t\t\t\r\n\t\t\t\t\t\t\t\t\t\t\t\t\t\t\t\t\t\t\r\n\t\t\t\t\t\t\t\t\t<span>Distribuci\u00f3n de responsabilidades<\/span>\r\n\t\t\t\t\t\t\t\t\t\r\n\t\t\t\t\t\t\t\t\t\t\t\t\t\t\t\t\t\t\r\n\t\t\t\t\t\t\t\t\t\t\t\t\t\t\t\t\t\t\t\t\r\n\t\t\t\t\t\t\t\t\t\r\n\t\t\t\t\t\t\t\t<\/a>\r\n\t\t\t\t\t\t\t<\/li>\r\n\t\t\t\t\t\t\t\r\n\t\t\t\t\t\t\t<li role=\"presentation\"  onclick=\"do_resize()\">\r\n\t\t\t\t\t\t\t\t<a href=\"#tabs_desc_1422_3\" aria-controls=\"tabs_desc_1422_3\" role=\"tab\" data-toggle=\"tab\">\r\n\t\t\t\t\t\t\t\t\t\r\n\t\t\t\t\t\t\t\t\t\t\t\t\t\t\t\t\t\t\t\t\t\t\t\t\t\t\t\t\r\n\t\t\t\t\t\t\t\t\t\t\t\t\t\t\t\t\t\t\r\n\t\t\t\t\t\t\t\t\t<span>Proveedores de formaci\u00f3n<\/span>\r\n\t\t\t\t\t\t\t\t\t\r\n\t\t\t\t\t\t\t\t\t\t\t\t\t\t\t\t\t\t\r\n\t\t\t\t\t\t\t\t\t\t\t\t\t\t\t\t\t\t\t\t\r\n\t\t\t\t\t\t\t\t\t\r\n\t\t\t\t\t\t\t\t<\/a>\r\n\t\t\t\t\t\t\t<\/li>\r\n\t\t\t\t\t\t\t\r\n\t\t\t\t\t\t\t<li role=\"presentation\"  onclick=\"do_resize()\">\r\n\t\t\t\t\t\t\t\t<a href=\"#tabs_desc_1422_4\" aria-controls=\"tabs_desc_1422_4\" role=\"tab\" data-toggle=\"tab\">\r\n\t\t\t\t\t\t\t\t\t\r\n\t\t\t\t\t\t\t\t\t\t\t\t\t\t\t\t\t\t\t\t\t\t\t\t\t\t\t\t\r\n\t\t\t\t\t\t\t\t\t\t\t\t\t\t\t\t\t\t\r\n\t\t\t\t\t\t\t\t\t<span>Oferta formativa<\/span>\r\n\t\t\t\t\t\t\t\t\t\r\n\t\t\t\t\t\t\t\t\t\t\t\t\t\t\t\t\t\t\r\n\t\t\t\t\t\t\t\t\t\t\t\t\t\t\t\t\t\t\t\t\r\n\t\t\t\t\t\t\t\t\t\r\n\t\t\t\t\t\t\t\t<\/a>\r\n\t\t\t\t\t\t\t<\/li>\r\n\t\t\t\t\t\t\t\t\t\t\t <\/ul>\r\n\r\n\t\t\t\t\t  <!-- Tab panes -->\r\n\t\t\t\t\t  <div class=\"tab-content\" id=\"tab-content_1422\">\r\n\t\t\t\t\t\t\t\t\t\t\t\t <div role=\"tabpanel\" class=\"tab-pane  in active \" id=\"tabs_desc_1422_1\">\r\n\t\t\t\t\t\t\t\t<div class=\"entry-Los CPIA, instituidos por el Ministerio de Educaci\u00f3n con el Decreto del Presidente de la Rep\u00fablica n. 263 del 29 de octubre de 2012 comenzaron en toda Italia en el a\u00f1o escolar 2015\/2016\">\r\n\r\n<p>En Italia, al igual que en Europa, la \u00abeducaci\u00f3n de los adultos\u00bb (educazione degli adulti) abarca una serie de actividades encaminadas al enriquecimiento cultural, la recualificaci\u00f3n y la movilidad profesional.<\/p>\r\n\r\n<p>El sistema actual de educaci\u00f3n de adultos en Italia consiste en los Centros Provinciales de Educaci\u00f3n de Adultos (CPIA) y las escuelas secundarias con cursos de segundo nivel para adultos (antiguos cursos nocturnos).<\/p>\r\n\r\n<p>CPIA son centros establecidos por el Ministerio de Educaci\u00f3n con el Decreto del Presidente de la Rep\u00fablica N\u00ba 263, de 29 de octubre de 2012. Han comenzado en toda Italia en el a\u00f1o escolar 2015\/2016. Actualmente, los  centros provinciales de educaci\u00f3n de adultos (CPIA) desempe\u00f1an las funciones que han sido propias de los Centros Territoriales Permanentes (CTP), que han coordinado las diversas ofertas de educaci\u00f3n y formaci\u00f3n para adultos desde 1997 hasta el 31 de agosto de 2015.<\/p>\r\n\r\n<p>La reforma del sistema de educaci\u00f3n de adultos, iniciada en 2012 y terminada en el a\u00f1o escolar 2015\/2016, se inici\u00f3 por decreto del Ministerio de Educaci\u00f3n de 25 de octubre de 2007.<\/p>\r\n\r\n<p>Esta reforma sustituy\u00f3 el t\u00e9rmino \"educaci\u00f3n de adultos\" por \"educaci\u00f3n escolar de adultos\" (IDA), que se refiere al alcance m\u00e1s limitado de las actividades educativas destinadas a adquirir una cualificaci\u00f3n, con el fin de aumentar el nivel educativo de la poblaci\u00f3n adulta.<\/p>\r\n\r\n<h3>Objetivo y destinatarios:<\/h3>\r\n\r\n<p>El objetivo de las actividades educativas es la adquisici\u00f3n de una cualificaci\u00f3n. Su finalidad es aumentar el nivel educativo de la poblaci\u00f3n adulta. Las actividades educativas pueden servir para ampliar o complementar la ense\u00f1anza impartida durante la escolaridad obligatoria o para sustituir la ense\u00f1anza obligatoria para los que abandonan la escuela prematuramente. Tambi\u00e9n pueden organizarse actividades dirigidas al enriquecimiento del patrimonio cultural personal.<\/p>\r\n\r\n<p>Los cursos ofrecidos por los CPIA (Centri provinciali per l\u2019istruzione degli adulti) est\u00e1n abiertos a personas de 16 a\u00f1os o m\u00e1s (las personas de 15 a\u00f1os pueden participar en circunstancias excepcionales).<\/p>\r\n\r\n<h3>Oferta formativa:<\/h3>\r\n<p>Las actividades de \u201ceducaci\u00f3n escolar para adultos\u201d pueden ser organizadas por una escuela en colaboraci\u00f3n con las comunidades locales, involucrando tambi\u00e9n al mercado laboral y a los interlocutores sociales a nivel territorial.<\/p>\r\n\r\n<p>El sistema de \u00abeducaci\u00f3n escolar para adultos\u00bb ofrece:<\/p>\r\n<ul>\r\n \t<li>cursos de primer nivel (realizados por el CPIA) destinados a obtener la calificaci\u00f3n final del primer ciclo de ense\u00f1anza y la certificaci\u00f3n que acredite los conocimientos b\u00e1sicos adquiridos al final de la ense\u00f1anza obligatoria en la formaci\u00f3n profesional y t\u00e9cnica;<\/li>\r\n \t<li>cursos de segundo nivel (implementadas por instituciones educativas de nivel secundario superior) destinados a obtener un diploma de educaci\u00f3n t\u00e9cnica, profesional y art\u00edstica;<\/li>\r\n \t<li>cursos de alfabetizaci\u00f3n y de aprendizaje de la lengua italiana para adultos extranjeros destinados a obtener un t\u00edtulo que certifique la consecuci\u00f3n de un nivel de conocimiento de la lengua italiana no inferior al nivel A2 del MCER (realizados por el CPIA).<\/li>\r\n<\/ul>\r\n<\/div>\t\t\t\t\t\t <\/div>\r\n\t\t\t\t\t\t\t\t\t\t\t\t <div role=\"tabpanel\" class=\"tab-pane \" id=\"tabs_desc_1422_2\">\r\n\t\t\t\t\t\t\t\t<div class=\"entry-content\">\r\n\r\n<h3>Distribuci\u00f3n de responsabilidades:<\/h3>\r\n\r\n<p>En Italia, a nivel central, la educaci\u00f3n de adultos es responsabilidad del Ministerio de Educaci\u00f3n, Universidad e Investigaci\u00f3n; sin embargo, los Centros de Educaci\u00f3n de Adultos (CPIA), as\u00ed como las escuelas secundarias superiores, son instituciones educativas aut\u00f3nomas organizadas a nivel local.<\/p>\r\n\r\n<p>Los CPIA organizan cursos de primer nivel, cursos de alfabetizaci\u00f3n y cursos de lengua italiana para adultos extranjeros, mientras que las escuelas secundarias superiores ofrecen cursos de segundo nivel.<\/p>\r\n\r\n<\/div>\t\t\t\t\t\t <\/div>\r\n\t\t\t\t\t\t\t\t\t\t\t\t <div role=\"tabpanel\" class=\"tab-pane \" id=\"tabs_desc_1422_3\">\r\n\t\t\t\t\t\t\t\t<h3>Principales proveedores de formaci\u00f3n:<\/h3>\r\n<p>Los principales proveedores de educaci\u00f3n para adultos son los Centros provinciales de educaci\u00f3n para adultos (Centri provinciali per l'istruzione degli adulti - CPIA) y las escuelas secundarias superiores que organizan cursos de segundo nivel. Los CPIA y las escuelas secundarias superiores, son instituciones p\u00fablicas que reciben fondos p\u00fablicos.<\/p>\r\n<p>Las CPIA (130 institutos en 2018) ofrecen una oferta educativa para adultos y j\u00f3venes. Son instituciones educativas aut\u00f3nomas con organizaci\u00f3n y estructura de ense\u00f1anzas espec\u00edficas y est\u00e1n organizadas en redes de servicios territoriales, generalmente a nivel provincial, (con una sede cabecera y varios puntos de formaci\u00f3n, entre los que se encuentran los centros penitenciarios). Los CPIA tienen tanta autonom\u00eda como las escuelas ordinarias; por lo tanto, tienen sus propios locales, su propio personal, sus \u00f3rganos rectores colegiados y su autonom\u00eda organizativa y did\u00e1ctica.<\/p>\t\t\t\t\t\t <\/div>\r\n\t\t\t\t\t\t\t\t\t\t\t\t <div role=\"tabpanel\" class=\"tab-pane \" id=\"tabs_desc_1422_4\">\r\n\t\t\t\t\t\t\t\t<h3>Tipos de oferta:<\/h3>\r\nLos centros provinciales de educaci\u00f3n de adultos (Centri provinciali di istruzione degli adulti - CPIA) ofrecen la siguiente oferta educativa:\r\n<ul>\r\n \t<li>Cursos de primer nivel organizados en dos per\u00edodos de ense\u00f1anza:\r\n<ul>\r\n \t<li>el primer per\u00edodo de ense\u00f1anza permite obtener una certificaci\u00f3n de primer ciclo;<\/li>\r\n \t<li>el segundo per\u00edodo de ense\u00f1anza tiene por objeto la obtenci\u00f3n de la certificaci\u00f3n de las competencias b\u00e1sicas adquiridas al final de la ense\u00f1anza obligatoria teniendo como referente las actividades previstas en los planes de estudio comunes a todas las ramas de los estudios t\u00e9cnicos y profesionales;<\/li>\r\n<\/ul>\r\n<\/li>\r\n \t<li>Cursos de alfabetizaci\u00f3n y cursos de lengua italiana dirigidos a adultos extranjeros y que conducen a una certificaci\u00f3n acreditativa del conocimiento de la lengua italiana no inferior al nivel A2 del Marco Com\u00fan Europeo de Referencia para las lenguas elaborado por el Consejo de Europa.<\/li>\r\n<\/ul>\r\n<P>Las escuelas secundarias superiores ofrecen cursos de segundo nivel que conducen a una certificaci\u00f3n de secundaria superior t\u00e9cnica, profesional o art\u00edstica. Los cursos se organizan en tres per\u00edodos de ense\u00f1anza que corresponden a los tres per\u00edodos de ense\u00f1anza de la ense\u00f1anza secundaria superior ordinaria, es decir, el primer per\u00edodo de dos a\u00f1os, el segundo per\u00edodo de dos a\u00f1os y el quinto a\u00f1o.<\/p>\r\n\r\n<p>Todos los cursos pueden personalizarse seg\u00fan un acuerdo formativo individual, previo reconocimiento de los conocimientos del adulto y de sus competencias formales, informales y no formales.<\/p>\r\n<h4 style=\"padding-left: 40px;\">- Formaci\u00f3n dirigida a aumentar los logros en competencias b\u00e1sicas:<\/h4>\r\n<ul>\r\n \t<li>Cursos de primer nivel:<\/li>\r\n<\/ul>\r\n<p style=\"padding-left: 80px;\">Organizados en dos per\u00edodos de ense\u00f1anza: el primer per\u00edodo tiene por objeto la adquisici\u00f3n del certificado del primer ciclo de ense\u00f1anza, mientras que el segundo per\u00edodo conduce a la certificaci\u00f3n de las competencias clave adquiridas al final de la ense\u00f1anza obligatoria. Dichas competencias se refieren a las actividades y materias generales comunes a todas las ramas de estudio de los institutos profesionales y t\u00e9cnicos. Los resultados del aprendizaje de los cursos del primer nivel se refieren a las siguientes \"\u00e1reas culturales\":<\/p>\r\n\r\n<ul>\r\n \t<li style=\"list-style-type: none;\">\r\n<ul>\r\n \t<li>\u00e1rea de idiomas,<\/li>\r\n \t<li>\u00e1rea hist\u00f3rico-social,<\/li>\r\n \t<li>\u00e1rea matem\u00e1tica,<\/li>\r\n \t<li>\u00e1rea cient\u00edfico-tecnol\u00f3gica.<\/li>\r\n<\/ul>\r\n<\/li>\r\n<\/ul>\r\n<p style=\"padding-left: 80px;\">Los resultados del aprendizaje que se esperan al final de cada per\u00edodo de ense\u00f1anza de los cursos de primer nivel, corresponden a competencias, conocimientos y habilidades espec\u00edficas referidas a cada \"\u00e1rea cultural\".<\/p>\r\n<p style=\"padding-left: 80px;\">Los cursos de primer nivel est\u00e1n abiertos a las personas de 18 a\u00f1os o m\u00e1s, tambi\u00e9n a los ciudadanos no italianos, que no posean el certificado del primer ciclo de ense\u00f1anza o que carezcan de las competencias b\u00e1sicas vinculadas a la ense\u00f1anza obligatoria. Tambi\u00e9n pueden acceder a estos cursos las personas mayores de 16 a\u00f1os y sin certificado del primer ciclo de ense\u00f1anza. (En casos excepcionales, previo acuerdo entre la Oficina Escolar Regional y la Regi\u00f3n, tambi\u00e9n los j\u00f3venes de 15 a\u00f1os pueden inscribirse en estos cursos).<\/p>\r\n\r\n<ul>\r\n \t<li>Los cursos de alfabetizaci\u00f3n y de lengua italiana para extranjeros adultos conducen a una certificaci\u00f3n de su conocimiento de la lengua italiana que debe corresponder por lo menos al nivel A2 del Marco Com\u00fan Europeo de Referencia para las lenguas elaborado por el Consejo de Europa.<\/li>\r\n<\/ul>\r\n<p style=\"padding-left: 80px;\">Los ciudadanos no italianos en edad de trabajar, aunque hayan obtenido un t\u00edtulo de estudios en sus pa\u00edses de origen, pueden matricularse en estos cursos.<\/p>\r\n\r\n<h4 style=\"padding-left: 40px;\">- Formaci\u00f3n dirigida a obtener una titulaci\u00f3n oficial en la edad adulta:<\/h4>\r\n<p style=\"padding-left: 40px;\">Los cursos de educaci\u00f3n secundaria tienen como objetivo obtener un certificado de educaci\u00f3n secundaria superior t\u00e9cnica, profesional o art\u00edstica. Se llevan a cabo en los institutos educativos que ofrecen estas ramas de estudio.<\/p>\r\n<p style=\"padding-left: 40px;\">Los cursos t\u00e9cnicos y profesionales de segundo nivel se organizan en los tres per\u00edodos de ense\u00f1anza siguientes:<\/p>\r\n\r\n<ul>\r\n \t<li>el primer per\u00edodo se corresponde con los dos primeros a\u00f1os del curso ordinario de estudios en la rama elegida por el estudiante. Tiene por objeto la obtenci\u00f3n de la certificaci\u00f3n necesaria para acceder al segundo per\u00edodo de dos a\u00f1os de la misma ense\u00f1anza;<\/li>\r\n \t<li>el segundo per\u00edodo se corresponde con el segundo bienio del curso ordinario de la rama elegida por el estudiante. Tiene por objeto conseguir la certificaci\u00f3n necesaria para acceder al \u00faltimo a\u00f1o;<\/li>\r\n \t<li>el tercer per\u00edodo tiene como objetivo conseguir la calificaci\u00f3n t\u00e9cnica o profesional para la rama de estudio elegida por el estudiante.<\/li>\r\n<\/ul>\r\n<p style=\"padding-left: 40px;\">Los cursos de segundo nivel est\u00e1n abiertos a personas de 18 a\u00f1os o m\u00e1s, incluidos los ciudadanos no italianos, que posean el certificado del primer ciclo de educaci\u00f3n. Los cursos tambi\u00e9n est\u00e1n abiertos a las personas de 16 a\u00f1os o m\u00e1s, que posean el certificado del primer ciclo de educaci\u00f3n si no pueden asistir a los cursos diurnos.<\/p>\r\n<p style=\"padding-left: 40px;\">Se da prioridad a los adultos que desean obtener un t\u00edtulo de un nivel superior al que tienen actualmente; sin embargo, tambi\u00e9n pueden inscribirse los adultos que posean el certificado del segundo ciclo, en caso de una necesidad espec\u00edfica y motivada y si hay puestos vacantes disponibles.<\/p>\r\n\r\n<h4 style=\"padding-left: 40px;\">- Formaci\u00f3n dirigida a la transici\u00f3n al mercado laboral:<\/h4>\r\n<p style=\"padding-left: 40px;\">La oferta de educaci\u00f3n y formaci\u00f3n que ofrecen los CPIA tiene por objeto ayudar a los adultos a adquirir conocimientos, aptitudes y competencias que puedan capitalizar en su vida. Ese desarrollo de competencias puede generar un efecto multiplicador con repercusiones en el bienestar c\u00edvico y social, aumentando as\u00ed las oportunidades de acceso al mercado laboral. La interacci\u00f3n entre el mercado de trabajo y el sistema de educaci\u00f3n y formaci\u00f3n implica activamente a las entidades p\u00fablicas y privadas.<\/p>\r\n<p style=\"padding-left: 40px;\">Los principales instrumentos de referencia para ampliar la oferta educativa son el sistema p\u00fablico de certificaci\u00f3n de competencias, basado en clasificaciones codificadas internacionales, nacionales o regionales, junto con el Marco Europeo de Cualificaciones (MEC) y el Sistema Europeo de Cr\u00e9ditos para la Educaci\u00f3n y la Formaci\u00f3n Profesionales (ECVET).<\/p>\r\n<p style=\"padding-left: 40px;\">La oferta educativa puede ampliarse a trav\u00e9s de la firma de acuerdos entre los departamentos competentes de las Regiones con las autoridades locales y\/o con entidades p\u00fablicas o privadas. El objeto de estos acuerdos es ampliar la oferta educativa a trav\u00e9s de iniciativas vinculadas a las finalidades del CPIA y, por lo tanto, a su contexto cultural, social y econ\u00f3mico de referencia.<\/p>\r\n\r\n<h4 style=\"padding-left: 40px;\">- Otra tipolog\u00eda de ofertas formativas para adultos financiada con fondos p\u00fablicos:<\/h4>\r\n<p style=\"padding-left: 40px;\">La reforma del sistema de educaci\u00f3n de adultos incluye tambi\u00e9n cursos de educaci\u00f3n para adultos en los centros penitenciarios. Estos cursos tienen por objeto reeducar a los reclusos para una convivencia civilizada, ayudarles a planificar sus propios proyectos de vida, a asumir la responsabilidad de s\u00ed mismos y de la sociedad.<\/p>\r\n<p style=\"padding-left: 40px;\">En estos casos, los CPIA y los institutos de ense\u00f1anza secundaria superior deben adecuar la organizaci\u00f3n de su oferta educativa para adultos a la especificidad de los espacios de los centros penitenciarios y a la variabilidad de los tiempos de cumplimiento de condena.<\/p>\r\n<p style=\"padding-left: 40px;\">Las CPIA y los institutos de ense\u00f1anza secundaria superior pueden, en el marco de su autonom\u00eda, firmar acuerdos espec\u00edficos, por ejemplo, para promover actividades para el desarrollo profesional del personal, establecer talleres educativos, mejorar las bibliotecas y activar medidas de integraci\u00f3n y apoyo de menores y adultos incluso despu\u00e9s de su puesta en libertad.<\/p>\t\t\t\t\t\t <\/div>\r\n\t\t\t\t\t\t\t\r\n\t\t\t\t\t <\/div>\r\n\t\t\t\t\t \r\n\t\t\t\t <\/div>\r\n <script>\r\n\t\tjQuery(function () {\r\n\t\t\tjQuery('#myTab_1422 a:first').tab('show')\r\n\t\t});\r\n\t\t\r\n\t\t\t\tjQuery(function(){\r\n\t\t\tvar b=\"fadeIn\";\r\n\t\t\tvar c;\r\n\t\t\tvar a;\r\n\t\t\td(jQuery(\"#myTab_1422 a\"),jQuery(\"#tab-content_1422\"));function d(e,f,g){\r\n\t\t\t\te.click(function(i){\r\n\t\t\t\t\ti.preventDefault();\r\n\t\t\t\t\tjQuery(this).tab(\"show\");\r\n\t\t\t\t\tvar h=jQuery(this).data(\"easein\");\r\n\t\t\t\t\tif(c){c.removeClass(a);}\r\n\t\t\t\t\tif(h){f.find(\"div.active\").addClass(\"animated \"+h);a=h;}\r\n\t\t\t\t\telse{if(g){f.find(\"div.active\").addClass(\"animated \"+g);a=g;}else{f.find(\"div.active\").addClass(\"animated \"+b);a=b;}}c=f.find(\"div.active\");\r\n\t\t\t\t});\r\n\t\t\t}\r\n\t\t});\r\n\t\t\r\n\r\n\t\tfunction do_resize(){\r\n\r\n\t\t\tvar width=jQuery( '.tab-content .tab-pane iframe' ).width();\r\n\t\t\tvar height=jQuery( '.tab-content .tab-pane iframe' ).height();\r\n\r\n\t\t\tvar toggleSize = true;\r\n\t\t\tjQuery('iframe').animate({\r\n\t\t\t    width: toggleSize ? width : 640,\r\n\t\t\t    height: toggleSize ? height : 360\r\n\t\t\t  }, 250);\r\n\r\n\t\t\t  toggleSize = !toggleSize;\r\n\t\t}\r\n\r\n\r\n\t<\/script>\r\n\t\t\t\t\r\n\t\t\t\n\n\n\n<p><\/p>\n","protected":false},"excerpt":{"rendered":"<p>Educaci\u00f3n de adultos &gt; Acerca de la educaci\u00f3n de adultos &gt; Italia La Educaci\u00f3n de Personas Adultas (EPA) en Italia<\/p>\n","protected":false},"author":1,"featured_media":0,"parent":0,"menu_order":0,"comment_status":"closed","ping_status":"closed","template":"","meta":{"footnotes":""},"class_list":["post-1396","page","type-page","status-publish","hentry"],"_links":{"self":[{"href":"https:\/\/www.unioviedo.es\/aei\/wp-json\/wp\/v2\/pages\/1396","targetHints":{"allow":["GET"]}}],"collection":[{"href":"https:\/\/www.unioviedo.es\/aei\/wp-json\/wp\/v2\/pages"}],"about":[{"href":"https:\/\/www.unioviedo.es\/aei\/wp-json\/wp\/v2\/types\/page"}],"author":[{"embeddable":true,"href":"https:\/\/www.unioviedo.es\/aei\/wp-json\/wp\/v2\/users\/1"}],"replies":[{"embeddable":true,"href":"https:\/\/www.unioviedo.es\/aei\/wp-json\/wp\/v2\/comments?post=1396"}],"version-history":[{"count":0,"href":"https:\/\/www.unioviedo.es\/aei\/wp-json\/wp\/v2\/pages\/1396\/revisions"}],"wp:attachment":[{"href":"https:\/\/www.unioviedo.es\/aei\/wp-json\/wp\/v2\/media?parent=1396"}],"curies":[{"name":"wp","href":"https:\/\/api.w.org\/{rel}","templated":true}]}}