{"id":2175,"date":"2021-11-01T10:26:52","date_gmt":"2021-11-01T09:26:52","guid":{"rendered":"https:\/\/www.unioviedo.es\/aei\/?page_id=2175"},"modified":"2021-11-01T10:38:09","modified_gmt":"2021-11-01T09:38:09","slug":"organizacion","status":"publish","type":"page","link":"https:\/\/www.unioviedo.es\/aei\/organizacion\/","title":{"rendered":"Organizaci\u00f3n"},"content":{"rendered":"\n<h4 class=\"has-text-color wp-block-heading\" style=\"color:#0b789c\"><strong>Investigador Principal<\/strong><\/h4>\n\n\n\n<p><strong>Dr. D. Javier Fombona Cadavieco.<\/strong> <\/p>\n\n\n\n<p>Facultad de Formaci\u00f3n del Profesorado y Educaci\u00f3n. Universidad de Oviedo (Espa\u00f1a)\u00a0<\/p>\n\n\n\n<h4 class=\"has-text-color wp-block-heading\" style=\"color:#0b789c\"><strong>Subdirecci\u00f3n T\u00e9cnica&nbsp;<\/strong><\/h4>\n\n\n\n<p><strong>Profesor D. Rafael Navas Sanz. <\/strong><\/p>\n\n\n\n<p>CEPA Victoriano Cr\u00e9mer, Burgos. Consejer\u00eda de Educaci\u00f3n de Castilla y Le\u00f3n (Espa\u00f1a)\u00a0<\/p>\n\n\n\n<h4 class=\"has-text-color wp-block-heading\" style=\"color:#0b789c\"><strong>Subdirecci\u00f3n y Secretar\u00eda General&nbsp;<\/strong><\/h4>\n\n\n\n<p><strong>Dra. D\u00aa. Mar\u00eda \u00c1ngeles Pascual Sevillano. <\/strong><\/p>\n\n\n\n<p>Facultad de Formaci\u00f3n del Profesorado y Educaci\u00f3n. Universidad de Oviedo (Espa\u00f1a)\u00a0 <\/p>\n\n\n\n<p><strong>Dra. D\u00aa. Mar\u00eda \u00c1ngeles Fern\u00e1ndez Gonz\u00e1lez. <\/strong><\/p>\n\n\n\n<p>Facultad de Formaci\u00f3n del Profesorado y Educaci\u00f3n. Universidad de Oviedo (Espa\u00f1a)\u00a0  <\/p>\n","protected":false},"excerpt":{"rendered":"<p>Investigador Principal Dr. D. Javier Fombona Cadavieco. Facultad de Formaci\u00f3n del Profesorado y Educaci\u00f3n. Universidad de Oviedo (Espa\u00f1a)\u00a0 Subdirecci\u00f3n T\u00e9cnica&nbsp; Profesor D. Rafael Navas Sanz. CEPA Victoriano Cr\u00e9mer, Burgos. Consejer\u00eda de Educaci\u00f3n de Castilla y Le\u00f3n (Espa\u00f1a)\u00a0 Subdirecci\u00f3n y Secretar\u00eda&#8230; <a href=\"https:\/\/www.unioviedo.es\/aei\/organizacion\/\" class=\"readmore\">Leer m\u00e1s<span class=\"screen-reader-text\">Organizaci\u00f3n<\/span><span class=\"fa fa-angle-double-right\" aria-hidden=\"true\"><\/span><\/a><\/p>\n","protected":false},"author":1,"featured_media":0,"parent":0,"menu_order":0,"comment_status":"closed","ping_status":"closed","template":"","meta":{"footnotes":""},"class_list":["post-2175","page","type-page","status-publish","hentry"],"_links":{"self":[{"href":"https:\/\/www.unioviedo.es\/aei\/wp-json\/wp\/v2\/pages\/2175","targetHints":{"allow":["GET"]}}],"collection":[{"href":"https:\/\/www.unioviedo.es\/aei\/wp-json\/wp\/v2\/pages"}],"about":[{"href":"https:\/\/www.unioviedo.es\/aei\/wp-json\/wp\/v2\/types\/page"}],"author":[{"embeddable":true,"href":"https:\/\/www.unioviedo.es\/aei\/wp-json\/wp\/v2\/users\/1"}],"replies":[{"embeddable":true,"href":"https:\/\/www.unioviedo.es\/aei\/wp-json\/wp\/v2\/comments?post=2175"}],"version-history":[{"count":0,"href":"https:\/\/www.unioviedo.es\/aei\/wp-json\/wp\/v2\/pages\/2175\/revisions"}],"wp:attachment":[{"href":"https:\/\/www.unioviedo.es\/aei\/wp-json\/wp\/v2\/media?parent=2175"}],"curies":[{"name":"wp","href":"https:\/\/api.w.org\/{rel}","templated":true}]}}

Organización

<h4 class="has-text-color wp-block-heading" style="color:#0b789c"><strong>Investigador Principal</strong></h4>



<p><strong>Dr. D. Javier Fombona Cadavieco.</strong> </p>



<p>Facultad de Formación del Profesorado y Educación. Universidad de Oviedo (España) </p>



<h4 class="has-text-color wp-block-heading" style="color:#0b789c"><strong>Subdirección Técnica&nbsp;</strong></h4>



<p><strong>Profesor D. Rafael Navas Sanz. </strong></p>



<p>CEPA Victoriano Crémer, Burgos. Consejería de Educación de Castilla y León (España) </p>



<h4 class="has-text-color wp-block-heading" style="color:#0b789c"><strong>Subdirección y Secretaría General&nbsp;</strong></h4>



<p><strong>Dra. Dª. María Ángeles Pascual Sevillano. </strong></p>



<p>Facultad de Formación del Profesorado y Educación. Universidad de Oviedo (España)  </p>



<p><strong>Dra. Dª. María Ángeles Fernández González. </strong></p>



<p>Facultad de Formación del Profesorado y Educación. Universidad de Oviedo (España)   </p>

<p>Investigador Principal Dr. D. Javier Fombona Cadavieco. Facultad de Formación del Profesorado y Educación. Universidad de Oviedo (España)  Subdirección Técnica&nbsp; Profesor D. Rafael Navas Sanz. CEPA Victoriano Crémer, Burgos. Consejería de Educación de Castilla y León (España)  Subdirección y Secretaría&#8230; <a href="https://www.unioviedo.es/aei/organizacion/" class="readmore">Leer más<span class="screen-reader-text">Organización</span><span class="fa fa-angle-double-right" aria-hidden="true"></span></a></p>
