{"id":28,"date":"2019-12-12T14:43:43","date_gmt":"2019-12-12T13:43:43","guid":{"rendered":"https:\/\/www.unioviedo.es\/aei\/?page_id=28"},"modified":"2022-09-07T14:29:47","modified_gmt":"2022-09-07T12:29:47","slug":"este-proyecto","status":"publish","type":"page","link":"https:\/\/www.unioviedo.es\/aei\/este-proyecto\/","title":{"rendered":"Este proyecto"},"content":{"rendered":"\n<p><a href=\"https:\/\/www.unioviedo.es\/aei\/acerca-de\/\">Acerca de<\/a> &gt; <a href=\"https:\/\/www.unioviedo.es\/aei\/este-proyecto\/\">Este proyecto<\/a><\/p>\n\n\n\n<p>Este proyecto europeo est\u00e1 destinado a docentes y pretende difundir, promover y compartir buenas pr\u00e1cticas en educaci\u00f3n de adultos. <strong> <\/strong><\/p>\n\n\n\n<h3 class=\"wp-block-heading\">Objetivos: <\/h3>\n\n\n\n<ul class=\"wp-block-list\"><li>Compartir e implementar pr\u00e1cticas educativas efectivas entre docentes;<\/li><\/ul>\n\n\n\n<ul class=\"wp-block-list\"><li>Desarrollar competencias de capacitaci\u00f3n para el empleo y la inclusi\u00f3n de adultos en situaci\u00f3n de vulnerabilidad.<\/li><\/ul>\n\n\n\n<p>Las necesidades <strong>reales<\/strong> y <strong>urgentes<\/strong> en nuestra sociedad son nuestras prioridades. Nos centramos en el profesorado que trabaja en esta formaci\u00f3n para dar soluciones de empleo y, por consiguiente,  que aborda situaciones para la inclusi\u00f3n (personas segregadas, inmigrantes, radicalismos sociales, envejecimiento).<\/p>\n\n\n\n<p>Las acciones tienen como objetivo desarrollar competencias y la formaci\u00f3n docente.  Los elementos clave son:<\/p>\n\n\n\n<ul class=\"wp-block-list\"><li>Para desarrollar estrategias avanzadas para la capacitaci\u00f3n dentro y fuera del aula.<\/li><li>Para desarrollar  competencias para de encontrar un trabajo (estrategias tradicionales para encontrar un trabajo y mejorar la carrera).<\/li><li>Para desarrollar competencias para la inclusi\u00f3n social (uso de las TIC y redes sociales, competencias espec\u00edficas).<\/li><li>Para desarrollar competencias espec\u00edficas para cada contexto de cada uno de los socios (lugar, tipolog\u00eda social, circunstancias de espacio-tiempo espec\u00edficas).<\/li><li>Para desarrollar conocimiento sobre las posibilidades europeas, y sobre otras experiencias efectivas desde el punto de vista de su resultado.<\/li><\/ul>\n\n\n\n<p>Las prioridades del proyecto A-E-I cumplen los objetivos generales, algunas prioridades horizontales y varias prioridades espec\u00edficas del programa ERASMUS+ KA2.<\/p>\n\n\n\n<p><strong>Prioridad a)<\/strong> Dar respuesta a dos de los desaf\u00edos m\u00e1s relevantes en Europa: empleo e inclusi\u00f3n. Esta prioridad es una de las preocupaciones de los gobiernos y genera problemas secundarios (segregaci\u00f3n, situaciones disruptivas, disturbios sociales, etc.). Este desaf\u00edo es crucial en un continente con migraciones, con una poblaci\u00f3n que envejece, que est\u00e1 en un continuo replanteamiento de la mejora de las condiciones de vida y de convivencia.<\/p>\n\n\n\n<p><strong>Prioridad b) <\/strong> Satisfacer las necesidades espec\u00edficas de los docentes\/estudiantes a trav\u00e9s de acciones eficaces para el empleo en diversas instituciones (regladas y no regladas), incluso fuera de los programas educativos. En esta prioridad es necesario dar un enfoque basado en acciones reales y tangibles, esto es, responder a las necesidades precisas de cada contexto.<\/p>\n\n\n\n<p><strong>Prioridad c)<\/strong> Capacitar en TIC e investigar con nivel universitario. Las metodolog\u00edas avanzadas en la ense\u00f1anza, las TIC, los programas espec\u00edficos para adultos, o la Formaci\u00f3n Profesional eficaz son algunas de las acciones que se van a conocer y ensayar luego en los contextos espec\u00edficos.<\/p>\n\n\n\n<p><strong>Prioridad d) <\/strong>Proporcionar una respuesta a grupos desfavorecidos (f\u00edsica, ps\u00edquica, social, educativa, geogr\u00e1fica y econ\u00f3micamente). Esta prioridad es una concreci\u00f3n de lo mencionado anteriormente; es decir, se intenta solventar la falta de capacitaci\u00f3n y las carencias en los resultados del aprendizaje espec\u00edfico, la disparidad entre \u00e1reas geogr\u00e1ficas (norte-sur o rural versus urbano), prestando especial atenci\u00f3n a las personas en riesgo de pobreza. Esta prioridad est\u00e1 estrechamente relacionada con la prioridad horizontal KA2 sobre el desarrollo de competencias que pueden facilitar el aprendizaje (autoaprendizaje y sistemas de formaci\u00f3n inclusivos), b\u00fasqueda de empleo y mejora (formaci\u00f3n continua, movilidad laboral, reconocimiento experimentado y certificaci\u00f3n de aptitud profesional, etc.). <\/p>\n\n\n\n<p><strong>Prioridad e)<\/strong> Incorporar buenas pr\u00e1cticas y nuevos m\u00e9todos desde la Perspectiva Europea, desde el conocimiento de su normativa, su cultura, su patrimonio y, en s\u00edntesis, en este escenario continental complejo.<\/p>\n\n\n\n<p>El objetivo se centra en compartir sinergias e implementar soluciones con organizaciones similares entre los socios, intercambiar, conocer, confrontar ideas, pr\u00e1cticas y m\u00e9todos, mejorar la competitividad, aplicar buenas pr\u00e1cticas  y fomentar el acceso al empleo tanto a nivel local como supranacional dentro del marco de la Uni\u00f3n Europea.<\/p>\n\n\n\n<figure class=\"wp-block-gallery columns-1 is-cropped wp-block-gallery-1 is-layout-flex wp-block-gallery-is-layout-flex\"><ul class=\"blocks-gallery-grid\"><li class=\"blocks-gallery-item\"><figure><img loading=\"lazy\" decoding=\"async\" width=\"1024\" height=\"663\" src=\"https:\/\/www.unioviedo.es\/aei\/wp-content\/uploads\/2020\/04\/proyecto_01-1024x663.jpg\" alt=\"Acelor explica su modelo\" data-id=\"1336\" data-link=\"https:\/\/www.unioviedo.es\/aei\/este-proyecto\/proyecto_01\/\" class=\"wp-image-1336\" srcset=\"https:\/\/www.unioviedo.es\/aei\/wp-content\/uploads\/2020\/04\/proyecto_01.jpg 1024w, https:\/\/www.unioviedo.es\/aei\/wp-content\/uploads\/2020\/04\/proyecto_01-300x194.jpg 300w, https:\/\/www.unioviedo.es\/aei\/wp-content\/uploads\/2020\/04\/proyecto_01-768x497.jpg 768w\" sizes=\"auto, (max-width: 1024px) 100vw, 1024px\" \/><figcaption class=\"blocks-gallery-item__caption\">Acelor explica su modelo<\/figcaption><\/figure><\/li><li class=\"blocks-gallery-item\"><figure><img loading=\"lazy\" decoding=\"async\" width=\"1024\" height=\"552\" src=\"https:\/\/www.unioviedo.es\/aei\/wp-content\/uploads\/2020\/04\/proyecto_02-1024x552.jpg\" alt=\"Escenario con banderas e informaci\u00f3n del Proyecto\" data-id=\"1337\" data-link=\"https:\/\/www.unioviedo.es\/aei\/este-proyecto\/proyecto_02\/\" class=\"wp-image-1337\" srcset=\"https:\/\/www.unioviedo.es\/aei\/wp-content\/uploads\/2020\/04\/proyecto_02.jpg 1024w, https:\/\/www.unioviedo.es\/aei\/wp-content\/uploads\/2020\/04\/proyecto_02-300x162.jpg 300w, https:\/\/www.unioviedo.es\/aei\/wp-content\/uploads\/2020\/04\/proyecto_02-768x414.jpg 768w\" sizes=\"auto, (max-width: 1024px) 100vw, 1024px\" \/><figcaption class=\"blocks-gallery-item__caption\">Escenario con banderas e informaci\u00f3n del Proyecto<\/figcaption><\/figure><\/li><\/ul><\/figure>\n\n\n\n<h2 class=\"wp-block-heading\">Disclaimer <\/h2>\n\n\n\n<p><em>Este proyecto \u201cAdults\u2019 teachers implementing innovative and successful models for employment and social inclusion; enhancing our European educational heritage and their consolidated values\u201d est\u00e1 cofinanciado por el programa Erasmus+ de la Uni\u00f3n Europea. Los contenidos aqu\u00ed mostrados son responsabilidad exclusiva de los autores. Ni los coordinadores de este proyecto, ni la Comisi\u00f3n Europea, ni la Agencia Nacional Erasmus Servicio Espa\u00f1ol para la Internacionalizaci\u00f3n de la Educaci\u00f3n, son responsables de los contenidos ni del uso que pueda hacerse de la informaci\u00f3n aqu\u00ed difundida.\u00a0<\/em><\/p>\n\n\n\n<p><em>Todos los materiales aqu\u00ed mostrados tienen licencia abierta Creative Commons (CC) sin ceder los derechos de autor, ni de los derechos de propiedad intelectual. El acceso libre a los recursos educativos, documentos y materiales did\u00e1cticos generados da derecho de uso, y uso compartido citanto oblivagoriamente la fuente y autor\u00eda de los documentos.&nbsp;<\/em><\/p>\n","protected":false},"excerpt":{"rendered":"<p>Acerca de &gt; Este proyecto Este proyecto europeo est\u00e1 destinado a docentes y pretende difundir, promover y compartir buenas pr\u00e1cticas en educaci\u00f3n de adultos. Objetivos: Compartir e implementar pr\u00e1cticas educativas efectivas entre docentes; Desarrollar competencias de capacitaci\u00f3n para el empleo&#8230; <a href=\"https:\/\/www.unioviedo.es\/aei\/este-proyecto\/\" class=\"readmore\">Leer m\u00e1s<span class=\"screen-reader-text\">Este proyecto<\/span><span class=\"fa fa-angle-double-right\" aria-hidden=\"true\"><\/span><\/a><\/p>\n","protected":false},"author":1,"featured_media":0,"parent":0,"menu_order":0,"comment_status":"closed","ping_status":"closed","template":"","meta":{"footnotes":""},"class_list":["post-28","page","type-page","status-publish","hentry"],"_links":{"self":[{"href":"https:\/\/www.unioviedo.es\/aei\/wp-json\/wp\/v2\/pages\/28","targetHints":{"allow":["GET"]}}],"collection":[{"href":"https:\/\/www.unioviedo.es\/aei\/wp-json\/wp\/v2\/pages"}],"about":[{"href":"https:\/\/www.unioviedo.es\/aei\/wp-json\/wp\/v2\/types\/page"}],"author":[{"embeddable":true,"href":"https:\/\/www.unioviedo.es\/aei\/wp-json\/wp\/v2\/users\/1"}],"replies":[{"embeddable":true,"href":"https:\/\/www.unioviedo.es\/aei\/wp-json\/wp\/v2\/comments?post=28"}],"version-history":[{"count":0,"href":"https:\/\/www.unioviedo.es\/aei\/wp-json\/wp\/v2\/pages\/28\/revisions"}],"wp:attachment":[{"href":"https:\/\/www.unioviedo.es\/aei\/wp-json\/wp\/v2\/media?parent=28"}],"curies":[{"name":"wp","href":"https:\/\/api.w.org\/{rel}","templated":true}]}}