{"id":35,"date":"2019-12-12T14:43:45","date_gmt":"2019-12-12T13:43:45","guid":{"rendered":"https:\/\/www.unioviedo.es\/aei\/?page_id=35"},"modified":"2023-11-17T11:40:30","modified_gmt":"2023-11-17T10:40:30","slug":"conferencias-internacionales","status":"publish","type":"page","link":"https:\/\/www.unioviedo.es\/aei\/conferencias-internacionales\/","title":{"rendered":"Conferencias internacionales"},"content":{"rendered":"\n<p><a href=\"https:\/\/www.unioviedo.es\/aei\/eventos\/\">Eventos<\/a> &gt; <a href=\"https:\/\/www.unioviedo.es\/aei\/conferencias-internacionales\/\">Conferencias internacionales<\/a><\/p>\n\n\n\n<p>El proyecto intenta difundir su actividad y crear un entorno colaborativo de car\u00e1cter cient\u00edfico, para ello se finalizar\u00e1n todas las actividades con la organizaci\u00f3n de un Congreso Internacional sobre Formaci\u00f3n e Inclusi\u00f3n en Espa\u00f1a (Castilla y Le\u00f3n). La actividad congregar\u00e1 a personas relacionadas con la Educaci\u00f3n de Adultos y all\u00ed se compartir\u00e1n experiencias para el Empleo. Esta iniciativa sigue las pautas de un congreso anterior celebrado en 2018 en Lisboa <a rel=\"noreferrer noopener\" href=\"https:\/\/conferenceadultedu.wixsite.com\/ei-2018\" target=\"_blank\">https:\/\/conferenceadultedu.wixsite.com\/ei-2018(link is external)<\/a><\/p>\n\n\n\n<h4 class=\"wp-block-heading\">Objetivos<\/h4>\n\n\n\n<p>Este proyecto surge de la necesidad de contribuir de forma rigurosa a la resoluci\u00f3n del problema europeo del desempleo y exclusi\u00f3n social que afecta principalmente a los adultos m\u00e1s vulnerables. Las directrices europeas y la estrategia Europa 2020 nos sugieren continuar con el \u00abcrecimiento inteligente, sostenible y socialmente inclusivo\u00bb (COM 2010, Comunicaci\u00f3n de la Comisi\u00f3n, Bruselas 2020, p. 3); para ello es indispensable la formaci\u00f3n y el aprendizaje a lo largo de toda la vida, as\u00ed como una visi\u00f3n internacional para encontrar soluciones a problemas europeos comunes. Los principales problemas son los altos niveles de desempleo que conducen a la exclusi\u00f3n. El proyecto intenta compartir experiencias educativas realizadas por cada socio desde una perspectiva internacional. Son acciones replicables, con capacidad de renovar la educaci\u00f3n de adultos, de utilizar las TIC, y la acci\u00f3n innovadora de profesores..<\/p>\n\n\n\n<p>\nLos resultados esperados de este congreso :\n\n<\/p>\n\n\n\n<ul class=\"wp-block-list\">\n<li>Compartir soluciones eficaces de formaci\u00f3n en relaci\u00f3n con las competencias transversales para el empleo de adultos.<\/li>\n\n\n\n<li>Intercambiar experiencias de planificaci\u00f3n y formaci\u00f3n formativa de los adultos m\u00e1s vulnerables.<\/li>\n\n\n\n<li>Dise\u00f1ar planes de formaci\u00f3n para el desarrollo de competencias precisas.<\/li>\n\n\n\n<li>Mostrar resultados de investigaciones, cursos y actividades planificadas en relaci\u00f3n con la tem\u00e1tica. <\/li>\n<\/ul>\n\n\n\n<p>Web del Congreso en Castilla y Le\u00f3n en 2022:  <a href=\"https:\/\/www.unioviedo.es\/cylaei\/\" target=\"_blank\" rel=\"noreferrer noopener\">https:\/\/www.unioviedo.es\/cylaei\/<\/a><\/p>\n\n\n\n<p>Libro resultado de la conferencia <a rel=\"noreferrer noopener\" href=\"https:\/\/digibuo.uniovi.es\/dspace\/bitstream\/handle\/10651\/64891\/2.2_Implementaci%C3%B3n%20y%20desarrollo%20de%20un%20curso%20experimental%20de%20competencias%20b%C3%A1sicas.pdf?sequence=1&amp;isAllowed=y\" target=\"_blank\">https:\/\/digibuo.uniovi.es\/dspace\/\u2026<\/a>\u00a0<br>Fombona, J. y Navas Sanz, R. (2022). Impacto del Proyecto AEi: Adultos, Empleo e Inclusi\u00f3n. Univ. de Oviedo. Oviedo.<br>I.S.B.N.: 978-84-18482-58-8. Doi: <a href=\"https:\/\/figshare.com\/articles\/book\/Impact_of_the_AEi_Project_Adults_Employment_and_Inclusion_Impacto_del_Proyecto_AEi_Adultos_Empleo_e_Inclusi_n\/21158698\">https:\/\/doi.org\/10.6084\/m9.figshare.21158698<\/a><\/p>\n","protected":false},"excerpt":{"rendered":"<p>Eventos &gt; Conferencias internacionales El proyecto intenta difundir su actividad y crear un entorno colaborativo de car\u00e1cter cient\u00edfico, para ello se finalizar\u00e1n todas las actividades con la organizaci\u00f3n de un Congreso Internacional sobre Formaci\u00f3n e Inclusi\u00f3n en Espa\u00f1a (Castilla y&#8230; <a href=\"https:\/\/www.unioviedo.es\/aei\/conferencias-internacionales\/\" class=\"readmore\">Leer m\u00e1s<span class=\"screen-reader-text\">Conferencias internacionales<\/span><span class=\"fa fa-angle-double-right\" aria-hidden=\"true\"><\/span><\/a><\/p>\n","protected":false},"author":1,"featured_media":0,"parent":0,"menu_order":0,"comment_status":"closed","ping_status":"closed","template":"","meta":{"footnotes":""},"class_list":["post-35","page","type-page","status-publish","hentry"],"_links":{"self":[{"href":"https:\/\/www.unioviedo.es\/aei\/wp-json\/wp\/v2\/pages\/35","targetHints":{"allow":["GET"]}}],"collection":[{"href":"https:\/\/www.unioviedo.es\/aei\/wp-json\/wp\/v2\/pages"}],"about":[{"href":"https:\/\/www.unioviedo.es\/aei\/wp-json\/wp\/v2\/types\/page"}],"author":[{"embeddable":true,"href":"https:\/\/www.unioviedo.es\/aei\/wp-json\/wp\/v2\/users\/1"}],"replies":[{"embeddable":true,"href":"https:\/\/www.unioviedo.es\/aei\/wp-json\/wp\/v2\/comments?post=35"}],"version-history":[{"count":0,"href":"https:\/\/www.unioviedo.es\/aei\/wp-json\/wp\/v2\/pages\/35\/revisions"}],"wp:attachment":[{"href":"https:\/\/www.unioviedo.es\/aei\/wp-json\/wp\/v2\/media?parent=35"}],"curies":[{"name":"wp","href":"https:\/\/api.w.org\/{rel}","templated":true}]}}

<p><a href="https://www.unioviedo.es/aei/eventos/">Eventos</a> &gt; <a href="https://www.unioviedo.es/aei/conferencias-internacionales/">Conferencias internacionales</a></p>



<p>El proyecto intenta difundir su actividad y crear un entorno colaborativo de carácter científico, para ello se finalizarán todas las actividades con la organización de un Congreso Internacional sobre Formación e Inclusión en España (Castilla y León). La actividad congregará a personas relacionadas con la Educación de Adultos y allí se compartirán experiencias para el Empleo. Esta iniciativa sigue las pautas de un congreso anterior celebrado en 2018 en Lisboa <a rel="noreferrer noopener" href="https://conferenceadultedu.wixsite.com/ei-2018" target="_blank">https://conferenceadultedu.wixsite.com/ei-2018(link is external)</a></p>



<h4 class="wp-block-heading">Objetivos</h4>



<p>Este proyecto surge de la necesidad de contribuir de forma rigurosa a la resolución del problema europeo del desempleo y exclusión social que afecta principalmente a los adultos más vulnerables. Las directrices europeas y la estrategia Europa 2020 nos sugieren continuar con el «crecimiento inteligente, sostenible y socialmente inclusivo» (COM 2010, Comunicación de la Comisión, Bruselas 2020, p. 3); para ello es indispensable la formación y el aprendizaje a lo largo de toda la vida, así como una visión internacional para encontrar soluciones a problemas europeos comunes. Los principales problemas son los altos niveles de desempleo que conducen a la exclusión. El proyecto intenta compartir experiencias educativas realizadas por cada socio desde una perspectiva internacional. Son acciones replicables, con capacidad de renovar la educación de adultos, de utilizar las TIC, y la acción innovadora de profesores..</p>



<p>
Los resultados esperados de este congreso :

</p>



<ul class="wp-block-list">
<li>Compartir soluciones eficaces de formación en relación con las competencias transversales para el empleo de adultos.</li>



<li>Intercambiar experiencias de planificación y formación formativa de los adultos más vulnerables.</li>



<li>Diseñar planes de formación para el desarrollo de competencias precisas.</li>



<li>Mostrar resultados de investigaciones, cursos y actividades planificadas en relación con la temática. </li>
</ul>



<p>Web del Congreso en Castilla y León en 2022:  <a href="https://www.unioviedo.es/cylaei/" target="_blank" rel="noreferrer noopener">https://www.unioviedo.es/cylaei/</a></p>



<p>Libro resultado de la conferencia <a rel="noreferrer noopener" href="https://digibuo.uniovi.es/dspace/bitstream/handle/10651/64891/2.2_Implementaci%C3%B3n%20y%20desarrollo%20de%20un%20curso%20experimental%20de%20competencias%20b%C3%A1sicas.pdf?sequence=1&amp;isAllowed=y" target="_blank">https://digibuo.uniovi.es/dspace/…</a> <br>Fombona, J. y Navas Sanz, R. (2022). Impacto del Proyecto AEi: Adultos, Empleo e Inclusión. Univ. de Oviedo. Oviedo.<br>I.S.B.N.: 978-84-18482-58-8. Doi: <a href="https://figshare.com/articles/book/Impact_of_the_AEi_Project_Adults_Employment_and_Inclusion_Impacto_del_Proyecto_AEi_Adultos_Empleo_e_Inclusi_n/21158698">https://doi.org/10.6084/m9.figshare.21158698</a></p>

<p>Eventos &gt; Conferencias internacionales El proyecto intenta difundir su actividad y crear un entorno colaborativo de carácter científico, para ello se finalizarán todas las actividades con la organización de un Congreso Internacional sobre Formación e Inclusión en España (Castilla y&#8230; <a href="https://www.unioviedo.es/aei/conferencias-internacionales/" class="readmore">Leer más<span class="screen-reader-text">Conferencias internacionales</span><span class="fa fa-angle-double-right" aria-hidden="true"></span></a></p>
