{"id":77,"date":"2019-12-13T17:33:52","date_gmt":"2019-12-13T16:33:52","guid":{"rendered":"https:\/\/www.unioviedo.es\/aei\/?page_id=77"},"modified":"2025-08-12T17:48:57","modified_gmt":"2025-08-12T15:48:57","slug":"inicio","status":"publish","type":"page","link":"https:\/\/www.unioviedo.es\/aei\/","title":{"rendered":"Inicio"},"content":{"rendered":"\n<blockquote class=\"wp-block-quote is-style-default is-layout-flow wp-block-quote-is-layout-flow\">\n<p>El <strong>Proyecto AEI<\/strong> expresa el apoyo a la independencia de Ucrania y el rechazo absoluto a la invasi\u00f3n rusa. El conflicto, alimentado por la dictadura y la ideolog\u00eda de Putin, est\u00e1 atacando a un pa\u00eds soberano y a sus ciudadanos inocentes, incluidos los m\u00e1s vulnerables. Estas acciones podr\u00edan iniciar un conflicto que puede ser desastroso para el mundo entero. Nuestro deseo no es s\u00f3lo para este conflicto espec\u00edfico, sino que deseamos la paz en todo el mundo. <\/p>\n<\/blockquote>\n\n\n\n<h3 class=\"wp-block-heading has-text-align-center\"><strong>Detened la invasi\u00f3n<\/strong><\/h3>\n\n\n\n<div style=\"height:50px\" aria-hidden=\"true\" class=\"wp-block-spacer\"><\/div>\n\n\n\n<hr class=\"wp-block-separator has-css-opacity is-style-wide\"\/>\n\n\n\n<figure class=\"wp-block-image\"><img loading=\"lazy\" decoding=\"async\" width=\"1024\" height=\"431\" src=\"https:\/\/www.unioviedo.es\/aei\/wp-content\/uploads\/2020\/01\/Todo-1024x431.jpg\" alt=\"Logotipos de los partipantes en el proyecto Erasmus+\" class=\"wp-image-661\" srcset=\"https:\/\/www.unioviedo.es\/aei\/wp-content\/uploads\/2020\/01\/Todo.jpg 1024w, https:\/\/www.unioviedo.es\/aei\/wp-content\/uploads\/2020\/01\/Todo-300x126.jpg 300w, https:\/\/www.unioviedo.es\/aei\/wp-content\/uploads\/2020\/01\/Todo-768x323.jpg 768w\" sizes=\"auto, (max-width: 1024px) 100vw, 1024px\" \/><\/figure>\n\n\n\n<p class=\"has-text-align-center\"><strong>Proyecto europeo para la difusi\u00f3n e implementaci\u00f3n de buenos modelos de formaci\u00f3n de adultos.  www.unioviedo.es\/aei<\/strong><\/p>\n\n\n\n<figure class=\"wp-block-video\"><video height=\"660\" style=\"aspect-ratio: 1280 \/ 660;\" width=\"1280\" controls poster=\"https:\/\/www.unioviedo.es\/aei\/wp-content\/uploads\/2020\/05\/2019_-10_21_tpa.jpg\" src=\"https:\/\/www.unioviedo.es\/aei\/wp-content\/uploads\/2020\/05\/2019_-10_21_tpa.mp4\"><\/video><figcaption class=\"wp-element-caption\">Radiotelevisi\u00f3n del Principado de Asturias <\/figcaption><\/figure>\n\n\n\n<p>Este es un proyecto internacional para dar a conocer actividades pr\u00e1cticas innovadoras y con \u00e9xito. Estas actividades est\u00e1n dirigidas a solucionar el problema del desempleo y la consiguiente exclusi\u00f3n social, y esto puede hacerse desde la perspectiva de instituciones educativas, desde entidades o desde empresas con otras acciones formativas complementarias.<\/p>\n\n\n\n<p>Esta  iniciativa permite que los docentes y los gestores educativos compartan sus experiencias m\u00e1s eficaces entre colegas de varios pa\u00edses. As\u00ed, desde 2019 a 2022, los integrantes de este proyecto est\u00e1n viajando para conocer ejemplos reales en cada uno de esos contextos. Luego ellos implementar\u00e1n esos modelos en sus respectivos entornos. La Universidad de Oviedo (Espa\u00f1a) lidera este proyecto y tiene 4 socios: la Consejer\u00eda de Educaci\u00f3n de Castilla y Le\u00f3n (Espa\u00f1a); el Centro Provincial de Educaci\u00f3n de Adultos de Padova (Italia), la Universidad de Formaci\u00f3n Profesional Ciechanow (Polonia) y el centro educativo Borg\u00e5 Folkakademi (Finlandia).<\/p>\n\n\n\n<figure class=\"wp-block-gallery aligncenter has-nested-images columns-3 is-cropped wp-block-gallery-1 is-layout-flex wp-block-gallery-is-layout-flex\">\n<figure class=\"wp-block-image size-large\"><img loading=\"lazy\" decoding=\"async\" width=\"1024\" height=\"768\" data-id=\"1049\" src=\"https:\/\/www.unioviedo.es\/aei\/wp-content\/uploads\/2020\/02\/oviedo_00-1024x768.jpg\" alt=\"\" class=\"wp-image-1049\" srcset=\"https:\/\/www.unioviedo.es\/aei\/wp-content\/uploads\/2020\/02\/oviedo_00.jpg 1024w, https:\/\/www.unioviedo.es\/aei\/wp-content\/uploads\/2020\/02\/oviedo_00-300x225.jpg 300w, https:\/\/www.unioviedo.es\/aei\/wp-content\/uploads\/2020\/02\/oviedo_00-768x576.jpg 768w\" sizes=\"auto, (max-width: 1024px) 100vw, 1024px\" \/><figcaption class=\"wp-element-caption\">Primera reuni\u00f3n en Gij\u00f3n<\/figcaption><\/figure>\n\n\n\n<figure class=\"wp-block-image size-large\"><img loading=\"lazy\" decoding=\"async\" width=\"1024\" height=\"576\" data-id=\"1050\" src=\"https:\/\/www.unioviedo.es\/aei\/wp-content\/uploads\/2020\/02\/oviedo_01-e1582573493332-1024x576.jpg\" alt=\"\" class=\"wp-image-1050\" srcset=\"https:\/\/www.unioviedo.es\/aei\/wp-content\/uploads\/2020\/02\/oviedo_01-e1582573493332-1024x576.jpg 1024w, https:\/\/www.unioviedo.es\/aei\/wp-content\/uploads\/2020\/02\/oviedo_01-e1582573493332-300x169.jpg 300w, https:\/\/www.unioviedo.es\/aei\/wp-content\/uploads\/2020\/02\/oviedo_01-e1582573493332-768x432.jpg 768w, https:\/\/www.unioviedo.es\/aei\/wp-content\/uploads\/2020\/02\/oviedo_01-e1582573493332.jpg 1600w\" sizes=\"auto, (max-width: 1024px) 100vw, 1024px\" \/><figcaption class=\"wp-element-caption\">Encuentro de gesti\u00f3n<\/figcaption><\/figure>\n\n\n\n<figure class=\"wp-block-image size-large\"><img loading=\"lazy\" decoding=\"async\" width=\"873\" height=\"655\" data-id=\"1052\" src=\"https:\/\/www.unioviedo.es\/aei\/wp-content\/uploads\/2020\/02\/oviedo_04.jpg\" alt=\"\" class=\"wp-image-1052\" srcset=\"https:\/\/www.unioviedo.es\/aei\/wp-content\/uploads\/2020\/02\/oviedo_04.jpg 873w, https:\/\/www.unioviedo.es\/aei\/wp-content\/uploads\/2020\/02\/oviedo_04-300x225.jpg 300w, https:\/\/www.unioviedo.es\/aei\/wp-content\/uploads\/2020\/02\/oviedo_04-768x576.jpg 768w\" sizes=\"auto, (max-width: 873px) 100vw, 873px\" \/><figcaption class=\"wp-element-caption\">Confraternizaci\u00f3n<\/figcaption><\/figure>\n\n\n\n<figure class=\"wp-block-image size-large\"><img loading=\"lazy\" decoding=\"async\" width=\"1024\" height=\"768\" data-id=\"1051\" src=\"https:\/\/www.unioviedo.es\/aei\/wp-content\/uploads\/2020\/02\/oviedo_02-1024x768.jpg\" alt=\"\" class=\"wp-image-1051\" srcset=\"https:\/\/www.unioviedo.es\/aei\/wp-content\/uploads\/2020\/02\/oviedo_02-1024x768.jpg 1024w, https:\/\/www.unioviedo.es\/aei\/wp-content\/uploads\/2020\/02\/oviedo_02-300x225.jpg 300w, https:\/\/www.unioviedo.es\/aei\/wp-content\/uploads\/2020\/02\/oviedo_02-768x576.jpg 768w, https:\/\/www.unioviedo.es\/aei\/wp-content\/uploads\/2020\/02\/oviedo_02.jpg 1600w\" sizes=\"auto, (max-width: 1024px) 100vw, 1024px\" \/><figcaption class=\"wp-element-caption\">Coordinadores del Proyecto junto al Rector de la Universidad de Oviedo<\/figcaption><\/figure>\n<\/figure>\n\n\n\n<figure class=\"wp-block-gallery has-nested-images columns-default is-cropped wp-block-gallery-2 is-layout-flex wp-block-gallery-is-layout-flex\">\n<figure class=\"wp-block-image size-large\"><img loading=\"lazy\" decoding=\"async\" width=\"1024\" height=\"759\" data-id=\"2278\" src=\"https:\/\/www.unioviedo.es\/aei\/wp-content\/uploads\/2022\/04\/2021_09-Polonia-2-1024x759.jpg\" alt=\"Encuentro de gesti\u00f3n en Ciechan\u00f3w\" class=\"wp-image-2278\" srcset=\"https:\/\/www.unioviedo.es\/aei\/wp-content\/uploads\/2022\/04\/2021_09-Polonia-2-1024x759.jpg 1024w, https:\/\/www.unioviedo.es\/aei\/wp-content\/uploads\/2022\/04\/2021_09-Polonia-2-300x222.jpg 300w, https:\/\/www.unioviedo.es\/aei\/wp-content\/uploads\/2022\/04\/2021_09-Polonia-2-768x569.jpg 768w, https:\/\/www.unioviedo.es\/aei\/wp-content\/uploads\/2022\/04\/2021_09-Polonia-2-1536x1139.jpg 1536w, https:\/\/www.unioviedo.es\/aei\/wp-content\/uploads\/2022\/04\/2021_09-Polonia-2.jpg 1600w\" sizes=\"auto, (max-width: 1024px) 100vw, 1024px\" \/><figcaption class=\"wp-element-caption\">Encuentro de gesti\u00f3n en Ciechan\u00f3w<\/figcaption><\/figure>\n\n\n\n<figure class=\"wp-block-image size-large\"><img loading=\"lazy\" decoding=\"async\" width=\"1024\" height=\"768\" data-id=\"2279\" src=\"https:\/\/www.unioviedo.es\/aei\/wp-content\/uploads\/2022\/04\/2021_09-Polonia-4-1024x768.jpg\" alt=\"Encuentro de gesti\u00f3n en Ciechan\u00f3w\" class=\"wp-image-2279\" srcset=\"https:\/\/www.unioviedo.es\/aei\/wp-content\/uploads\/2022\/04\/2021_09-Polonia-4-1024x768.jpg 1024w, https:\/\/www.unioviedo.es\/aei\/wp-content\/uploads\/2022\/04\/2021_09-Polonia-4-300x225.jpg 300w, https:\/\/www.unioviedo.es\/aei\/wp-content\/uploads\/2022\/04\/2021_09-Polonia-4-768x576.jpg 768w, https:\/\/www.unioviedo.es\/aei\/wp-content\/uploads\/2022\/04\/2021_09-Polonia-4-1536x1152.jpg 1536w, https:\/\/www.unioviedo.es\/aei\/wp-content\/uploads\/2022\/04\/2021_09-Polonia-4.jpg 1600w\" sizes=\"auto, (max-width: 1024px) 100vw, 1024px\" \/><figcaption class=\"wp-element-caption\">Encuentro de gesti\u00f3n en Ciechan\u00f3w<\/figcaption><\/figure>\n\n\n\n<figure class=\"wp-block-image size-large\"><img loading=\"lazy\" decoding=\"async\" width=\"1024\" height=\"768\" data-id=\"2280\" src=\"https:\/\/www.unioviedo.es\/aei\/wp-content\/uploads\/2022\/04\/2021_09-Polonia-3-1024x768.jpg\" alt=\"Encuentro de gesti\u00f3n en Ciechan\u00f3w\" class=\"wp-image-2280\" srcset=\"https:\/\/www.unioviedo.es\/aei\/wp-content\/uploads\/2022\/04\/2021_09-Polonia-3-1024x768.jpg 1024w, https:\/\/www.unioviedo.es\/aei\/wp-content\/uploads\/2022\/04\/2021_09-Polonia-3-300x225.jpg 300w, https:\/\/www.unioviedo.es\/aei\/wp-content\/uploads\/2022\/04\/2021_09-Polonia-3-768x576.jpg 768w, https:\/\/www.unioviedo.es\/aei\/wp-content\/uploads\/2022\/04\/2021_09-Polonia-3-1536x1152.jpg 1536w, https:\/\/www.unioviedo.es\/aei\/wp-content\/uploads\/2022\/04\/2021_09-Polonia-3.jpg 1600w\" sizes=\"auto, (max-width: 1024px) 100vw, 1024px\" \/><figcaption class=\"wp-element-caption\">Encuentro de gesti\u00f3n en Ciechan\u00f3w<\/figcaption><\/figure>\n<\/figure>\n\n\n\n<figure class=\"wp-block-gallery has-nested-images columns-default is-cropped wp-block-gallery-3 is-layout-flex wp-block-gallery-is-layout-flex\">\n<figure class=\"wp-block-image size-large\"><img loading=\"lazy\" decoding=\"async\" width=\"1024\" height=\"768\" data-id=\"2283\" src=\"https:\/\/www.unioviedo.es\/aei\/wp-content\/uploads\/2022\/04\/2021_10-Padua-1-1024x768.jpeg\" alt=\"Encuentro de gesti\u00f3n en Padua\" class=\"wp-image-2283\" srcset=\"https:\/\/www.unioviedo.es\/aei\/wp-content\/uploads\/2022\/04\/2021_10-Padua-1-1024x768.jpeg 1024w, https:\/\/www.unioviedo.es\/aei\/wp-content\/uploads\/2022\/04\/2021_10-Padua-1-300x225.jpeg 300w, https:\/\/www.unioviedo.es\/aei\/wp-content\/uploads\/2022\/04\/2021_10-Padua-1-768x576.jpeg 768w, https:\/\/www.unioviedo.es\/aei\/wp-content\/uploads\/2022\/04\/2021_10-Padua-1-1536x1152.jpeg 1536w, https:\/\/www.unioviedo.es\/aei\/wp-content\/uploads\/2022\/04\/2021_10-Padua-1.jpeg 1600w\" sizes=\"auto, (max-width: 1024px) 100vw, 1024px\" \/><figcaption class=\"wp-element-caption\">Encuentro de gesti\u00f3n en Padua<\/figcaption><\/figure>\n\n\n\n<figure class=\"wp-block-image size-large\"><img loading=\"lazy\" decoding=\"async\" width=\"1024\" height=\"768\" data-id=\"2284\" src=\"https:\/\/www.unioviedo.es\/aei\/wp-content\/uploads\/2022\/04\/2021_10-Padua-2-1024x768.jpeg\" alt=\"Encuentro de gesti\u00f3n en Padua\" class=\"wp-image-2284\" srcset=\"https:\/\/www.unioviedo.es\/aei\/wp-content\/uploads\/2022\/04\/2021_10-Padua-2-1024x768.jpeg 1024w, https:\/\/www.unioviedo.es\/aei\/wp-content\/uploads\/2022\/04\/2021_10-Padua-2-300x225.jpeg 300w, https:\/\/www.unioviedo.es\/aei\/wp-content\/uploads\/2022\/04\/2021_10-Padua-2-768x576.jpeg 768w, https:\/\/www.unioviedo.es\/aei\/wp-content\/uploads\/2022\/04\/2021_10-Padua-2-1536x1152.jpeg 1536w, https:\/\/www.unioviedo.es\/aei\/wp-content\/uploads\/2022\/04\/2021_10-Padua-2.jpeg 1600w\" sizes=\"auto, (max-width: 1024px) 100vw, 1024px\" \/><figcaption class=\"wp-element-caption\">Encuentro de gesti\u00f3n en Padua<\/figcaption><\/figure>\n<\/figure>\n\n\n\n<figure class=\"wp-block-gallery has-nested-images columns-default is-cropped wp-block-gallery-4 is-layout-flex wp-block-gallery-is-layout-flex\">\n<figure class=\"wp-block-image size-large\"><img loading=\"lazy\" decoding=\"async\" width=\"1024\" height=\"768\" data-id=\"2281\" src=\"https:\/\/www.unioviedo.es\/aei\/wp-content\/uploads\/2022\/04\/2021_12-Helsinki-1024x768.jpg\" alt=\"Encuentro de gesti\u00f3n en Helsinki\" class=\"wp-image-2281\" srcset=\"https:\/\/www.unioviedo.es\/aei\/wp-content\/uploads\/2022\/04\/2021_12-Helsinki-1024x768.jpg 1024w, https:\/\/www.unioviedo.es\/aei\/wp-content\/uploads\/2022\/04\/2021_12-Helsinki-300x225.jpg 300w, https:\/\/www.unioviedo.es\/aei\/wp-content\/uploads\/2022\/04\/2021_12-Helsinki-768x576.jpg 768w, https:\/\/www.unioviedo.es\/aei\/wp-content\/uploads\/2022\/04\/2021_12-Helsinki-1536x1152.jpg 1536w, https:\/\/www.unioviedo.es\/aei\/wp-content\/uploads\/2022\/04\/2021_12-Helsinki.jpg 1600w\" sizes=\"auto, (max-width: 1024px) 100vw, 1024px\" \/><figcaption class=\"wp-element-caption\">Encuentro de gesti\u00f3n en Helsinki<\/figcaption><\/figure>\n\n\n\n<figure class=\"wp-block-image size-large\"><img loading=\"lazy\" decoding=\"async\" width=\"1024\" height=\"768\" data-id=\"2238\" src=\"https:\/\/www.unioviedo.es\/aei\/wp-content\/uploads\/2021\/12\/2021_12-Helsinki_1-1.jpg\" alt=\"Encuentro de gesti\u00f3n en Helsinki\" class=\"wp-image-2238\" srcset=\"https:\/\/www.unioviedo.es\/aei\/wp-content\/uploads\/2021\/12\/2021_12-Helsinki_1-1.jpg 1024w, https:\/\/www.unioviedo.es\/aei\/wp-content\/uploads\/2021\/12\/2021_12-Helsinki_1-1-300x225.jpg 300w, https:\/\/www.unioviedo.es\/aei\/wp-content\/uploads\/2021\/12\/2021_12-Helsinki_1-1-768x576.jpg 768w\" sizes=\"auto, (max-width: 1024px) 100vw, 1024px\" \/><figcaption class=\"wp-element-caption\">Encuentro de gesti\u00f3n en Helsinki<\/figcaption><\/figure>\n<\/figure>\n\n\n\n<figure class=\"wp-block-gallery has-nested-images columns-default is-cropped wp-block-gallery-5 is-layout-flex wp-block-gallery-is-layout-flex\">\n<figure class=\"wp-block-image size-large\"><img loading=\"lazy\" decoding=\"async\" width=\"996\" height=\"653\" data-id=\"2257\" src=\"https:\/\/www.unioviedo.es\/aei\/wp-content\/uploads\/2022\/03\/20220311_Monasterio_de_prado.webp\" alt=\"Encuentro de gesti\u00f3n en Castilla y Le\u00f3n\" class=\"wp-image-2257\" srcset=\"https:\/\/www.unioviedo.es\/aei\/wp-content\/uploads\/2022\/03\/20220311_Monasterio_de_prado.webp 996w, https:\/\/www.unioviedo.es\/aei\/wp-content\/uploads\/2022\/03\/20220311_Monasterio_de_prado-300x197.webp 300w, https:\/\/www.unioviedo.es\/aei\/wp-content\/uploads\/2022\/03\/20220311_Monasterio_de_prado-768x504.webp 768w\" sizes=\"auto, (max-width: 996px) 100vw, 996px\" \/><figcaption class=\"wp-element-caption\">Encuentro de gesti\u00f3n en Castilla y Le\u00f3n<\/figcaption><\/figure>\n\n\n\n<figure class=\"wp-block-image size-large\"><img loading=\"lazy\" decoding=\"async\" width=\"999\" height=\"543\" data-id=\"2258\" src=\"https:\/\/www.unioviedo.es\/aei\/wp-content\/uploads\/2022\/03\/20220311_Monasterio_de_prado2.webp\" alt=\"\" class=\"wp-image-2258\" srcset=\"https:\/\/www.unioviedo.es\/aei\/wp-content\/uploads\/2022\/03\/20220311_Monasterio_de_prado2.webp 999w, https:\/\/www.unioviedo.es\/aei\/wp-content\/uploads\/2022\/03\/20220311_Monasterio_de_prado2-300x163.webp 300w, https:\/\/www.unioviedo.es\/aei\/wp-content\/uploads\/2022\/03\/20220311_Monasterio_de_prado2-768x417.webp 768w\" sizes=\"auto, (max-width: 999px) 100vw, 999px\" \/><figcaption class=\"wp-element-caption\"> Encuentro de gesti\u00f3n en Castilla y Le\u00f3n <\/figcaption><\/figure>\n<\/figure>\n\n\n\n<h2 class=\"wp-block-heading\">Dise\u00f1o de Proyectos de Investigaci\u00f3n. Proyecto AEI<\/h2>\n\n\n\n<figure class=\"wp-block-video\"><video controls poster=\"https:\/\/www.unioviedo.es\/aei\/wp-content\/uploads\/2025\/08\/Diseno_proyectos_investigacion.jpg\" src=\"https:\/\/www.unioviedo.es\/aei\/video\/diseno_proyectos_investigacion_%20Proyecto_AEI.mp4?_t=1698398141\"><\/video><\/figure>\n\n\n\n<h2 class=\"wp-block-heading\">Disclaimer <\/h2>\n\n\n\n<p><em>Este proyecto \u201cAdults\u2019 teachers implementing innovative and successful models for employment and social inclusion; enhancing our European educational heritage and their consolidated values\u201d est\u00e1 cofinanciado por el programa Erasmus+ de la Uni\u00f3n Europea. Los contenidos aqu\u00ed mostrados son responsabilidad exclusiva de los autores. Ni los coordinadores de este proyecto, ni la Comisi\u00f3n Europea, ni la Agencia Nacional Erasmus Servicio Espa\u00f1ol para la Internacionalizaci\u00f3n de la Educaci\u00f3n, son responsables de los contenidos ni del uso que pueda hacerse de la informaci\u00f3n aqu\u00ed difundida.&nbsp;<\/em><\/p>\n\n\n\n<p><em>Todos los materiales aqu\u00ed mostrados tienen licencia abierta Creative Commons (CC) sin ceder los derechos de autor, ni de los derechos de propiedad intelectual. El acceso libre a los recursos educativos, documentos y materiales did\u00e1cticos generados da derecho de uso, y uso compartido citanto oblivagoriamente la fuente y autor\u00eda de los documentos.&nbsp;<\/em><\/p>\n","protected":false},"excerpt":{"rendered":"<p>El Proyecto AEI expresa el apoyo a la independencia de Ucrania y el rechazo absoluto a la invasi\u00f3n rusa. El conflicto, alimentado por la dictadura y la ideolog\u00eda de Putin, est\u00e1 atacando a un pa\u00eds soberano y a sus ciudadanos&#8230; <a href=\"https:\/\/www.unioviedo.es\/aei\/\" class=\"readmore\">Leer m\u00e1s<span class=\"screen-reader-text\">Inicio<\/span><span class=\"fa fa-angle-double-right\" aria-hidden=\"true\"><\/span><\/a><\/p>\n","protected":false},"author":1,"featured_media":0,"parent":0,"menu_order":0,"comment_status":"closed","ping_status":"closed","template":"","meta":{"footnotes":""},"class_list":["post-77","page","type-page","status-publish","hentry"],"_links":{"self":[{"href":"https:\/\/www.unioviedo.es\/aei\/wp-json\/wp\/v2\/pages\/77","targetHints":{"allow":["GET"]}}],"collection":[{"href":"https:\/\/www.unioviedo.es\/aei\/wp-json\/wp\/v2\/pages"}],"about":[{"href":"https:\/\/www.unioviedo.es\/aei\/wp-json\/wp\/v2\/types\/page"}],"author":[{"embeddable":true,"href":"https:\/\/www.unioviedo.es\/aei\/wp-json\/wp\/v2\/users\/1"}],"replies":[{"embeddable":true,"href":"https:\/\/www.unioviedo.es\/aei\/wp-json\/wp\/v2\/comments?post=77"}],"version-history":[{"count":0,"href":"https:\/\/www.unioviedo.es\/aei\/wp-json\/wp\/v2\/pages\/77\/revisions"}],"wp:attachment":[{"href":"https:\/\/www.unioviedo.es\/aei\/wp-json\/wp\/v2\/media?parent=77"}],"curies":[{"name":"wp","href":"https:\/\/api.w.org\/{rel}","templated":true}]}}