{"id":79,"date":"2019-12-13T17:33:53","date_gmt":"2019-12-13T16:33:53","guid":{"rendered":"https:\/\/www.unioviedo.es\/aei\/?page_id=79"},"modified":"2022-11-23T18:03:29","modified_gmt":"2022-11-23T17:03:29","slug":"videos","status":"publish","type":"page","link":"https:\/\/www.unioviedo.es\/aei\/videos\/","title":{"rendered":"V\u00eddeos"},"content":{"rendered":"\n<p><a href=\"https:\/\/www.unioviedo.es\/aei\/materiales\/\">Materiales<\/a> &gt; <a href=\"https:\/\/www.unioviedo.es\/aei\/videos\/\">V\u00eddeos<\/a><\/p>\n\n\n\n<p>En el proyecto se ven experiencias de formaci\u00f3n para personas mayores. La mayor\u00eda de ellas tienen un algo componente pr\u00e1ctico y est\u00e1n relacionadas con la soluci\u00f3n directa a problemas que la persona encuentra en su actividad laboral. Para ello es fundamental el desarrollo de competencias en escenarios similares a los reales. Aqu\u00ed son muy importantes las actividades de simulaci\u00f3n realista. <\/p>\n\n\n\n<h3 class=\"has-text-align-center wp-block-heading\">Jornadas en la Universidad de Oviedo<\/h3>\n\n\n\n<figure class=\"wp-block-video\"><video height=\"720\" style=\"aspect-ratio: 1280 \/ 720;\" width=\"1280\" controls poster=\"https:\/\/www.unioviedo.es\/aei\/wp-content\/uploads\/2020\/05\/CentroSalvamentoRescate.jpg\" src=\"https:\/\/www.unioviedo.es\/aei\/wp-content\/uploads\/2020\/05\/2019_CentroSalvamentoRescate.mp4\"><\/video><figcaption><strong>Centro de salvamento y rescate <\/strong><\/figcaption><\/figure>\n\n\n\n<figure class=\"wp-block-video\"><video height=\"720\" style=\"aspect-ratio: 1280 \/ 720;\" width=\"1280\" controls poster=\"https:\/\/www.unioviedo.es\/aei\/wp-content\/uploads\/2020\/05\/CentroSalvamentoFuego.jpg\" src=\"https:\/\/www.unioviedo.es\/aei\/wp-content\/uploads\/2020\/05\/2019_CentroSalvamentoFuego.mp4\"><\/video><figcaption> <br><strong>Centro de salvamento del fuego<\/strong> <\/figcaption><\/figure>\n\n\n\n<figure class=\"wp-block-video\"><video controls src=\"https:\/\/www.unioviedo.es\/aei\/video\/Actividades_PUMUO.mp4?_t=1619635066\"><\/video><figcaption>PUMUO<\/figcaption><\/figure>\n\n\n\n<div style=\"height:100px\" aria-hidden=\"true\" class=\"wp-block-spacer\"><\/div>\n\n\n\n<h3 class=\"has-text-align-center wp-block-heading\">Panstwowa Uczelnia Zawodowa (Polonia)<\/h3>\n\n\n\n<figure class=\"wp-block-video\"><video controls poster=\"https:\/\/www.unioviedo.es\/aei\/wp-content\/uploads\/2021\/11\/2021_09_02_Ciechanow.jpg\" src=\"https:\/\/www.unioviedo.es\/aei\/video\/2021_09_02_Ciechanow.mp4?_t=1636712752\"><\/video><figcaption>2 y 3 de septiembre de 2021 en Ciechanow<\/figcaption><\/figure>\n\n\n\n<figure class=\"wp-block-video\"><video controls poster=\"https:\/\/www.unioviedo.es\/aei\/wp-content\/uploads\/2021\/11\/2021_09_20_Poland.jpg\" src=\"https:\/\/www.unioviedo.es\/aei\/video\/2021_09_20_Poland.mp4?_t=1636712763\"><\/video><figcaption><strong> 20 a 24 de septiembre de 2021 en Ciechanow <\/strong><\/figcaption><\/figure>\n\n\n\n<figure class=\"wp-block-video\"><video height=\"720\" style=\"aspect-ratio: 1280 \/ 720;\" width=\"1280\" controls poster=\"https:\/\/www.unioviedo.es\/aei\/wp-content\/uploads\/2021\/11\/Ciechanow-Visit-to-the-FANAR-company.jpg\" src=\"https:\/\/www.unioviedo.es\/aei\/wp-content\/uploads\/2021\/11\/Ciechanow-Visit-to-the-FANAR-company.mp4\"><\/video><figcaption>Ciechanow. Visita a FANAR Company<\/figcaption><\/figure>\n\n\n\n<div style=\"height:100px\" aria-hidden=\"true\" class=\"wp-block-spacer\"><\/div>\n\n\n\n<h3 class=\"has-text-align-center wp-block-heading\">Jornadas en CPIA Padua (Italia)<\/h3>\n\n\n\n<figure class=\"wp-block-video\"><video controls poster=\"https:\/\/www.unioviedo.es\/aei\/wp-content\/uploads\/2022\/04\/2022_04-Visit-to-Asiago.png\" src=\"https:\/\/www.unioviedo.es\/aei\/video\/VISIT%20TO%20ASIAGO%20ITALY.mp4?_t=1649782377\"><\/video><\/figure>\n\n\n\n<figure class=\"wp-block-video\"><video controls poster=\"https:\/\/www.unioviedo.es\/aei\/wp-content\/uploads\/2022\/04\/2022_04-Scuola-Edile.webp\" src=\"https:\/\/www.unioviedo.es\/aei\/video\/2022_04%20VISIT%20TO%20SCUOLA%20EDILE%20DI%20PADOVA.mp4?_t=1649781880\"><\/video><\/figure>\n\n\n\n<figure class=\"wp-block-video\"><video height=\"720\" style=\"aspect-ratio: 1280 \/ 720;\" width=\"1280\" controls src=\"https:\/\/www.unioviedo.es\/aei\/wp-content\/uploads\/2022\/07\/Perche-scegliere-il-percorso-di-Scuola-Edile-Padova-i-nostri-studenti-si-raccontano.mp4\"><\/video><figcaption>Scuola Edile Padova<\/figcaption><\/figure>\n\n\n\n<div style=\"height:100px\" aria-hidden=\"true\" class=\"wp-block-spacer\"><\/div>\n\n\n\n<h3 class=\"has-text-align-center wp-block-heading\">Jornadas en Borg\u00e5 folkakademi (Finlandia)<\/h3>\n\n\n\n<figure class=\"wp-block-video\"><video controls src=\"https:\/\/www.unioviedo.es\/aei\/video\/Encuentro_gestion_Finlandia.mp4?_t=1669222804\"><\/video><figcaption> Jornadas de gesti\u00f3n en Finlandia <\/figcaption><\/figure>\n\n\n\n<figure class=\"wp-block-video\"><video height=\"360\" style=\"aspect-ratio: 640 \/ 360;\" width=\"640\" controls src=\"https:\/\/www.unioviedo.es\/aei\/wp-content\/uploads\/2022\/05\/FINLANDIA.mp4\"><\/video><\/figure>\n\n\n\n<figure class=\"wp-block-embed is-type-video is-provider-youtube wp-block-embed-youtube wp-embed-aspect-16-9 wp-has-aspect-ratio\"><div class=\"wp-block-embed__wrapper\">\n<iframe loading=\"lazy\" title=\"Arcada p\u00e5 tv\u00e5 minuter \/ Arcada in two minutes\" width=\"800\" height=\"450\" src=\"https:\/\/www.youtube.com\/embed\/AahFVyC43QQ?feature=oembed\" frameborder=\"0\" allow=\"accelerometer; autoplay; clipboard-write; encrypted-media; gyroscope; picture-in-picture\" allowfullscreen><\/iframe>\n<\/div><figcaption>Arcada, Universidad de Ciencias Aplicadas y Formaci\u00f3n Profesional<\/figcaption><\/figure>\n\n\n\n<div style=\"height:35px\" aria-hidden=\"true\" class=\"wp-block-spacer\"><\/div>\n\n\n\n<div class=\"wp-block-media-text alignwide is-stacked-on-mobile\" style=\"grid-template-columns:40% auto\"><figure class=\"wp-block-media-text__media\"><video controls src=\"https:\/\/www.unioviedo.es\/aei\/wp-content\/uploads\/2022\/06\/Christian-Kitenge.mp4\"><\/video><\/figure><div class=\"wp-block-media-text__content\">\n<h2 class=\"wp-block-heading\">Alguna de las claves del sistema educativo finland\u00e9s.<\/h2>\n\n\n\n<h2 class=\"wp-block-heading\"><em>Christian Kitenge Lwamba<\/em> <\/h2>\n\n\n\n<p><em>Soy Christian Kitenge Lwamba, soy profesor, pueden ver mi s\u00edmbolo del Dia Mundial de los Profesores. &nbsp;Voy a hablar de mi experiencia como profesor en Finlandia donde encontr\u00e9 algunos profesores con los que compartimos similares experiencias en escuelas con curr\u00edculums similares\u2026&nbsp;\u00bfQu\u00e9 tiene de especial el sistema educativo finland\u00e9s?&nbsp;Adem\u00e1s de la metodolog\u00eda educativa, una de las razones por las que este sistema es eficaz es porque Finlandia pone especial hincapi\u00e9 en el entorno educativo. \u00bfQu\u00e9 hace el gobierno en este sentido? Permite que los profesores renueven sus actividades pedag\u00f3gicas, no s\u00f3lo metodol\u00f3gicamente, sino tambi\u00e9n su contexto educativo.&nbsp;<\/em> <\/p>\n<\/div><\/div>\n\n\n\n<div style=\"height:100px\" aria-hidden=\"true\" class=\"wp-block-spacer\"><\/div>\n\n\n\n<h3 class=\"has-text-align-center wp-block-heading\">Jornadas en Castilla y Le\u00f3n<\/h3>\n\n\n\n<figure class=\"wp-block-video\"><video height=\"360\" style=\"aspect-ratio: 640 \/ 360;\" width=\"640\" controls src=\"https:\/\/www.unioviedo.es\/aei\/wp-content\/uploads\/2022\/07\/Descubre-las-Cortes-de-Castilla-y-Leon.mp4\"><\/video><figcaption>Descubre Las Cortes de Castilla y Le\u00f3n<\/figcaption><\/figure>\n\n\n\n<figure class=\"wp-block-video\"><video height=\"1080\" style=\"aspect-ratio: 1920 \/ 1080;\" width=\"1920\" controls src=\"https:\/\/www.unioviedo.es\/aei\/wp-content\/uploads\/2022\/07\/CEPA-La-Victoria.mp4\"><\/video><figcaption>CEPA La Victoria<\/figcaption><\/figure>\n\n\n\n<figure class=\"wp-block-video\"><video height=\"360\" style=\"aspect-ratio: 640 \/ 360;\" width=\"640\" controls src=\"https:\/\/www.unioviedo.es\/aei\/wp-content\/uploads\/2022\/07\/Empresa-Familiar-en-las-aulas-PROSOL.mp4\"><\/video><figcaption>Empresa Prosol<\/figcaption><\/figure>\n\n\n\n<figure class=\"wp-block-video\"><video height=\"360\" style=\"aspect-ratio: 640 \/ 360;\" width=\"640\" controls src=\"https:\/\/www.unioviedo.es\/aei\/wp-content\/uploads\/2022\/07\/Castilla-y-Leon-training.mp4\"><\/video><figcaption>Castilla y Le\u00f3n training week<\/figcaption><\/figure>\n","protected":false},"excerpt":{"rendered":"<p>Materiales &gt; V\u00eddeos En el proyecto se ven experiencias de formaci\u00f3n para personas mayores. La mayor\u00eda de ellas tienen un algo componente pr\u00e1ctico y est\u00e1n relacionadas con la soluci\u00f3n directa a problemas que la persona encuentra en su actividad laboral&#8230;. <a href=\"https:\/\/www.unioviedo.es\/aei\/videos\/\" class=\"readmore\">Leer m\u00e1s<span class=\"screen-reader-text\">V\u00eddeos<\/span><span class=\"fa fa-angle-double-right\" aria-hidden=\"true\"><\/span><\/a><\/p>\n","protected":false},"author":1,"featured_media":0,"parent":0,"menu_order":0,"comment_status":"closed","ping_status":"closed","template":"","meta":{"footnotes":""},"class_list":["post-79","page","type-page","status-publish","hentry"],"_links":{"self":[{"href":"https:\/\/www.unioviedo.es\/aei\/wp-json\/wp\/v2\/pages\/79","targetHints":{"allow":["GET"]}}],"collection":[{"href":"https:\/\/www.unioviedo.es\/aei\/wp-json\/wp\/v2\/pages"}],"about":[{"href":"https:\/\/www.unioviedo.es\/aei\/wp-json\/wp\/v2\/types\/page"}],"author":[{"embeddable":true,"href":"https:\/\/www.unioviedo.es\/aei\/wp-json\/wp\/v2\/users\/1"}],"replies":[{"embeddable":true,"href":"https:\/\/www.unioviedo.es\/aei\/wp-json\/wp\/v2\/comments?post=79"}],"version-history":[{"count":0,"href":"https:\/\/www.unioviedo.es\/aei\/wp-json\/wp\/v2\/pages\/79\/revisions"}],"wp:attachment":[{"href":"https:\/\/www.unioviedo.es\/aei\/wp-json\/wp\/v2\/media?parent=79"}],"curies":[{"name":"wp","href":"https:\/\/api.w.org\/{rel}","templated":true}]}}

Vídeos

<p><a href="https://www.unioviedo.es/aei/materiales/">Materiales</a> &gt; <a href="https://www.unioviedo.es/aei/videos/">Vídeos</a></p>



<p>En el proyecto se ven experiencias de formación para personas mayores. La mayoría de ellas tienen un algo componente práctico y están relacionadas con la solución directa a problemas que la persona encuentra en su actividad laboral. Para ello es fundamental el desarrollo de competencias en escenarios similares a los reales. Aquí son muy importantes las actividades de simulación realista. </p>



<h3 class="has-text-align-center wp-block-heading">Jornadas en la Universidad de Oviedo</h3>



<figure class="wp-block-video"><video height="720" style="aspect-ratio: 1280 / 720;" width="1280" controls poster="https://www.unioviedo.es/aei/wp-content/uploads/2020/05/CentroSalvamentoRescate.jpg" src="https://www.unioviedo.es/aei/wp-content/uploads/2020/05/2019_CentroSalvamentoRescate.mp4"></video><figcaption><strong>Centro de salvamento y rescate </strong></figcaption></figure>



<figure class="wp-block-video"><video height="720" style="aspect-ratio: 1280 / 720;" width="1280" controls poster="https://www.unioviedo.es/aei/wp-content/uploads/2020/05/CentroSalvamentoFuego.jpg" src="https://www.unioviedo.es/aei/wp-content/uploads/2020/05/2019_CentroSalvamentoFuego.mp4"></video><figcaption> <br><strong>Centro de salvamento del fuego</strong> </figcaption></figure>



<figure class="wp-block-video"><video controls src="https://www.unioviedo.es/aei/video/Actividades_PUMUO.mp4?_t=1619635066"></video><figcaption>PUMUO</figcaption></figure>



<div style="height:100px" aria-hidden="true" class="wp-block-spacer"></div>



<h3 class="has-text-align-center wp-block-heading">Panstwowa Uczelnia Zawodowa (Polonia)</h3>



<figure class="wp-block-video"><video controls poster="https://www.unioviedo.es/aei/wp-content/uploads/2021/11/2021_09_02_Ciechanow.jpg" src="https://www.unioviedo.es/aei/video/2021_09_02_Ciechanow.mp4?_t=1636712752"></video><figcaption>2 y 3 de septiembre de 2021 en Ciechanow</figcaption></figure>



<figure class="wp-block-video"><video controls poster="https://www.unioviedo.es/aei/wp-content/uploads/2021/11/2021_09_20_Poland.jpg" src="https://www.unioviedo.es/aei/video/2021_09_20_Poland.mp4?_t=1636712763"></video><figcaption><strong> 20 a 24 de septiembre de 2021 en Ciechanow </strong></figcaption></figure>



<figure class="wp-block-video"><video height="720" style="aspect-ratio: 1280 / 720;" width="1280" controls poster="https://www.unioviedo.es/aei/wp-content/uploads/2021/11/Ciechanow-Visit-to-the-FANAR-company.jpg" src="https://www.unioviedo.es/aei/wp-content/uploads/2021/11/Ciechanow-Visit-to-the-FANAR-company.mp4"></video><figcaption>Ciechanow. Visita a FANAR Company</figcaption></figure>



<div style="height:100px" aria-hidden="true" class="wp-block-spacer"></div>



<h3 class="has-text-align-center wp-block-heading">Jornadas en CPIA Padua (Italia)</h3>



<figure class="wp-block-video"><video controls poster="https://www.unioviedo.es/aei/wp-content/uploads/2022/04/2022_04-Visit-to-Asiago.png" src="https://www.unioviedo.es/aei/video/VISIT%20TO%20ASIAGO%20ITALY.mp4?_t=1649782377"></video></figure>



<figure class="wp-block-video"><video controls poster="https://www.unioviedo.es/aei/wp-content/uploads/2022/04/2022_04-Scuola-Edile.webp" src="https://www.unioviedo.es/aei/video/2022_04%20VISIT%20TO%20SCUOLA%20EDILE%20DI%20PADOVA.mp4?_t=1649781880"></video></figure>



<figure class="wp-block-video"><video height="720" style="aspect-ratio: 1280 / 720;" width="1280" controls src="https://www.unioviedo.es/aei/wp-content/uploads/2022/07/Perche-scegliere-il-percorso-di-Scuola-Edile-Padova-i-nostri-studenti-si-raccontano.mp4"></video><figcaption>Scuola Edile Padova</figcaption></figure>



<div style="height:100px" aria-hidden="true" class="wp-block-spacer"></div>



<h3 class="has-text-align-center wp-block-heading">Jornadas en Borgå folkakademi (Finlandia)</h3>



<figure class="wp-block-video"><video controls src="https://www.unioviedo.es/aei/video/Encuentro_gestion_Finlandia.mp4?_t=1669222804"></video><figcaption> Jornadas de gestión en Finlandia </figcaption></figure>



<figure class="wp-block-video"><video height="360" style="aspect-ratio: 640 / 360;" width="640" controls src="https://www.unioviedo.es/aei/wp-content/uploads/2022/05/FINLANDIA.mp4"></video></figure>



<figure class="wp-block-embed is-type-video is-provider-youtube wp-block-embed-youtube wp-embed-aspect-16-9 wp-has-aspect-ratio"><div class="wp-block-embed__wrapper">
<iframe loading="lazy" title="Arcada på två minuter / Arcada in two minutes" width="800" height="450" src="https://www.youtube.com/embed/AahFVyC43QQ?feature=oembed" frameborder="0" allow="accelerometer; autoplay; clipboard-write; encrypted-media; gyroscope; picture-in-picture" allowfullscreen></iframe>
</div><figcaption>Arcada, Universidad de Ciencias Aplicadas y Formación Profesional</figcaption></figure>



<div style="height:35px" aria-hidden="true" class="wp-block-spacer"></div>



<div class="wp-block-media-text alignwide is-stacked-on-mobile" style="grid-template-columns:40% auto"><figure class="wp-block-media-text__media"><video controls src="https://www.unioviedo.es/aei/wp-content/uploads/2022/06/Christian-Kitenge.mp4"></video></figure><div class="wp-block-media-text__content">
<h2 class="wp-block-heading">Alguna de las claves del sistema educativo finlandés.</h2>



<h2 class="wp-block-heading"><em>Christian Kitenge Lwamba</em> </h2>



<p><em>Soy Christian Kitenge Lwamba, soy profesor, pueden ver mi símbolo del Dia Mundial de los Profesores. &nbsp;Voy a hablar de mi experiencia como profesor en Finlandia donde encontré algunos profesores con los que compartimos similares experiencias en escuelas con currículums similares…&nbsp;¿Qué tiene de especial el sistema educativo finlandés?&nbsp;Además de la metodología educativa, una de las razones por las que este sistema es eficaz es porque Finlandia pone especial hincapié en el entorno educativo. ¿Qué hace el gobierno en este sentido? Permite que los profesores renueven sus actividades pedagógicas, no sólo metodológicamente, sino también su contexto educativo.&nbsp;</em> </p>
</div></div>



<div style="height:100px" aria-hidden="true" class="wp-block-spacer"></div>



<h3 class="has-text-align-center wp-block-heading">Jornadas en Castilla y León</h3>



<figure class="wp-block-video"><video height="360" style="aspect-ratio: 640 / 360;" width="640" controls src="https://www.unioviedo.es/aei/wp-content/uploads/2022/07/Descubre-las-Cortes-de-Castilla-y-Leon.mp4"></video><figcaption>Descubre Las Cortes de Castilla y León</figcaption></figure>



<figure class="wp-block-video"><video height="1080" style="aspect-ratio: 1920 / 1080;" width="1920" controls src="https://www.unioviedo.es/aei/wp-content/uploads/2022/07/CEPA-La-Victoria.mp4"></video><figcaption>CEPA La Victoria</figcaption></figure>



<figure class="wp-block-video"><video height="360" style="aspect-ratio: 640 / 360;" width="640" controls src="https://www.unioviedo.es/aei/wp-content/uploads/2022/07/Empresa-Familiar-en-las-aulas-PROSOL.mp4"></video><figcaption>Empresa Prosol</figcaption></figure>



<figure class="wp-block-video"><video height="360" style="aspect-ratio: 640 / 360;" width="640" controls src="https://www.unioviedo.es/aei/wp-content/uploads/2022/07/Castilla-y-Leon-training.mp4"></video><figcaption>Castilla y León training week</figcaption></figure>

<p>Materiales &gt; Vídeos En el proyecto se ven experiencias de formación para personas mayores. La mayoría de ellas tienen un algo componente práctico y están relacionadas con la solución directa a problemas que la persona encuentra en su actividad laboral&#8230;. <a href="https://www.unioviedo.es/aei/videos/" class="readmore">Leer más<span class="screen-reader-text">Vídeos</span><span class="fa fa-angle-double-right" aria-hidden="true"></span></a></p>
