{"id":11110,"date":"2024-12-04T09:30:23","date_gmt":"2024-12-04T09:30:23","guid":{"rendered":"https:\/\/www.unioviedo.es\/alumni\/?page_id=11110"},"modified":"2024-12-08T00:24:16","modified_gmt":"2024-12-08T00:24:16","slug":"networking","status":"publish","type":"page","link":"https:\/\/www.unioviedo.es\/alumni\/index.php\/networking\/","title":{"rendered":"Networking"},"content":{"rendered":"\t\t<div data-elementor-type=\"wp-page\" data-elementor-id=\"11110\" class=\"elementor elementor-11110\">\n\t\t\t\t\t\t<section class=\"elementor-section elementor-top-section elementor-element elementor-element-9f8e86f elementor-section-full_width elementor-section-height-default elementor-section-height-default\" data-id=\"9f8e86f\" data-element_type=\"section\" data-e-type=\"section\">\n\t\t\t\t\t\t<div class=\"elementor-container elementor-column-gap-default\">\n\t\t\t\t\t<div class=\"elementor-column elementor-col-100 elementor-top-column elementor-element elementor-element-8db5db4\" data-id=\"8db5db4\" data-element_type=\"column\" data-e-type=\"column\">\n\t\t\t<div class=\"elementor-widget-wrap elementor-element-populated\">\n\t\t\t\t\t\t<div class=\"elementor-element elementor-element-b3821b4 elementor-widget elementor-widget-heading\" data-id=\"b3821b4\" data-element_type=\"widget\" data-e-type=\"widget\" data-widget_type=\"heading.default\">\n\t\t\t\t\t<h2 class=\"elementor-heading-title elementor-size-default\">NETWORKING EN EL CLUB ALUMNI 360 UO<\/h2>\t\t\t\t<\/div>\n\t\t\t\t\t<\/div>\n\t\t<\/div>\n\t\t\t\t\t<\/div>\n\t\t<\/section>\n\t\t\t\t<section class=\"elementor-section elementor-inner-section elementor-element elementor-element-d5c7354 elementor-section-boxed elementor-section-height-default elementor-section-height-default\" data-id=\"d5c7354\" data-element_type=\"section\" data-e-type=\"section\">\n\t\t\t\t\t\t\t<div class=\"elementor-background-overlay\"><\/div>\n\t\t\t\t\t\t\t<div class=\"elementor-container elementor-column-gap-default\">\n\t\t\t\t\t<div class=\"elementor-column elementor-col-100 elementor-inner-column elementor-element elementor-element-b222ca9\" data-id=\"b222ca9\" data-element_type=\"column\" data-e-type=\"column\">\n\t\t\t<div class=\"elementor-widget-wrap elementor-element-populated\">\n\t\t\t\t\t\t<div class=\"elementor-element elementor-element-56e9c8f elementor-widget elementor-widget-html\" data-id=\"56e9c8f\" data-element_type=\"widget\" data-e-type=\"widget\" data-widget_type=\"html.default\">\n\t\t\t\t\t<div id=\"networking-club-alumni\" style=\"\r\n    font-family: 'Arial', sans-serif;\r\n    padding: 40px 20px;\r\n    background: none;\r\n\">\r\n    <div class=\"container\" style=\"\r\n        max-width: 900px;\r\n        margin: 0 auto;\r\n        padding: 30px;\r\n        background-color: #ffffff;\r\n        border-radius: 12px;\r\n        box-shadow: 0 6px 20px rgba(0, 0, 0, 0.15);\r\n    \">\r\n        <h1 style=\"\r\n            color: #005582;\r\n            font-size: 28px;\r\n            font-weight: bold;\r\n            margin-bottom: 20px;\r\n            text-align: center;\r\n            text-shadow: 1px 1px 4px rgba(0, 0, 0, 0.1);\r\n        \">\r\n            Descubre todo lo que el Club Alumni tiene para ti\r\n        <\/h1>\r\n        <p style=\"\r\n            font-size: 16px;\r\n            line-height: 1.8;\r\n            color: #333;\r\n            text-align: center;\r\n            margin-bottom: 20px;\r\n        \">\r\n            \u00danete a una comunidad din\u00e1mica donde podr\u00e1s conectar con otros Alumni, participar en actividades exclusivas y acceder a herramientas para potenciar tu desarrollo personal y profesional.\r\n        <\/p>\r\n\r\n        <!-- Secci\u00f3n de puntos destacados -->\r\n        <div style=\"\r\n            display: grid;\r\n            grid-template-columns: repeat(auto-fit, minmax(250px, 1fr));\r\n            gap: 20px;\r\n            margin-bottom: 30px;\r\n        \">\r\n            <!-- Punto 1: Networking -->\r\n            <div style=\"\r\n                padding: 20px;\r\n                background-color: #f7fcff;\r\n                border: 1px solid #cce7f3;\r\n                border-radius: 10px;\r\n                text-align: center;\r\n                transition: transform 0.3s, background-color 0.3s;\r\n            \" onmouseover=\"this.style.background='#e6f7ff'; this.style.transform='translateY(-3px)';\" onmouseout=\"this.style.background='#f7fcff'; this.style.transform='none';\">\r\n                <h3 style=\"color: #005582; font-size: 20px;\">Conexiones<\/h3>\r\n                <p style=\"color: #333; font-size: 16px;\">Establece contactos con otros Alumni y miembros de la comunidad universitaria para colaborar en proyectos y construir relaciones significativas.<\/p>\r\n            <\/div>\r\n\r\n            <!-- Punto 2: Eventos -->\r\n            <div style=\"\r\n                padding: 20px;\r\n                background-color: #f7fcff;\r\n                border: 1px solid #cce7f3;\r\n                border-radius: 10px;\r\n                text-align: center;\r\n                transition: transform 0.3s, background-color 0.3s;\r\n            \" onmouseover=\"this.style.background='#e6f7ff'; this.style.transform='translateY(-3px)';\" onmouseout=\"this.style.background='#f7fcff'; this.style.transform='none';\">\r\n                <h3 style=\"color: #005582; font-size: 20px;\">Eventos exclusivos<\/h3>\r\n                <p style=\"color: #333; font-size: 16px;\">Asiste a conferencias, talleres y encuentros dise\u00f1ados para fomentar el intercambio de ideas y el aprendizaje continuo. Tambi\u00e9n podr\u00e1s sumarte y proponer actividades.<\/p>\r\n            <\/div>\r\n\r\n            <!-- Punto 3: Mentoring -->\r\n            <div style=\"\r\n                padding: 20px;\r\n                background-color: #f7fcff;\r\n                border: 1px solid #cce7f3;\r\n                border-radius: 10px;\r\n                text-align: center;\r\n                transition: transform 0.3s, background-color 0.3s;\r\n            \" onmouseover=\"this.style.background='#e6f7ff'; this.style.transform='translateY(-3px)';\" onmouseout=\"this.style.background='#f7fcff'; this.style.transform='none';\">\r\n                <h3 style=\"color: #005582; font-size: 20px;\">Programa de mentor\u00eda<\/h3>\r\n                <p style=\"color: #333; font-size: 16px;\">Comparte tu experiencia como mentor\/a con estudiantes en el \u00faltimo a\u00f1o de carrera para fortalecer tu presencia en el Club.<\/p>\r\n            <\/div>\r\n\r\n            <!-- Punto 4: Empleabilidad -->\r\n            <div style=\"\r\n                padding: 20px;\r\n                background-color: #f7fcff;\r\n                border: 1px solid #cce7f3;\r\n                border-radius: 10px;\r\n                text-align: center;\r\n                transition: transform 0.3s, background-color 0.3s;\r\n            \" onmouseover=\"this.style.background='#e6f7ff'; this.style.transform='translateY(-3px)';\" onmouseout=\"this.style.background='#f7fcff'; this.style.transform='none';\">\r\n                <h3 style=\"color: #005582; font-size: 20px;\">Desarrollo profesional<\/h3>\r\n                <p style=\"color: #333; font-size: 16px;\">Accede a ofertas exclusivas, sesiones de asesoramiento y oportunidades de pr\u00e1cticas en instituciones internacionales para avanzar profesionalmente.<\/p>\r\n            <\/div>\r\n\r\n            <!-- Punto 5: Publica tus ofertas -->\r\n            <div style=\"\r\n                padding: 20px;\r\n                background-color: #f7fcff;\r\n                border: 1px solid #cce7f3;\r\n                border-radius: 10px;\r\n                text-align: center;\r\n                transition: transform 0.3s, background-color 0.3s;\r\n            \" onmouseover=\"this.style.background='#e6f7ff'; this.style.transform='translateY(-3px)';\" onmouseout=\"this.style.background='#f7fcff'; this.style.transform='none';\">\r\n                <h3 style=\"color: #005582; font-size: 20px;\">Descubre talento<\/h3>\r\n                <p style=\"color: #333; font-size: 16px;\">Utiliza nuestra plataforma para compartir oportunidades laborales y conectar con el talento Alumni de una comunidad presente en todas las partes del mundo.<\/p>\r\n            <\/div>\r\n\r\n            <!-- Punto 6: Comparte tu experiencia -->\r\n            <div style=\"\r\n                padding: 20px;\r\n                background-color: #f7fcff;\r\n                border: 1px solid #cce7f3;\r\n                border-radius: 10px;\r\n                text-align: center;\r\n                transition: transform 0.3s, background-color 0.3s;\r\n            \" onmouseover=\"this.style.background='#e6f7ff'; this.style.transform='translateY(-3px)';\" onmouseout=\"this.style.background='#f7fcff'; this.style.transform='none';\">\r\n                <h3 style=\"color: #005582; font-size: 20px;\">Comparte tus experiencias<\/h3>\r\n                <p style=\"color: #333; font-size: 16px;\">Inicia conversaciones, publica en el blog Alumni y colabora activamente con la comunidad. El Club ofrece la oportunidad de involucrarte en el desarrollo de la Universidad de Oviedo.<\/p>\r\n            <\/div>\r\n        <\/div>\r\n\r\n        <!-- Texto para PDI -->\r\n        <p style=\"\r\n            font-size: 16px;\r\n            line-height: 1.8;\r\n            color: #333;\r\n            text-align: center;\r\n            margin-top: 20px;\r\n        \">\r\n            <strong>\u00bfEres profesor\/a de la Universidad de Oviedo?<\/strong> Tambi\u00e9n puedes unirte al Club Alumni para proponer actividades, formar grupos de inter\u00e9s y enriquecer nuestra comunidad y tu carrera acad\u00e9mica.\r\n        <\/p>\r\n\r\n        <!-- Botones -->\r\n        <div style=\"margin-top: 30px; text-align: center;\">\r\n            <a href=\"https:\/\/www.unioviedo.es\/alumni\/index.php\/iniciar-sesion\/\" style=\"\r\n                padding: 10px 20px;\r\n                font-size: 14px;\r\n                font-weight: bold;\r\n                color: #ffffff;\r\n                background-color: #005582;\r\n                text-decoration: none;\r\n                border-radius: 8px;\r\n                transition: transform 0.3s, background-color 0.3s;\r\n                margin: 0 10px;\r\n            \" onmouseover=\"this.style.backgroundColor='#00827C'; this.style.transform='translateY(-3px)';\" onmouseout=\"this.style.backgroundColor='#005582'; this.style.transform='none';\">\r\n                Iniciar Sesi\u00f3n\r\n            <\/a>\r\n            <a href=\"https:\/\/www.unioviedo.es\/alumni\/index.php\/inscripciones\/\" style=\"\r\n                padding: 10px 20px;\r\n                font-size: 14px;\r\n                font-weight: bold;\r\n                color: #ffffff;\r\n                background-color: #005582;\r\n                text-decoration: none;\r\n                border-radius: 8px;\r\n                transition: transform 0.3s, background-color 0.3s;\r\n                margin: 0 10px;\r\n            \" onmouseover=\"this.style.backgroundColor='#00827C'; this.style.transform='translateY(-3px)';\" onmouseout=\"this.style.backgroundColor='#005582'; this.style.transform='none';\">\r\n                Registrarme\r\n            <\/a>\r\n        <\/div>\r\n    <\/div>\r\n<\/div>\r\n\t\t\t\t<\/div>\n\t\t\t\t\t<\/div>\n\t\t<\/div>\n\t\t\t\t\t<\/div>\n\t\t<\/section>\n\t\t\t\t<\/div>\n\t\t","protected":false},"excerpt":{"rendered":"<p>NETWORKING EN EL CLUB ALUMNI 360 UO Descubre todo lo que el Club Alumni tiene para ti \u00danete a una comunidad din\u00e1mica donde podr\u00e1s conectar con otros Alumni, participar en actividades exclusivas y acceder a herramientas para potenciar tu desarrollo personal y profesional. Conexiones Establece contactos con otros Alumni y miembros de la comunidad universitaria&hellip;&nbsp;<a href=\"https:\/\/www.unioviedo.es\/alumni\/index.php\/networking\/\" rel=\"bookmark\">Leer m\u00e1s &raquo;<span class=\"screen-reader-text\">Networking<\/span><\/a><\/p>\n","protected":false},"author":49,"featured_media":0,"parent":0,"menu_order":0,"comment_status":"closed","ping_status":"closed","template":"page-templates\/template-pagebuilder-full-width.php","meta":{"neve_meta_sidebar":"","neve_meta_container":"","neve_meta_enable_content_width":"off","neve_meta_content_width":100,"neve_meta_title_alignment":"","neve_meta_author_avatar":"","neve_post_elements_order":"","neve_meta_disable_header":"","neve_meta_disable_footer":"","neve_meta_disable_title":"on","footnotes":""},"class_list":["post-11110","page","type-page","status-publish","hentry"],"_links":{"self":[{"href":"https:\/\/www.unioviedo.es\/alumni\/index.php\/wp-json\/wp\/v2\/pages\/11110","targetHints":{"allow":["GET"]}}],"collection":[{"href":"https:\/\/www.unioviedo.es\/alumni\/index.php\/wp-json\/wp\/v2\/pages"}],"about":[{"href":"https:\/\/www.unioviedo.es\/alumni\/index.php\/wp-json\/wp\/v2\/types\/page"}],"author":[{"embeddable":true,"href":"https:\/\/www.unioviedo.es\/alumni\/index.php\/wp-json\/wp\/v2\/users\/49"}],"replies":[{"embeddable":true,"href":"https:\/\/www.unioviedo.es\/alumni\/index.php\/wp-json\/wp\/v2\/comments?post=11110"}],"version-history":[{"count":0,"href":"https:\/\/www.unioviedo.es\/alumni\/index.php\/wp-json\/wp\/v2\/pages\/11110\/revisions"}],"wp:attachment":[{"href":"https:\/\/www.unioviedo.es\/alumni\/index.php\/wp-json\/wp\/v2\/media?parent=11110"}],"curies":[{"name":"wp","href":"https:\/\/api.w.org\/{rel}","templated":true}]}}