{"id":257,"date":"2019-08-19T11:06:46","date_gmt":"2019-08-19T09:06:46","guid":{"rendered":"https:\/\/www.unioviedo.es\/aunas\/?page_id=257"},"modified":"2019-09-02T10:40:42","modified_gmt":"2019-09-02T08:40:42","slug":"remedios-menendez-calvo","status":"publish","type":"page","link":"https:\/\/www.unioviedo.es\/aunas\/remedios-menendez-calvo\/","title":{"rendered":"Remedios Men\u00e9ndez Calvo"},"content":{"rendered":"\n<p class=\"has-medium-font-size\">Profesora T. U. de Derecho del Trabajo y de la Seguridad Social, Universidad de Alcal\u00e1 de Henares <\/p>\n\n\n\n<figure class=\"wp-block-image is-resized\"><img decoding=\"async\" loading=\"lazy\" src=\"https:\/\/www.unioviedo.es\/aunas\/wp-content\/uploads\/2019\/08\/Screenshot_20190801-121550-279x300.png\" alt=\"\" class=\"wp-image-258\" width=\"153\" height=\"153\" srcset=\"https:\/\/www.unioviedo.es\/aunas\/wp-content\/uploads\/2019\/08\/Screenshot_20190801-121550-150x150.png 150w, https:\/\/www.unioviedo.es\/aunas\/wp-content\/uploads\/2019\/08\/Screenshot_20190801-121550-100x100.png 100w\" sizes=\"(max-width: 153px) 100vw, 153px\" \/><\/figure>\n\n\n\n<p>Remedios Men\u00e9ndez Calvo, es Doctora Europea en Derecho por la Universidad de Alcal\u00e1, universidad a la que, en la actualidad, est\u00e1 vinculada como Profesora Titular del Departamento de Ciencias Jur\u00eddicas (\u00c1rea de Derecho del Trabajo y de la Seguridad Social). En julio de 2002 fue premiada por la Asociaci\u00f3n Nacional de Abogados Laboralistas como \u201c<em>Mejor estudioso laboralista<\/em>\u201d. Su Tesis Doctoral fue galardonada por el Consejo Econ\u00f3mico y Social de Espa\u00f1a en su concurso nacional (2008) y tambi\u00e9n como la \u201c<em>Mejor Tesis en Derecho del a\u00f1o 2008<\/em>\u201d por la Sociedad de Condue\u00f1os de la Universidad de Alcal\u00e1. En 2010 recibi\u00f3 el \u201c<em>Premio Extraordinario de Doctorado<\/em>\u201d de la UAH en Derecho.<\/p>\n\n\n\n<p>Cuenta en su haber con diversas publicaciones y comunicaciones cient\u00edfico-jur\u00eddicas. Participa como miembro colaborador en varios Proyectos de Investigaci\u00f3n, de \u00e1mbito regional, nacional y europeo, financiados por diferentes Entidades p\u00fablicas y privadas, y ha sido Investigadora Principal de 2015 a 2018 en una convocatoria I+d+i nacional.&nbsp;Completan su actividad como personal docente e investigador de la Universidad alcala\u00edna, su participaci\u00f3n, como ponente, en diversos Congresos en Espa\u00f1a, Francia e Italia.&nbsp;Uno de los temas que constituye su principal l\u00ednea de estudio son las condiciones socio-laborales de las mujeres; el an\u00e1lisis desde el prisma legal y convencional de la igualdad de oportunidades entre mujeres y hombres en el mercado laboral propici\u00f3 su nombramiento acad\u00e9mico como Directora de la Unidad de igualdad de la Universidad de Alcal\u00e1, desde junio de 2012 a abril de 2018. Tambi\u00e9n es destacable su faceta como investigadora en materia de contenidos de la negociaci\u00f3n colectiva \u2013lo que ha favorecido una estrecha vinculaci\u00f3n con organizaciones sindicales y asociaciones empresariales\u2013, o como estudiosa de las consecuencias laborales de los procesos de reestructuraci\u00f3n empresarial en colaboraci\u00f3n con colegas de Derecho Mercantil y profesionales de la econom\u00eda o la sociolog\u00eda. Desde 2017 ha centrado su labor investigadora, muy especialmente, en \u00e1mbito colectivo del nuevo marco de relaciones laborales (digitalizadas) y trabajo en plataformas.<\/p>\n\n\n\n<p>Perfil de Remedios Men\u00e9ndez Calvo en la <a href=\"https:\/\/www.uah.es\/es\/estudios\/profesor\/Maria-Remedios-Menendez-Calvo\/\">Universidad de Alcal\u00e1<\/a><\/p>\n","protected":false},"excerpt":{"rendered":"<p>Profesora T. U. de Derecho del Trabajo y de la Seguridad Social, Universidad de Alcal\u00e1 de Henares Remedios Men\u00e9ndez Calvo, es Doctora Europea en Derecho por la Universidad de Alcal\u00e1, universidad a la que, en la actualidad, est\u00e1 vinculada como Profesora Titular del Departamento de Ciencias Jur\u00eddicas (\u00c1rea de Derecho del Trabajo y de la &hellip; <\/p>\n<p class=\"link-more\"><a href=\"https:\/\/www.unioviedo.es\/aunas\/remedios-menendez-calvo\/\" class=\"more-link\">Continuar leyendo<span class=\"screen-reader-text\"> \u00abRemedios Men\u00e9ndez Calvo\u00bb<\/span><\/a><\/p>\n","protected":false},"author":1,"featured_media":0,"parent":0,"menu_order":0,"comment_status":"closed","ping_status":"closed","template":"","meta":{"footnotes":""},"_links":{"self":[{"href":"https:\/\/www.unioviedo.es\/aunas\/wp-json\/wp\/v2\/pages\/257"}],"collection":[{"href":"https:\/\/www.unioviedo.es\/aunas\/wp-json\/wp\/v2\/pages"}],"about":[{"href":"https:\/\/www.unioviedo.es\/aunas\/wp-json\/wp\/v2\/types\/page"}],"author":[{"embeddable":true,"href":"https:\/\/www.unioviedo.es\/aunas\/wp-json\/wp\/v2\/users\/1"}],"replies":[{"embeddable":true,"href":"https:\/\/www.unioviedo.es\/aunas\/wp-json\/wp\/v2\/comments?post=257"}],"version-history":[{"count":6,"href":"https:\/\/www.unioviedo.es\/aunas\/wp-json\/wp\/v2\/pages\/257\/revisions"}],"predecessor-version":[{"id":302,"href":"https:\/\/www.unioviedo.es\/aunas\/wp-json\/wp\/v2\/pages\/257\/revisions\/302"}],"wp:attachment":[{"href":"https:\/\/www.unioviedo.es\/aunas\/wp-json\/wp\/v2\/media?parent=257"}],"curies":[{"name":"wp","href":"https:\/\/api.w.org\/{rel}","templated":true}]}}

Remedios Menéndez Calvo

<p class="has-medium-font-size">Profesora T. U. de Derecho del Trabajo y de la Seguridad Social, Universidad de Alcalá de Henares </p>



<figure class="wp-block-image is-resized"><img decoding="async" loading="lazy" src="https://www.unioviedo.es/aunas/wp-content/uploads/2019/08/Screenshot_20190801-121550-279x300.png" alt="" class="wp-image-258" width="153" height="153" srcset="https://www.unioviedo.es/aunas/wp-content/uploads/2019/08/Screenshot_20190801-121550-150x150.png 150w, https://www.unioviedo.es/aunas/wp-content/uploads/2019/08/Screenshot_20190801-121550-100x100.png 100w" sizes="(max-width: 153px) 100vw, 153px" /></figure>



<p>Remedios Menéndez Calvo, es Doctora Europea en Derecho por la Universidad de Alcalá, universidad a la que, en la actualidad, está vinculada como Profesora Titular del Departamento de Ciencias Jurídicas (Área de Derecho del Trabajo y de la Seguridad Social). En julio de 2002 fue premiada por la Asociación Nacional de Abogados Laboralistas como “<em>Mejor estudioso laboralista</em>”. Su Tesis Doctoral fue galardonada por el Consejo Económico y Social de España en su concurso nacional (2008) y también como la “<em>Mejor Tesis en Derecho del año 2008</em>” por la Sociedad de Condueños de la Universidad de Alcalá. En 2010 recibió el “<em>Premio Extraordinario de Doctorado</em>” de la UAH en Derecho.</p>



<p>Cuenta en su haber con diversas publicaciones y comunicaciones científico-jurídicas. Participa como miembro colaborador en varios Proyectos de Investigación, de ámbito regional, nacional y europeo, financiados por diferentes Entidades públicas y privadas, y ha sido Investigadora Principal de 2015 a 2018 en una convocatoria I+d+i nacional.&nbsp;Completan su actividad como personal docente e investigador de la Universidad alcalaína, su participación, como ponente, en diversos Congresos en España, Francia e Italia.&nbsp;Uno de los temas que constituye su principal línea de estudio son las condiciones socio-laborales de las mujeres; el análisis desde el prisma legal y convencional de la igualdad de oportunidades entre mujeres y hombres en el mercado laboral propició su nombramiento académico como Directora de la Unidad de igualdad de la Universidad de Alcalá, desde junio de 2012 a abril de 2018. También es destacable su faceta como investigadora en materia de contenidos de la negociación colectiva –lo que ha favorecido una estrecha vinculación con organizaciones sindicales y asociaciones empresariales–, o como estudiosa de las consecuencias laborales de los procesos de reestructuración empresarial en colaboración con colegas de Derecho Mercantil y profesionales de la economía o la sociología. Desde 2017 ha centrado su labor investigadora, muy especialmente, en ámbito colectivo del nuevo marco de relaciones laborales (digitalizadas) y trabajo en plataformas.</p>



<p>Perfil de Remedios Menéndez Calvo en la <a href="https://www.uah.es/es/estudios/profesor/Maria-Remedios-Menendez-Calvo/">Universidad de Alcalá</a></p>

<p>Profesora T. U. de Derecho del Trabajo y de la Seguridad Social, Universidad de Alcalá de Henares Remedios Menéndez Calvo, es Doctora Europea en Derecho por la Universidad de Alcalá, universidad a la que, en la actualidad, está vinculada como Profesora Titular del Departamento de Ciencias Jurídicas (Área de Derecho del Trabajo y de la &hellip; </p>
<p class="link-more"><a href="https://www.unioviedo.es/aunas/remedios-menendez-calvo/" class="more-link">Continuar leyendo<span class="screen-reader-text"> «Remedios Menéndez Calvo»</span></a></p>
