{"id":326,"date":"2019-09-18T18:52:12","date_gmt":"2019-09-18T16:52:12","guid":{"rendered":"https:\/\/www.unioviedo.es\/aunas\/?page_id=326"},"modified":"2020-06-03T19:17:26","modified_gmt":"2020-06-03T17:17:26","slug":"maravillas-espin-saez","status":"publish","type":"page","link":"https:\/\/www.unioviedo.es\/aunas\/maravillas-espin-saez\/","title":{"rendered":"Maravillas Esp\u00edn S\u00e1ez"},"content":{"rendered":"\n<p class=\"has-medium-font-size\">Profesora Contratada Doctora de Derecho del Trabajo y de la Seguridad Social, Universidad Aut\u00f3noma de Madrid<\/p>\n\n\n\n<figure class=\"wp-block-image is-resized\"><img decoding=\"async\" loading=\"lazy\" src=\"https:\/\/www.unioviedo.es\/aunas\/wp-content\/uploads\/2019\/09\/Imagen-1-300x283.png\" alt=\"\" class=\"wp-image-325\" width=\"153\" height=\"154\" srcset=\"https:\/\/www.unioviedo.es\/aunas\/wp-content\/uploads\/2019\/09\/Imagen-1-150x150.png 150w, https:\/\/www.unioviedo.es\/aunas\/wp-content\/uploads\/2019\/09\/Imagen-1-100x100.png 100w\" sizes=\"(max-width: 153px) 100vw, 153px\" \/><\/figure>\n\n\n\n<p>Maravillas Esp\u00edn S\u00e1ez es Doctora en Derecho por la Universidad Aut\u00f3noma de Madrid; universidad en la que ha desarrollado su actividad docente e investigadora como miembro del \u00c1rea de Derecho del Trabajo y de la Seguridad Social. Actualmente  es Directora General de Trabajo Aut\u00f3nomo, Econom\u00eda Social y responsabilidad Social de Empresas del Ministerio de Trabajo del Gobierno de Espa\u00f1a.<\/p>\n\n\n\n<p>Con su Tesis Doctoral -\u201cEl socio trabajador. Criterios para sistematizar la realidad del autoempleo colectivo\u201d-, obtuvo el Premio Nacional CES en 2008. En ella expresa la visi\u00f3n interdisciplinar e integral del mundo del trabajo que caracteriza su tarea investigadora.&nbsp;<\/p>\n\n\n\n<p>En sus publicaciones m\u00e1s recientes aborda cuestiones jur\u00eddicas transformadas por la crisis econ\u00f3mica; las sucesivas reformas laborales y el impacto de la legislaci\u00f3n internacional y europea. Entre ellas, cabe destacar \u201cUna normativa europea marco de derechos b\u00e1sicos para todas las formas de empleo: el di\u00e1logo social como herramienta imprescindible de diagn\u00f3stico y propuesta\u201d, en AA.VV. (Alessi, C., Barbera, M.; Guaglianone, L., coord.),&nbsp;<em>Impresa, lavoro e non lavoro nell\u00b4economia digitale<\/em>, Cacucci Editore, Bari, 2019; o \u201cReforma y contrato-fijo discontinuo: \u00bfprecariedad y transici\u00f3n hacia un Derecho del Trabajo de la recuperaci\u00f3n?, en AA.VV. (Mercader Uguina, J.R. y de la Puebla Pinilla, A., Directores),&nbsp;<em>Tiempo de reformas. En busca de la competitividad empresarial y de la cohesi\u00f3n social<\/em>, Valencia, Tirant lo Blanch, 2019; o \u201cDe la incertidumbre y el proceso del Brexit \u00bfQu\u00e9 hay de los derechos de los ciudadanos?\u201d,&nbsp;<em>Derecho de las relaciones laborales<\/em>, ISSN 2387-1113, N\u00ba. 1, 2019 (un listado completo de sus publicaciones en&nbsp;<a href=\"https:\/\/dialnet.unirioja.es\/buscar\/documentos?querysDismax.DOCUMENTAL_TODO=Maravillas+Esp%C3%ADn+S%C3%A1ez\">https:\/\/dialnet.unirioja.es\/buscar\/documentos?querysDismax.DOCUMENTAL_TODO=Maravillas+Esp%C3%ADn+S%C3%A1ez<\/a>).<\/p>\n\n\n\n<p>Esta labor investigadora se ha visto enriquecida con una perspectiva internacional a trav\u00e9s de estancias de investigaci\u00f3n en&nbsp;&nbsp;Italia (Universit\u00e1 degli studi di Bologna); Francia (Par\u00eds X Nanterre); Estados Unidos (Harvard University) y de forma reciente, en Reino Unido (University of Cambridge).<\/p>\n\n\n\n<p>Igualmente, ha participado como miembro del equipo investigador de distintos Proyectos de Investigaci\u00f3n de \u00e1mbito auton\u00f3mico y nacional. Completa esta actividad con su participaci\u00f3n como ponente en diversos Congresos en Espa\u00f1a e Italia.&nbsp;<\/p>\n\n\n\n<p>Los temas que constituyen sus principales focos de investigaci\u00f3n son: autoempleo, emprendimiento y trabajo asociado; econom\u00eda social; pol\u00edticas p\u00fablicas de lucha contra la exclusi\u00f3n social y protecci\u00f3n de colectivos vulnerables. En todas ellas suma un criterio metodol\u00f3gico inherente a todas sus investigaciones: la perspectiva de g\u00e9nero.<\/p>\n\n\n\n<p>Perfil de Maravillas Esp\u00edn en la <a href=\"https:\/\/portalcientifico.uam.es\/ipublic\/agent-personal\/profile\/iMarinaID\/04-261152\/name\/\">Universidad Aut\u00f3noma de Madrid<\/a><\/p>\n","protected":false},"excerpt":{"rendered":"<p>Profesora Contratada Doctora de Derecho del Trabajo y de la Seguridad Social, Universidad Aut\u00f3noma de Madrid Maravillas Esp\u00edn S\u00e1ez es Doctora en Derecho por la Universidad Aut\u00f3noma de Madrid; universidad en la que ha desarrollado su actividad docente e investigadora como miembro del \u00c1rea de Derecho del Trabajo y de la Seguridad Social. Actualmente es &hellip; <\/p>\n<p class=\"link-more\"><a href=\"https:\/\/www.unioviedo.es\/aunas\/maravillas-espin-saez\/\" class=\"more-link\">Continuar leyendo<span class=\"screen-reader-text\"> \u00abMaravillas Esp\u00edn S\u00e1ez\u00bb<\/span><\/a><\/p>\n","protected":false},"author":1,"featured_media":0,"parent":0,"menu_order":0,"comment_status":"closed","ping_status":"closed","template":"","meta":{"footnotes":""},"_links":{"self":[{"href":"https:\/\/www.unioviedo.es\/aunas\/wp-json\/wp\/v2\/pages\/326"}],"collection":[{"href":"https:\/\/www.unioviedo.es\/aunas\/wp-json\/wp\/v2\/pages"}],"about":[{"href":"https:\/\/www.unioviedo.es\/aunas\/wp-json\/wp\/v2\/types\/page"}],"author":[{"embeddable":true,"href":"https:\/\/www.unioviedo.es\/aunas\/wp-json\/wp\/v2\/users\/1"}],"replies":[{"embeddable":true,"href":"https:\/\/www.unioviedo.es\/aunas\/wp-json\/wp\/v2\/comments?post=326"}],"version-history":[{"count":6,"href":"https:\/\/www.unioviedo.es\/aunas\/wp-json\/wp\/v2\/pages\/326\/revisions"}],"predecessor-version":[{"id":473,"href":"https:\/\/www.unioviedo.es\/aunas\/wp-json\/wp\/v2\/pages\/326\/revisions\/473"}],"wp:attachment":[{"href":"https:\/\/www.unioviedo.es\/aunas\/wp-json\/wp\/v2\/media?parent=326"}],"curies":[{"name":"wp","href":"https:\/\/api.w.org\/{rel}","templated":true}]}}

Maravillas Espín Sáez

<p class="has-medium-font-size">Profesora Contratada Doctora de Derecho del Trabajo y de la Seguridad Social, Universidad Autónoma de Madrid</p>



<figure class="wp-block-image is-resized"><img decoding="async" loading="lazy" src="https://www.unioviedo.es/aunas/wp-content/uploads/2019/09/Imagen-1-300x283.png" alt="" class="wp-image-325" width="153" height="154" srcset="https://www.unioviedo.es/aunas/wp-content/uploads/2019/09/Imagen-1-150x150.png 150w, https://www.unioviedo.es/aunas/wp-content/uploads/2019/09/Imagen-1-100x100.png 100w" sizes="(max-width: 153px) 100vw, 153px" /></figure>



<p>Maravillas Espín Sáez es Doctora en Derecho por la Universidad Autónoma de Madrid; universidad en la que ha desarrollado su actividad docente e investigadora como miembro del Área de Derecho del Trabajo y de la Seguridad Social. Actualmente  es Directora General de Trabajo Autónomo, Economía Social y responsabilidad Social de Empresas del Ministerio de Trabajo del Gobierno de España.</p>



<p>Con su Tesis Doctoral -“El socio trabajador. Criterios para sistematizar la realidad del autoempleo colectivo”-, obtuvo el Premio Nacional CES en 2008. En ella expresa la visión interdisciplinar e integral del mundo del trabajo que caracteriza su tarea investigadora.&nbsp;</p>



<p>En sus publicaciones más recientes aborda cuestiones jurídicas transformadas por la crisis económica; las sucesivas reformas laborales y el impacto de la legislación internacional y europea. Entre ellas, cabe destacar “Una normativa europea marco de derechos básicos para todas las formas de empleo: el diálogo social como herramienta imprescindible de diagnóstico y propuesta”, en AA.VV. (Alessi, C., Barbera, M.; Guaglianone, L., coord.),&nbsp;<em>Impresa, lavoro e non lavoro nell´economia digitale</em>, Cacucci Editore, Bari, 2019; o “Reforma y contrato-fijo discontinuo: ¿precariedad y transición hacia un Derecho del Trabajo de la recuperación?, en AA.VV. (Mercader Uguina, J.R. y de la Puebla Pinilla, A., Directores),&nbsp;<em>Tiempo de reformas. En busca de la competitividad empresarial y de la cohesión social</em>, Valencia, Tirant lo Blanch, 2019; o “De la incertidumbre y el proceso del Brexit ¿Qué hay de los derechos de los ciudadanos?”,&nbsp;<em>Derecho de las relaciones laborales</em>, ISSN 2387-1113, Nº. 1, 2019 (un listado completo de sus publicaciones en&nbsp;<a href="https://dialnet.unirioja.es/buscar/documentos?querysDismax.DOCUMENTAL_TODO=Maravillas+Esp%C3%ADn+S%C3%A1ez">https://dialnet.unirioja.es/buscar/documentos?querysDismax.DOCUMENTAL_TODO=Maravillas+Esp%C3%ADn+S%C3%A1ez</a>).</p>



<p>Esta labor investigadora se ha visto enriquecida con una perspectiva internacional a través de estancias de investigación en&nbsp;&nbsp;Italia (Universitá degli studi di Bologna); Francia (París X Nanterre); Estados Unidos (Harvard University) y de forma reciente, en Reino Unido (University of Cambridge).</p>



<p>Igualmente, ha participado como miembro del equipo investigador de distintos Proyectos de Investigación de ámbito autonómico y nacional. Completa esta actividad con su participación como ponente en diversos Congresos en España e Italia.&nbsp;</p>



<p>Los temas que constituyen sus principales focos de investigación son: autoempleo, emprendimiento y trabajo asociado; economía social; políticas públicas de lucha contra la exclusión social y protección de colectivos vulnerables. En todas ellas suma un criterio metodológico inherente a todas sus investigaciones: la perspectiva de género.</p>



<p>Perfil de Maravillas Espín en la <a href="https://portalcientifico.uam.es/ipublic/agent-personal/profile/iMarinaID/04-261152/name/">Universidad Autónoma de Madrid</a></p>

<p>Profesora Contratada Doctora de Derecho del Trabajo y de la Seguridad Social, Universidad Autónoma de Madrid Maravillas Espín Sáez es Doctora en Derecho por la Universidad Autónoma de Madrid; universidad en la que ha desarrollado su actividad docente e investigadora como miembro del Área de Derecho del Trabajo y de la Seguridad Social. Actualmente es &hellip; </p>
<p class="link-more"><a href="https://www.unioviedo.es/aunas/maravillas-espin-saez/" class="more-link">Continuar leyendo<span class="screen-reader-text"> «Maravillas Espín Sáez»</span></a></p>
