{"id":387,"date":"2019-11-25T18:30:20","date_gmt":"2019-11-25T17:30:20","guid":{"rendered":"https:\/\/www.unioviedo.es\/aunas\/?page_id=387"},"modified":"2019-11-26T12:37:06","modified_gmt":"2019-11-26T11:37:06","slug":"carolina-martinez-moreno","status":"publish","type":"page","link":"https:\/\/www.unioviedo.es\/aunas\/carolina-martinez-moreno\/","title":{"rendered":"Carolina Mart\u00ednez Moreno"},"content":{"rendered":"\n<p class=\"has-medium-font-size\">Catedr\u00e1tica de Derecho del Trabajo y de la Seguridad Social, Universidad de Oviedo<\/p>\n\n\n\n<figure class=\"wp-block-image is-resized\"><img decoding=\"async\" loading=\"lazy\" src=\"https:\/\/www.unioviedo.es\/aunas\/wp-content\/uploads\/2019\/11\/IMG_20181114_122114-3.jpg\" alt=\"\" class=\"wp-image-389\" width=\"160\" height=\"153\"\/><\/figure>\n\n\n\n<p>Carolina Mart\u00ednez Moreno es Doctora en Derecho desde 1993 y Catedr\u00e1tica de Universidad de Derecho del Trabajo y de la Seguridad Social desde 27-03-2008.&nbsp;<\/p>\n\n\n\n<p>Ha sido Presidenta de la Comisi\u00f3n Consultiva Nacional de Convenios Colectivos (Ministerio de TEmpleo y Seguridad Social, actualmente Ministerio de Trabajo y Seguridad Social) en el per\u00edodo noviembre 2008 a mayo 2012, y Letrado en el Gabinete T\u00e9cnico del Tribunal Supremo, con adscripci\u00f3n a la Sala IV, de lo Social desde 2002 hasta 2008. Tambi\u00e9n ha participado en\u00a0 procedimientos arbitrales de descuelgue ante el Instituto Laboral de la Comunidad de Madrid y ha sido mediadora y \u00e1rbitro del SIMA en distintos procedimientos.<br><\/p>\n\n\n\n<p>Ha participado en un total de 15 proyectos de investigaci\u00f3n, y realizado 4 estancias de investigaci\u00f3n en centros extranjeros:&nbsp;<em>Freie Universit\u00e4t Berlin<\/em>&nbsp;(1992 y 1996), Universidad Externado de Colombia (1996), Universidades Nacional de Rosario y C\u00f3rdoba (Argentina, 1996), Universidad de Antioqu\u00eda y Bogot\u00e1 (Colombia, 1999).<\/p>\n\n\n\n<p>Ha publicado 7 libros (2 de ellos en coautor\u00eda), 62 cap\u00edtulos de libros y 77 art\u00edculos en revistas de impacto y tiene otras 14 publicaciones de distinta \u00edndole. Asimismo, ha realizado 48 comunicaciones y ponencias en diferentes congresos y jornadas, en su mayor\u00eda como ponente invitada.<\/p>\n\n\n\n<p>En la Universidad de Oviedo, ha sido Secretaria y Subdirectora de Departamento, Delegada del Rector para la Igualdad (septiembre 2010-diciembre 2012). Tambi\u00e9n ha sido Secretaria del Instituto de Seguridad Social \u201cJuan Luis Vives\u201d de la Universidad Carlos III de Madrid (01-10-2000, 05-07-2001).<\/p>\n\n\n\n<p>En paralelo, ha desarrollado una intensa labor de divulgaci\u00f3n en prensa, cursos de formaci\u00f3n y seminarios organizados por administraciones p\u00fablicas y agentes sociales.<\/p>\n\n\n\n<p>Sus principales l\u00edneas de investigaci\u00f3n son: sujetos de la relaci\u00f3n laboral, trabajadores pobres fuentes de la relaci\u00f3n laboral, negociaci\u00f3n colectiva, procedimiento laboral<\/p>\n\n\n\n<p>Ver perfil de Carolina Mart\u00ednez Moreno en la <a href=\"https:\/\/derechoprivado.uniovi.es\/personal\/pdi\/-\/asset_publisher\/0020\/content\/pdi_martinez-moreno-carolina;jsessionid=BFB81502A4707580DDBF8627358EB68B?redirect=%2Fpersonal%2Fpdi\">Universidad de Oviedo<\/a><\/p>\n","protected":false},"excerpt":{"rendered":"<p>Catedr\u00e1tica de Derecho del Trabajo y de la Seguridad Social, Universidad de Oviedo Carolina Mart\u00ednez Moreno es Doctora en Derecho desde 1993 y Catedr\u00e1tica de Universidad de Derecho del Trabajo y de la Seguridad Social desde 27-03-2008.&nbsp; Ha sido Presidenta de la Comisi\u00f3n Consultiva Nacional de Convenios Colectivos (Ministerio de TEmpleo y Seguridad Social, actualmente &hellip; <\/p>\n<p class=\"link-more\"><a href=\"https:\/\/www.unioviedo.es\/aunas\/carolina-martinez-moreno\/\" class=\"more-link\">Continuar leyendo<span class=\"screen-reader-text\"> \u00abCarolina Mart\u00ednez Moreno\u00bb<\/span><\/a><\/p>\n","protected":false},"author":1,"featured_media":0,"parent":0,"menu_order":0,"comment_status":"closed","ping_status":"closed","template":"","meta":{"footnotes":""},"_links":{"self":[{"href":"https:\/\/www.unioviedo.es\/aunas\/wp-json\/wp\/v2\/pages\/387"}],"collection":[{"href":"https:\/\/www.unioviedo.es\/aunas\/wp-json\/wp\/v2\/pages"}],"about":[{"href":"https:\/\/www.unioviedo.es\/aunas\/wp-json\/wp\/v2\/types\/page"}],"author":[{"embeddable":true,"href":"https:\/\/www.unioviedo.es\/aunas\/wp-json\/wp\/v2\/users\/1"}],"replies":[{"embeddable":true,"href":"https:\/\/www.unioviedo.es\/aunas\/wp-json\/wp\/v2\/comments?post=387"}],"version-history":[{"count":9,"href":"https:\/\/www.unioviedo.es\/aunas\/wp-json\/wp\/v2\/pages\/387\/revisions"}],"predecessor-version":[{"id":400,"href":"https:\/\/www.unioviedo.es\/aunas\/wp-json\/wp\/v2\/pages\/387\/revisions\/400"}],"wp:attachment":[{"href":"https:\/\/www.unioviedo.es\/aunas\/wp-json\/wp\/v2\/media?parent=387"}],"curies":[{"name":"wp","href":"https:\/\/api.w.org\/{rel}","templated":true}]}}

Carolina Martínez Moreno

<p class="has-medium-font-size">Catedrática de Derecho del Trabajo y de la Seguridad Social, Universidad de Oviedo</p>



<figure class="wp-block-image is-resized"><img decoding="async" loading="lazy" src="https://www.unioviedo.es/aunas/wp-content/uploads/2019/11/IMG_20181114_122114-3.jpg" alt="" class="wp-image-389" width="160" height="153"/></figure>



<p>Carolina Martínez Moreno es Doctora en Derecho desde 1993 y Catedrática de Universidad de Derecho del Trabajo y de la Seguridad Social desde 27-03-2008.&nbsp;</p>



<p>Ha sido Presidenta de la Comisión Consultiva Nacional de Convenios Colectivos (Ministerio de TEmpleo y Seguridad Social, actualmente Ministerio de Trabajo y Seguridad Social) en el período noviembre 2008 a mayo 2012, y Letrado en el Gabinete Técnico del Tribunal Supremo, con adscripción a la Sala IV, de lo Social desde 2002 hasta 2008. También ha participado en  procedimientos arbitrales de descuelgue ante el Instituto Laboral de la Comunidad de Madrid y ha sido mediadora y árbitro del SIMA en distintos procedimientos.<br></p>



<p>Ha participado en un total de 15 proyectos de investigación, y realizado 4 estancias de investigación en centros extranjeros:&nbsp;<em>Freie Universität Berlin</em>&nbsp;(1992 y 1996), Universidad Externado de Colombia (1996), Universidades Nacional de Rosario y Córdoba (Argentina, 1996), Universidad de Antioquía y Bogotá (Colombia, 1999).</p>



<p>Ha publicado 7 libros (2 de ellos en coautoría), 62 capítulos de libros y 77 artículos en revistas de impacto y tiene otras 14 publicaciones de distinta índole. Asimismo, ha realizado 48 comunicaciones y ponencias en diferentes congresos y jornadas, en su mayoría como ponente invitada.</p>



<p>En la Universidad de Oviedo, ha sido Secretaria y Subdirectora de Departamento, Delegada del Rector para la Igualdad (septiembre 2010-diciembre 2012). También ha sido Secretaria del Instituto de Seguridad Social “Juan Luis Vives” de la Universidad Carlos III de Madrid (01-10-2000, 05-07-2001).</p>



<p>En paralelo, ha desarrollado una intensa labor de divulgación en prensa, cursos de formación y seminarios organizados por administraciones públicas y agentes sociales.</p>



<p>Sus principales líneas de investigación son: sujetos de la relación laboral, trabajadores pobres fuentes de la relación laboral, negociación colectiva, procedimiento laboral</p>



<p>Ver perfil de Carolina Martínez Moreno en la <a href="https://derechoprivado.uniovi.es/personal/pdi/-/asset_publisher/0020/content/pdi_martinez-moreno-carolina;jsessionid=BFB81502A4707580DDBF8627358EB68B?redirect=%2Fpersonal%2Fpdi">Universidad de Oviedo</a></p>

<p>Catedrática de Derecho del Trabajo y de la Seguridad Social, Universidad de Oviedo Carolina Martínez Moreno es Doctora en Derecho desde 1993 y Catedrática de Universidad de Derecho del Trabajo y de la Seguridad Social desde 27-03-2008.&nbsp; Ha sido Presidenta de la Comisión Consultiva Nacional de Convenios Colectivos (Ministerio de TEmpleo y Seguridad Social, actualmente &hellip; </p>
<p class="link-more"><a href="https://www.unioviedo.es/aunas/carolina-martinez-moreno/" class="more-link">Continuar leyendo<span class="screen-reader-text"> «Carolina Martínez Moreno»</span></a></p>
