{"id":4,"date":"2017-01-27T18:01:56","date_gmt":"2017-01-27T18:01:56","guid":{"rendered":"https:\/\/www.unioviedo.es\/aunas\/?page_id=4"},"modified":"2021-09-27T13:19:13","modified_gmt":"2021-09-27T11:19:13","slug":"inicio","status":"publish","type":"page","link":"https:\/\/www.unioviedo.es\/aunas\/","title":{"rendered":"Presentaci\u00f3n"},"content":{"rendered":"<p style=\"text-align: center;\">\u00abAUNAS\u00bb es un Proyecto I+D, financiado por el Ministerio de Ciencia e Innovaci\u00f3n, la Agencia Estatal de Investigaci\u00f3n y el Fondo Europeo de Desarrollo Regional (FEDER), que tiene como objetivo estudiar los retos que plantean a la acci\u00f3n sindical las nuevas tendencias organizativas que han quebrado los paradigmas de empresario y centro de trabajo propios del Derecho del Trabajo cl\u00e1sico, tales como las cadenas de subcontratas, empresas multiservicios, franquicias, plataformas virtuales, con recurso al trabajo parasubordinado, y otras manifestaciones de la empresa en red.<\/p>\n<p style=\"text-align: center;\">El proyecto es coordinado por la Universidad de Oviedo y participan en \u00e9l investigadoras e investigadores de esta universidad y de las universidades de Alcal\u00e1 de Henares, Almer\u00eda, Castilla-La Mancha y Aut\u00f3noma de Madrid<\/p>\n<p><a href=\"http:\/\/www.uniovi.es\"><img decoding=\"async\" loading=\"lazy\" class=\"aligncenter size-full wp-image-37\" src=\"https:\/\/www.unioviedo.es\/aunas\/wp-content\/uploads\/2017\/01\/Logo-Universidad-de-Oviedo-verde-centrado.png\" alt=\"Logo Universidad de Oviedo verde\" width=\"220\" height=\"240\" \/><\/a><\/p>\n<p><a href=\"https:\/\/www.unioviedo.es\/aunas\/wp-content\/uploads\/2021\/09\/375px-Logotipo_del_Ministerio_de_Ciencia_e_Innovacion.svg_.png\"><img decoding=\"async\" loading=\"lazy\" class=\"aligncenter size-medium wp-image-854\" src=\"https:\/\/www.unioviedo.es\/aunas\/wp-content\/uploads\/2021\/09\/375px-Logotipo_del_Ministerio_de_Ciencia_e_Innovacion.svg_-300x93.png\" alt=\"\" width=\"300\" height=\"93\" srcset=\"https:\/\/www.unioviedo.es\/aunas\/wp-content\/uploads\/2021\/09\/375px-Logotipo_del_Ministerio_de_Ciencia_e_Innovacion.svg_-300x93.png 300w, https:\/\/www.unioviedo.es\/aunas\/wp-content\/uploads\/2021\/09\/375px-Logotipo_del_Ministerio_de_Ciencia_e_Innovacion.svg_.png 375w\" sizes=\"(max-width: 300px) 100vw, 300px\" \/><\/a><\/p>\n","protected":false},"excerpt":{"rendered":"<p>\u00abAUNAS\u00bb es un Proyecto I+D, financiado por el Ministerio de Ciencia e Innovaci\u00f3n, la Agencia Estatal de Investigaci\u00f3n y el Fondo Europeo de Desarrollo Regional (FEDER), que tiene como objetivo estudiar los retos que plantean a la acci\u00f3n sindical las nuevas tendencias organizativas que han quebrado los paradigmas de empresario y centro de trabajo propios &hellip; <\/p>\n<p class=\"link-more\"><a href=\"https:\/\/www.unioviedo.es\/aunas\/\" class=\"more-link\">Continuar leyendo<span class=\"screen-reader-text\"> \u00abPresentaci\u00f3n\u00bb<\/span><\/a><\/p>\n","protected":false},"author":1,"featured_media":248,"parent":0,"menu_order":0,"comment_status":"closed","ping_status":"closed","template":"","meta":{"footnotes":""},"_links":{"self":[{"href":"https:\/\/www.unioviedo.es\/aunas\/wp-json\/wp\/v2\/pages\/4"}],"collection":[{"href":"https:\/\/www.unioviedo.es\/aunas\/wp-json\/wp\/v2\/pages"}],"about":[{"href":"https:\/\/www.unioviedo.es\/aunas\/wp-json\/wp\/v2\/types\/page"}],"author":[{"embeddable":true,"href":"https:\/\/www.unioviedo.es\/aunas\/wp-json\/wp\/v2\/users\/1"}],"replies":[{"embeddable":true,"href":"https:\/\/www.unioviedo.es\/aunas\/wp-json\/wp\/v2\/comments?post=4"}],"version-history":[{"count":16,"href":"https:\/\/www.unioviedo.es\/aunas\/wp-json\/wp\/v2\/pages\/4\/revisions"}],"predecessor-version":[{"id":855,"href":"https:\/\/www.unioviedo.es\/aunas\/wp-json\/wp\/v2\/pages\/4\/revisions\/855"}],"wp:featuredmedia":[{"embeddable":true,"href":"https:\/\/www.unioviedo.es\/aunas\/wp-json\/wp\/v2\/media\/248"}],"wp:attachment":[{"href":"https:\/\/www.unioviedo.es\/aunas\/wp-json\/wp\/v2\/media?parent=4"}],"curies":[{"name":"wp","href":"https:\/\/api.w.org\/{rel}","templated":true}]}}

Presentación

<p style="text-align: center;">«AUNAS» es un Proyecto I+D, financiado por el Ministerio de Ciencia e Innovación, la Agencia Estatal de Investigación y el Fondo Europeo de Desarrollo Regional (FEDER), que tiene como objetivo estudiar los retos que plantean a la acción sindical las nuevas tendencias organizativas que han quebrado los paradigmas de empresario y centro de trabajo propios del Derecho del Trabajo clásico, tales como las cadenas de subcontratas, empresas multiservicios, franquicias, plataformas virtuales, con recurso al trabajo parasubordinado, y otras manifestaciones de la empresa en red.</p>
<p style="text-align: center;">El proyecto es coordinado por la Universidad de Oviedo y participan en él investigadoras e investigadores de esta universidad y de las universidades de Alcalá de Henares, Almería, Castilla-La Mancha y Autónoma de Madrid</p>
<p><a href="http://www.uniovi.es"><img decoding="async" loading="lazy" class="aligncenter size-full wp-image-37" src="https://www.unioviedo.es/aunas/wp-content/uploads/2017/01/Logo-Universidad-de-Oviedo-verde-centrado.png" alt="Logo Universidad de Oviedo verde" width="220" height="240" /></a></p>
<p><a href="https://www.unioviedo.es/aunas/wp-content/uploads/2021/09/375px-Logotipo_del_Ministerio_de_Ciencia_e_Innovacion.svg_.png"><img decoding="async" loading="lazy" class="aligncenter size-medium wp-image-854" src="https://www.unioviedo.es/aunas/wp-content/uploads/2021/09/375px-Logotipo_del_Ministerio_de_Ciencia_e_Innovacion.svg_-300x93.png" alt="" width="300" height="93" srcset="https://www.unioviedo.es/aunas/wp-content/uploads/2021/09/375px-Logotipo_del_Ministerio_de_Ciencia_e_Innovacion.svg_-300x93.png 300w, https://www.unioviedo.es/aunas/wp-content/uploads/2021/09/375px-Logotipo_del_Ministerio_de_Ciencia_e_Innovacion.svg_.png 375w" sizes="(max-width: 300px) 100vw, 300px" /></a></p>

<p>«AUNAS» es un Proyecto I+D, financiado por el Ministerio de Ciencia e Innovación, la Agencia Estatal de Investigación y el Fondo Europeo de Desarrollo Regional (FEDER), que tiene como objetivo estudiar los retos que plantean a la acción sindical las nuevas tendencias organizativas que han quebrado los paradigmas de empresario y centro de trabajo propios &hellip; </p>
<p class="link-more"><a href="https://www.unioviedo.es/aunas/" class="more-link">Continuar leyendo<span class="screen-reader-text"> «Presentación»</span></a></p>
