{"id":5,"date":"2017-01-27T18:01:56","date_gmt":"2017-01-27T18:01:56","guid":{"rendered":"https:\/\/www.unioviedo.es\/aunas\/?page_id=5"},"modified":"2021-10-05T09:57:47","modified_gmt":"2021-10-05T07:57:47","slug":"acerca-de","status":"publish","type":"page","link":"https:\/\/www.unioviedo.es\/aunas\/acerca-de\/","title":{"rendered":"Qui\u00e9nes somos"},"content":{"rendered":"<p>El equipo del Proyecto AUNAS est\u00e1 integrado por personal investigador de diversas universidades espa\u00f1olas, \u00a0coordinado desde la Universidad de Oviedo y perteneciente, en su mayor\u00eda, al \u00e1rea de Derecho del trabajo y de la Seguridad Social. El proyecto forma parte de las actividades \u00a0del <a href=\"http:\/\/gds.grupos.uniovi.es\/\">Grupo de Investigaci\u00f3n en Derecho Social de la Universidad de Oviedo (GDS) <\/a>.<\/p>\n<h6>Investigadores Principales:<\/h6>\n<p><a href=\"https:\/\/www.unioviedo.es\/aunas\/?page_id=158\">Luis Antonio Fern\u00e1ndez Villaz\u00f3n<\/a> (IP 1), Universidad de Oviedo<\/p>\n<p><a href=\"https:\/\/www.unioviedo.es\/aunas\/index.php\/ana-rosa-arguelles-blanco\/\">Ana Rosa Arg\u00fcelles Blanco<\/a> (IP 2), Universidad de Oviedo<\/p>\n<h6>Equipo de Investigaci\u00f3n:<\/h6>\n<p><a href=\"https:\/\/www.unioviedo.es\/aunas\/?page_id=387\">Carolina Mart\u00ednez Moreno<\/a>, Universidad de Oviedo<\/p>\n<p><a href=\"https:\/\/www.unioviedo.es\/aunas\/index.php\/natividad-mendoza-navas\/\">Natividad Mendoza Navas<\/a>, Universidad de Castilla- La Mancha<\/p>\n<p><a href=\"https:\/\/www.unioviedo.es\/aunas\/?page_id=257\">Remedios Men\u00e9ndez Calvo<\/a>, Universidad de Alcal\u00e1 de Henares<\/p>\n<p><a href=\"https:\/\/www.unioviedo.es\/aunas\/index.php\/jose-a-soler-arrebola\/\">Jose Antonio Soler Arrebola<\/a>, Universidad de Almer\u00eda<\/p>\n<p><a href=\"https:\/\/www.unioviedo.es\/aunas\/?page_id=337\">Mar\u00eda Leonor Su\u00e1rez Llanos<\/a>, Universidad de Oviedo (Filosof\u00eda del Derecho)<\/p>\n<p><a href=\"https:\/\/www.unioviedo.es\/aunas\/?page_id=406\">Sergio Gonz\u00e1lez Begega<\/a>, Universidad de Oviedo (Sociolog\u00eda)<\/p>\n<p><a href=\"https:\/\/www.unioviedo.es\/aunas\/index.php\/vanesa-rodriguez-alvarez\/\">Vanesa Rodr\u00edguez \u00c1lvarez<\/a>, Universidad de Oviedo (Sociolog\u00eda)<\/p>\n<h6>Equipo\/plan de trabajo:<\/h6>\n<p><a href=\"https:\/\/www.unioviedo.es\/aunas\/index.php\/maravillas-espin-saez\/\">Maravillas Esp\u00edn S\u00e1ez<\/a>, Universidad Aut\u00f3noma de Madrid<\/p>\n<p><a href=\"https:\/\/www.unioviedo.es\/aunas\/covadonga-fernandez-villar\/\">Covadonga Fern\u00e1ndez Villar<\/a>, Universidad de Oviedo<\/p>\n","protected":false},"excerpt":{"rendered":"<p>El equipo del Proyecto AUNAS est\u00e1 integrado por personal investigador de diversas universidades espa\u00f1olas, \u00a0coordinado desde la Universidad de Oviedo y perteneciente, en su mayor\u00eda, al \u00e1rea de Derecho del trabajo y de la Seguridad Social. El proyecto forma parte de las actividades \u00a0del Grupo de Investigaci\u00f3n en Derecho Social de la Universidad de Oviedo &hellip; <\/p>\n<p class=\"link-more\"><a href=\"https:\/\/www.unioviedo.es\/aunas\/acerca-de\/\" class=\"more-link\">Continuar leyendo<span class=\"screen-reader-text\"> \u00abQui\u00e9nes somos\u00bb<\/span><\/a><\/p>\n","protected":false},"author":1,"featured_media":0,"parent":0,"menu_order":0,"comment_status":"closed","ping_status":"closed","template":"","meta":{"footnotes":""},"_links":{"self":[{"href":"https:\/\/www.unioviedo.es\/aunas\/wp-json\/wp\/v2\/pages\/5"}],"collection":[{"href":"https:\/\/www.unioviedo.es\/aunas\/wp-json\/wp\/v2\/pages"}],"about":[{"href":"https:\/\/www.unioviedo.es\/aunas\/wp-json\/wp\/v2\/types\/page"}],"author":[{"embeddable":true,"href":"https:\/\/www.unioviedo.es\/aunas\/wp-json\/wp\/v2\/users\/1"}],"replies":[{"embeddable":true,"href":"https:\/\/www.unioviedo.es\/aunas\/wp-json\/wp\/v2\/comments?post=5"}],"version-history":[{"count":26,"href":"https:\/\/www.unioviedo.es\/aunas\/wp-json\/wp\/v2\/pages\/5\/revisions"}],"predecessor-version":[{"id":862,"href":"https:\/\/www.unioviedo.es\/aunas\/wp-json\/wp\/v2\/pages\/5\/revisions\/862"}],"wp:attachment":[{"href":"https:\/\/www.unioviedo.es\/aunas\/wp-json\/wp\/v2\/media?parent=5"}],"curies":[{"name":"wp","href":"https:\/\/api.w.org\/{rel}","templated":true}]}}

Quiénes somos

<p>El equipo del Proyecto AUNAS está integrado por personal investigador de diversas universidades españolas,  coordinado desde la Universidad de Oviedo y perteneciente, en su mayoría, al área de Derecho del trabajo y de la Seguridad Social. El proyecto forma parte de las actividades  del <a href="http://gds.grupos.uniovi.es/">Grupo de Investigación en Derecho Social de la Universidad de Oviedo (GDS) </a>.</p>
<h6>Investigadores Principales:</h6>
<p><a href="https://www.unioviedo.es/aunas/?page_id=158">Luis Antonio Fernández Villazón</a> (IP 1), Universidad de Oviedo</p>
<p><a href="https://www.unioviedo.es/aunas/index.php/ana-rosa-arguelles-blanco/">Ana Rosa Argüelles Blanco</a> (IP 2), Universidad de Oviedo</p>
<h6>Equipo de Investigación:</h6>
<p><a href="https://www.unioviedo.es/aunas/?page_id=387">Carolina Martínez Moreno</a>, Universidad de Oviedo</p>
<p><a href="https://www.unioviedo.es/aunas/index.php/natividad-mendoza-navas/">Natividad Mendoza Navas</a>, Universidad de Castilla- La Mancha</p>
<p><a href="https://www.unioviedo.es/aunas/?page_id=257">Remedios Menéndez Calvo</a>, Universidad de Alcalá de Henares</p>
<p><a href="https://www.unioviedo.es/aunas/index.php/jose-a-soler-arrebola/">Jose Antonio Soler Arrebola</a>, Universidad de Almería</p>
<p><a href="https://www.unioviedo.es/aunas/?page_id=337">María Leonor Suárez Llanos</a>, Universidad de Oviedo (Filosofía del Derecho)</p>
<p><a href="https://www.unioviedo.es/aunas/?page_id=406">Sergio González Begega</a>, Universidad de Oviedo (Sociología)</p>
<p><a href="https://www.unioviedo.es/aunas/index.php/vanesa-rodriguez-alvarez/">Vanesa Rodríguez Álvarez</a>, Universidad de Oviedo (Sociología)</p>
<h6>Equipo/plan de trabajo:</h6>
<p><a href="https://www.unioviedo.es/aunas/index.php/maravillas-espin-saez/">Maravillas Espín Sáez</a>, Universidad Autónoma de Madrid</p>
<p><a href="https://www.unioviedo.es/aunas/covadonga-fernandez-villar/">Covadonga Fernández Villar</a>, Universidad de Oviedo</p>

<p>El equipo del Proyecto AUNAS está integrado por personal investigador de diversas universidades españolas,  coordinado desde la Universidad de Oviedo y perteneciente, en su mayoría, al área de Derecho del trabajo y de la Seguridad Social. El proyecto forma parte de las actividades  del Grupo de Investigación en Derecho Social de la Universidad de Oviedo &hellip; </p>
<p class="link-more"><a href="https://www.unioviedo.es/aunas/acerca-de/" class="more-link">Continuar leyendo<span class="screen-reader-text"> «Quiénes somos»</span></a></p>
