{"id":858,"date":"2021-10-05T09:52:13","date_gmt":"2021-10-05T07:52:13","guid":{"rendered":"https:\/\/www.unioviedo.es\/aunas\/?page_id=858"},"modified":"2021-10-06T09:33:19","modified_gmt":"2021-10-06T07:33:19","slug":"covadonga-fernandez-villar","status":"publish","type":"page","link":"https:\/\/www.unioviedo.es\/aunas\/covadonga-fernandez-villar\/","title":{"rendered":"Covadonga Fern\u00e1ndez Villar"},"content":{"rendered":"\n<p class=\"has-medium-font-size\">Abogada y estudiante de doctorado, Universidad de Oviedo<\/p>\n\n\n\n<figure class=\"wp-block-image size-large is-resized\"><img decoding=\"async\" loading=\"lazy\" src=\"https:\/\/www.unioviedo.es\/aunas\/wp-content\/uploads\/2021\/10\/image.png\" alt=\"\" class=\"wp-image-859\" width=\"198\" height=\"198\" srcset=\"https:\/\/www.unioviedo.es\/aunas\/wp-content\/uploads\/2021\/10\/image.png 326w, https:\/\/www.unioviedo.es\/aunas\/wp-content\/uploads\/2021\/10\/image-300x300.png 300w, https:\/\/www.unioviedo.es\/aunas\/wp-content\/uploads\/2021\/10\/image-150x150.png 150w, https:\/\/www.unioviedo.es\/aunas\/wp-content\/uploads\/2021\/10\/image-100x100.png 100w\" sizes=\"(max-width: 198px) 100vw, 198px\" \/><\/figure>\n\n\n\n<p>Covadonga Fern\u00e1ndez Villar es estudiante de Doctorado en Derecho desde 2020, compaginando su labor investigadora con el ejercicio de la abogac\u00eda en un despacho laboralista&nbsp;en Gij\u00f3n.<\/p>\n\n\n\n<p>Desde 2017 viene colaborando activamente con organizaciones sindicales, desde su asesor\u00eda legal, acci\u00f3n sindical e impartici\u00f3n de charlas y formaci\u00f3n sobre r\u00e9gimen de empleadas del hogar, acoso laboral y por raz\u00f3n de sexo. Su pr\u00e1ctica profesional se ha centrado en materia de retribuciones y cotizaciones a la Seguridad Social. <\/p>\n\n\n\n<p>Sus principales l\u00edneas de investigaci\u00f3n, desarrolladas en sus trabajos de fin de grado y m\u00e1ster, son: \u00abLa estabilidad en el empleo y el principio de causalidad en el ordenamiento laboral espa\u00f1ol\u00bb y \u00abLa violencia de g\u00e9nero en las relaciones laborales\u00bb. Para su tesis doctoral, iniciada en 2020, ha centrado su labor investigadora en el \u00e1mbito del r\u00e9gimen de representaci\u00f3n del personal en el marco de las nuevas relaciones laborales, en empresas de reducida dimensi\u00f3n y fragmentadas.\u00a0<\/p>\n\n\n\n<p>Ha participado en los VIII Encuentros de la Secci\u00f3n Juvenil de la AEDTSS sobre \u00abReforma del Estatuto de los Trabajadores en la era de la digitalizaci\u00f3n\u00b4\u00b4 con el comentario a la STS de 28 abril de 2017 sobre la <a href=\"https:\/\/www.unioviedo.es\/aunas\/la-perdida-de-condicion-de-representante-de-los-teletrabajadores-en-centros-de-trabajo-virtualizados\/\" data-type=\"post\" data-id=\"839\">p\u00e9rdida de la condici\u00f3n de representante de los teletrabajadores en centros de trabajo virtualizado<\/a>s.&nbsp;<\/p>\n","protected":false},"excerpt":{"rendered":"<p>Abogada y estudiante de doctorado, Universidad de Oviedo Covadonga Fern\u00e1ndez Villar es estudiante de Doctorado en Derecho desde 2020, compaginando su labor investigadora con el ejercicio de la abogac\u00eda en un despacho laboralista&nbsp;en Gij\u00f3n. Desde 2017 viene colaborando activamente con organizaciones sindicales, desde su asesor\u00eda legal, acci\u00f3n sindical e impartici\u00f3n de charlas y formaci\u00f3n sobre &hellip; <\/p>\n<p class=\"link-more\"><a href=\"https:\/\/www.unioviedo.es\/aunas\/covadonga-fernandez-villar\/\" class=\"more-link\">Continuar leyendo<span class=\"screen-reader-text\"> \u00abCovadonga Fern\u00e1ndez Villar\u00bb<\/span><\/a><\/p>\n","protected":false},"author":1,"featured_media":0,"parent":0,"menu_order":0,"comment_status":"closed","ping_status":"closed","template":"","meta":{"footnotes":""},"_links":{"self":[{"href":"https:\/\/www.unioviedo.es\/aunas\/wp-json\/wp\/v2\/pages\/858"}],"collection":[{"href":"https:\/\/www.unioviedo.es\/aunas\/wp-json\/wp\/v2\/pages"}],"about":[{"href":"https:\/\/www.unioviedo.es\/aunas\/wp-json\/wp\/v2\/types\/page"}],"author":[{"embeddable":true,"href":"https:\/\/www.unioviedo.es\/aunas\/wp-json\/wp\/v2\/users\/1"}],"replies":[{"embeddable":true,"href":"https:\/\/www.unioviedo.es\/aunas\/wp-json\/wp\/v2\/comments?post=858"}],"version-history":[{"count":9,"href":"https:\/\/www.unioviedo.es\/aunas\/wp-json\/wp\/v2\/pages\/858\/revisions"}],"predecessor-version":[{"id":869,"href":"https:\/\/www.unioviedo.es\/aunas\/wp-json\/wp\/v2\/pages\/858\/revisions\/869"}],"wp:attachment":[{"href":"https:\/\/www.unioviedo.es\/aunas\/wp-json\/wp\/v2\/media?parent=858"}],"curies":[{"name":"wp","href":"https:\/\/api.w.org\/{rel}","templated":true}]}}

Covadonga Fernández Villar

<p class="has-medium-font-size">Abogada y estudiante de doctorado, Universidad de Oviedo</p>



<figure class="wp-block-image size-large is-resized"><img decoding="async" loading="lazy" src="https://www.unioviedo.es/aunas/wp-content/uploads/2021/10/image.png" alt="" class="wp-image-859" width="198" height="198" srcset="https://www.unioviedo.es/aunas/wp-content/uploads/2021/10/image.png 326w, https://www.unioviedo.es/aunas/wp-content/uploads/2021/10/image-300x300.png 300w, https://www.unioviedo.es/aunas/wp-content/uploads/2021/10/image-150x150.png 150w, https://www.unioviedo.es/aunas/wp-content/uploads/2021/10/image-100x100.png 100w" sizes="(max-width: 198px) 100vw, 198px" /></figure>



<p>Covadonga Fernández Villar es estudiante de Doctorado en Derecho desde 2020, compaginando su labor investigadora con el ejercicio de la abogacía en un despacho laboralista&nbsp;en Gijón.</p>



<p>Desde 2017 viene colaborando activamente con organizaciones sindicales, desde su asesoría legal, acción sindical e impartición de charlas y formación sobre régimen de empleadas del hogar, acoso laboral y por razón de sexo. Su práctica profesional se ha centrado en materia de retribuciones y cotizaciones a la Seguridad Social. </p>



<p>Sus principales líneas de investigación, desarrolladas en sus trabajos de fin de grado y máster, son: «La estabilidad en el empleo y el principio de causalidad en el ordenamiento laboral español» y «La violencia de género en las relaciones laborales». Para su tesis doctoral, iniciada en 2020, ha centrado su labor investigadora en el ámbito del régimen de representación del personal en el marco de las nuevas relaciones laborales, en empresas de reducida dimensión y fragmentadas. </p>



<p>Ha participado en los VIII Encuentros de la Sección Juvenil de la AEDTSS sobre «Reforma del Estatuto de los Trabajadores en la era de la digitalización´´ con el comentario a la STS de 28 abril de 2017 sobre la <a href="https://www.unioviedo.es/aunas/la-perdida-de-condicion-de-representante-de-los-teletrabajadores-en-centros-de-trabajo-virtualizados/" data-type="post" data-id="839">pérdida de la condición de representante de los teletrabajadores en centros de trabajo virtualizado</a>s.&nbsp;</p>

<p>Abogada y estudiante de doctorado, Universidad de Oviedo Covadonga Fernández Villar es estudiante de Doctorado en Derecho desde 2020, compaginando su labor investigadora con el ejercicio de la abogacía en un despacho laboralista&nbsp;en Gijón. Desde 2017 viene colaborando activamente con organizaciones sindicales, desde su asesoría legal, acción sindical e impartición de charlas y formación sobre &hellip; </p>
<p class="link-more"><a href="https://www.unioviedo.es/aunas/covadonga-fernandez-villar/" class="more-link">Continuar leyendo<span class="screen-reader-text"> «Covadonga Fernández Villar»</span></a></p>
