{"id":159,"date":"2025-02-17T12:05:40","date_gmt":"2025-02-17T11:05:40","guid":{"rendered":"https:\/\/www.unioviedo.es\/ballet-esp\/?page_id=159"},"modified":"2025-03-01T08:47:39","modified_gmt":"2025-03-01T07:47:39","slug":"beatriz-martinez-del-fresno","status":"publish","type":"page","link":"https:\/\/www.unioviedo.es\/ballet-esp\/index.php\/equipo\/beatriz-martinez-del-fresno\/","title":{"rendered":"Beatriz Mart\u00ednez del Fresno"},"content":{"rendered":"\n<div class=\"wp-block-group alignfull has-accent-background-color has-background has-global-padding is-layout-constrained wp-container-core-group-is-layout-669513ed wp-block-group-is-layout-constrained\" style=\"margin-top:0;margin-bottom:0;padding-top:var(--wp--preset--spacing--50);padding-right:var(--wp--preset--spacing--50);padding-bottom:var(--wp--preset--spacing--50);padding-left:var(--wp--preset--spacing--50)\">\n<div class=\"wp-block-columns alignwide is-layout-flex wp-container-core-columns-is-layout-1da03c2a wp-block-columns-is-layout-flex\">\n<div class=\"wp-block-column is-vertically-aligned-stretch is-layout-flow wp-block-column-is-layout-flow\" style=\"flex-basis:50%\">\n<div class=\"wp-block-group is-vertical is-content-justification-stretch is-layout-flex wp-container-core-group-is-layout-444d5ee8 wp-block-group-is-layout-flex\" style=\"min-height:100%\">\n<p class=\"has-contrast-color has-text-color has-link-color has-heading-font-family wp-elements-9c7ebc3adfcf9192def02ffad7b7a639\"><strong>Beatriz Mart\u00ednez del Fresno<\/strong><\/p>\n\n\n\n<div class=\"wp-block-group has-global-padding is-layout-constrained wp-block-group-is-layout-constrained\">\n<figure class=\"wp-block-image size-full is-resized\"><img loading=\"lazy\" decoding=\"async\" width=\"318\" height=\"242\" src=\"https:\/\/www.unioviedo.es\/ballet-esp\/wp-content\/uploads\/2025\/02\/Captura-de-pantalla-2025-02-19-a-las-9.11.00.png\" alt=\"\" class=\"wp-image-208\" style=\"width:26px;height:auto\" srcset=\"https:\/\/www.unioviedo.es\/ballet-esp\/wp-content\/uploads\/2025\/02\/Captura-de-pantalla-2025-02-19-a-las-9.11.00.png 318w, https:\/\/www.unioviedo.es\/ballet-esp\/wp-content\/uploads\/2025\/02\/Captura-de-pantalla-2025-02-19-a-las-9.11.00-300x228.png 300w\" sizes=\"auto, (max-width: 318px) 100vw, 318px\" \/><figcaption class=\"wp-element-caption\">mbeatriz@uniovi.es<\/figcaption><\/figure>\n<\/div>\n\n\n\n<p class=\"has-contrast-color has-text-color has-link-color has-heading-font-family has-medium-font-size wp-elements-95054afc579abde0b293f4b39c9c37f9\" style=\"line-height:1.6\">Es catedr\u00e1tica en el Departamento de Historia del Arte y Musicolog\u00eda de la Universidad de Oviedo. Especialista en historia de la m\u00fasica espa\u00f1ola de la primera mitad del siglo&nbsp;XX, es autora de la monograf\u00eda <em>Julio G\u00f3mez. Una \u00e9poca de la m\u00fasica espa\u00f1ola<\/em> (1999) y de estudios de referencia sobre el nacionalismo musical, los lenguajes de la Edad de Plata y la m\u00fasica en la posguerra. En 1996 abri\u00f3 en la universidad espa\u00f1ola una nueva l\u00ednea de investigaci\u00f3n sobre danza, campo en el que, desde entonces, ha dirigido 6 proyectos nacionales de I+D+i. Sus investigaciones se han centrado principalmente en el per\u00edodo 1915-1990, con \u00e9nfasis en las relaciones de la danza con ideolog\u00eda, pol\u00edtica, diplomacia cultural y g\u00e9nero. Es editora o coeditora de <em>Coreografiar la historia europea: cuerpo, pol\u00edtica, identidad y g\u00e9nero en la danza <\/em>(2011), <em>Dance, Ideology and Power in Francoist Spain (1938-1968) <\/em>(2017), <em>Danza, g\u00e9nero y sociedad<\/em> (2017), <em>M\u00fasica y danza entre Espa\u00f1a y Am\u00e9rica<\/em> (1930-1960): <em>diplomacia, intercambios y transferencias<\/em> (2021) y <em>Tesis en Danza<\/em> (2022). Coordina el Grupo de Investigaci\u00f3n acreditado <em>M\u00fasica, Danza y Estudios Culturales<\/em> (<a href=\"https:\/\/mudanzes.grupos.uniovi.es\/\">MUDANZE<\/a>S) de la Universidad de Oviedo y preside la <a href=\"https:\/\/www.sedem.es\/es\/comisiones-de-trabajo\/danza.asp\">Comisi\u00f3n de Danza (ComDanza)<\/a> de la Sociedad Espa\u00f1ola de Musicolog\u00eda.<\/p>\n\n\n\n<p><\/p>\n<\/div>\n<\/div>\n\n\n\n<div class=\"wp-block-column is-vertically-aligned-center is-layout-flow wp-block-column-is-layout-flow\" style=\"flex-basis:50%\">\n<figure class=\"wp-block-image aligncenter size-full is-resized is-style-rounded is-style-rounded--1\"><img loading=\"lazy\" decoding=\"async\" width=\"642\" height=\"613\" src=\"https:\/\/www.unioviedo.es\/ballet-esp\/wp-content\/uploads\/2025\/02\/FotoBeatriz11787479_986542861377816_124392799_n.jpg\" alt=\"\" class=\"wp-image-179\" style=\"aspect-ratio:0.75;object-fit:cover;width:300px\" srcset=\"https:\/\/www.unioviedo.es\/ballet-esp\/wp-content\/uploads\/2025\/02\/FotoBeatriz11787479_986542861377816_124392799_n.jpg 642w, https:\/\/www.unioviedo.es\/ballet-esp\/wp-content\/uploads\/2025\/02\/FotoBeatriz11787479_986542861377816_124392799_n-300x286.jpg 300w\" sizes=\"auto, (max-width: 642px) 100vw, 642px\" \/><\/figure>\n<\/div>\n<\/div>\n<\/div>\n","protected":false},"excerpt":{"rendered":"<p>Beatriz Mart\u00ednez del Fresno Es catedr\u00e1tica en el Departamento de Historia del Arte y Musicolog\u00eda de la Universidad de Oviedo. Especialista en historia de la m\u00fasica espa\u00f1ola de la primera mitad del siglo&nbsp;XX, es autora de la monograf\u00eda Julio G\u00f3mez. Una \u00e9poca de la m\u00fasica espa\u00f1ola (1999) y de estudios de referencia sobre el nacionalismo [&hellip;]<\/p>\n","protected":false},"author":1,"featured_media":0,"parent":2,"menu_order":0,"comment_status":"closed","ping_status":"closed","template":"","meta":{"footnotes":""},"class_list":["post-159","page","type-page","status-publish","hentry"],"_links":{"self":[{"href":"https:\/\/www.unioviedo.es\/ballet-esp\/index.php\/wp-json\/wp\/v2\/pages\/159","targetHints":{"allow":["GET"]}}],"collection":[{"href":"https:\/\/www.unioviedo.es\/ballet-esp\/index.php\/wp-json\/wp\/v2\/pages"}],"about":[{"href":"https:\/\/www.unioviedo.es\/ballet-esp\/index.php\/wp-json\/wp\/v2\/types\/page"}],"author":[{"embeddable":true,"href":"https:\/\/www.unioviedo.es\/ballet-esp\/index.php\/wp-json\/wp\/v2\/users\/1"}],"replies":[{"embeddable":true,"href":"https:\/\/www.unioviedo.es\/ballet-esp\/index.php\/wp-json\/wp\/v2\/comments?post=159"}],"version-history":[{"count":7,"href":"https:\/\/www.unioviedo.es\/ballet-esp\/index.php\/wp-json\/wp\/v2\/pages\/159\/revisions"}],"predecessor-version":[{"id":518,"href":"https:\/\/www.unioviedo.es\/ballet-esp\/index.php\/wp-json\/wp\/v2\/pages\/159\/revisions\/518"}],"up":[{"embeddable":true,"href":"https:\/\/www.unioviedo.es\/ballet-esp\/index.php\/wp-json\/wp\/v2\/pages\/2"}],"wp:attachment":[{"href":"https:\/\/www.unioviedo.es\/ballet-esp\/index.php\/wp-json\/wp\/v2\/media?parent=159"}],"curies":[{"name":"wp","href":"https:\/\/api.w.org\/{rel}","templated":true}]}}