{"id":171,"date":"2025-02-18T09:49:14","date_gmt":"2025-02-18T08:49:14","guid":{"rendered":"https:\/\/www.unioviedo.es\/ballet-esp\/?page_id=171"},"modified":"2025-03-29T19:36:54","modified_gmt":"2025-03-29T18:36:54","slug":"noemi-orgaz-aragon","status":"publish","type":"page","link":"https:\/\/www.unioviedo.es\/ballet-esp\/index.php\/equipo\/noemi-orgaz-aragon\/","title":{"rendered":"Noem\u00ed Orgaz Arag\u00f3n"},"content":{"rendered":"\n<div class=\"wp-block-group alignfull has-accent-background-color has-background has-global-padding is-layout-constrained wp-container-core-group-is-layout-669513ed wp-block-group-is-layout-constrained\" style=\"margin-top:0;margin-bottom:0;padding-top:var(--wp--preset--spacing--50);padding-right:var(--wp--preset--spacing--50);padding-bottom:var(--wp--preset--spacing--50);padding-left:var(--wp--preset--spacing--50)\">\n<div class=\"wp-block-columns alignwide is-layout-flex wp-container-core-columns-is-layout-1da03c2a wp-block-columns-is-layout-flex\">\n<div class=\"wp-block-column is-vertically-aligned-stretch is-layout-flow wp-block-column-is-layout-flow\" style=\"flex-basis:50%\">\n<p class=\"has-contrast-color has-text-color has-link-color has-heading-font-family has-medium-font-size wp-elements-facc9d97cc03ec23fedd5123d07d3fd4\" style=\"line-height:1.2\"><strong>&nbsp;&nbsp;&nbsp;&nbsp;<\/strong><\/p>\n\n\n\n<div class=\"wp-block-group is-vertical is-content-justification-stretch is-layout-flex wp-container-core-group-is-layout-444d5ee8 wp-block-group-is-layout-flex\" style=\"min-height:100%\">\n<div class=\"wp-block-group has-global-padding is-layout-constrained wp-block-group-is-layout-constrained\">\n<div class=\"wp-block-group has-global-padding is-layout-constrained wp-block-group-is-layout-constrained\">\n<p class=\"has-contrast-color has-text-color has-link-color has-heading-font-family has-medium-font-size wp-elements-f4c648d6e02694e45ba461da03abe986\" style=\"line-height:1.2\"><strong><strong><strong>Noem\u00ed Orgaz Arag\u00f3n<\/strong><\/strong><\/strong><\/p>\n\n\n\n<div class=\"wp-block-group has-global-padding is-layout-constrained wp-block-group-is-layout-constrained\">\n<figure class=\"wp-block-image size-full is-resized\"><img loading=\"lazy\" decoding=\"async\" width=\"318\" height=\"242\" src=\"https:\/\/www.unioviedo.es\/ballet-esp\/wp-content\/uploads\/2025\/02\/Captura-de-pantalla-2025-02-19-a-las-9.11.00.png\" alt=\"\" class=\"wp-image-208\" style=\"width:26px;height:auto\" srcset=\"https:\/\/www.unioviedo.es\/ballet-esp\/wp-content\/uploads\/2025\/02\/Captura-de-pantalla-2025-02-19-a-las-9.11.00.png 318w, https:\/\/www.unioviedo.es\/ballet-esp\/wp-content\/uploads\/2025\/02\/Captura-de-pantalla-2025-02-19-a-las-9.11.00-300x228.png 300w\" sizes=\"auto, (max-width: 318px) 100vw, 318px\" \/><figcaption class=\"wp-element-caption\"><strong>noemimi78@hotmail.com<\/strong><\/figcaption><\/figure>\n<\/div>\n\n\n\n<p class=\"has-contrast-color has-text-color has-link-color has-heading-font-family has-medium-font-size wp-elements-4f68547e5d26f4fa0d99a1e1250fcb6a\" style=\"line-height:1.2\"><\/p>\n<\/div>\n\n\n\n<div class=\"wp-block-group has-global-padding is-layout-constrained wp-block-group-is-layout-constrained\">\n<p class=\"has-contrast-color has-text-color has-link-color has-heading-font-family has-medium-font-size wp-elements-8e48e5d519301c99678660e705d4f2e7\">Bailarina profesional formada en el Real Conservatorio Profesional de Danza Mariemma de Madrid y Titulada Superior en Pedagog\u00eda de la Danza Espa\u00f1ola por el Instituto Alicia Alonso (ISDAA). M\u00e1ster en Liderazgo de Gesti\u00f3n Cultural por la URJC de Madrid. En la actualidad, es Vicepresidenta de la Asociaci\u00f3n de Profesionales de la Danza en la Comunidad de Madrid (APDCM) y pertenece a la comisi\u00f3n de danza de la Sociedad Espa\u00f1ola de Musicolog\u00eda (SEdeM). Ha formado parte del cuerpo de baile en numerosas compa\u00f1\u00edas de danza espa\u00f1ola \u00a0llegando a desarrollar roles de bailarina solista en algunos espect\u00e1culos: \u00a0Compa\u00f1\u00eda A\u00edda G\u00f3mez, Compa\u00f1\u00eda Ib\u00e9rica de Danza, Ballet Espa\u00f1ol de M\u00aa Rosa etc., y en producciones de \u00d3pera y Zarzuela como pueden ser las realizadas en los Veranos de la Villa en la ciudad de Madrid o el Teatro de la Zarzuela de Madrid, de la mano de directores representativos en dichos g\u00e9neros: \u00c1ngel F. Montesinos, Francisco Matilla, Gustavo Tambascio, etc. Como docente, en la actualidad es profesora de danza espa\u00f1ola en el Colegio Estudio de Madrid.<\/p>\n<\/div>\n<\/div>\n<\/div>\n<\/div>\n\n\n\n<div class=\"wp-block-column is-vertically-aligned-center is-layout-flow wp-block-column-is-layout-flow\" style=\"flex-basis:50%\">\n<figure class=\"wp-block-image aligncenter size-large is-resized is-style-rounded is-style-rounded--1\"><img loading=\"lazy\" decoding=\"async\" width=\"682\" height=\"1024\" src=\"https:\/\/www.unioviedo.es\/ballet-esp\/wp-content\/uploads\/2025\/02\/Noemi-Carnet-2-682x1024.jpg\" alt=\"\" class=\"wp-image-169\" style=\"aspect-ratio:0.75;object-fit:cover;width:300px\" srcset=\"https:\/\/www.unioviedo.es\/ballet-esp\/wp-content\/uploads\/2025\/02\/Noemi-Carnet-2-682x1024.jpg 682w, https:\/\/www.unioviedo.es\/ballet-esp\/wp-content\/uploads\/2025\/02\/Noemi-Carnet-2-200x300.jpg 200w, https:\/\/www.unioviedo.es\/ballet-esp\/wp-content\/uploads\/2025\/02\/Noemi-Carnet-2-768x1152.jpg 768w, https:\/\/www.unioviedo.es\/ballet-esp\/wp-content\/uploads\/2025\/02\/Noemi-Carnet-2-1024x1536.jpg 1024w, https:\/\/www.unioviedo.es\/ballet-esp\/wp-content\/uploads\/2025\/02\/Noemi-Carnet-2.jpg 1333w\" sizes=\"auto, (max-width: 682px) 100vw, 682px\" \/><\/figure>\n<\/div>\n<\/div>\n<\/div>\n","protected":false},"excerpt":{"rendered":"<p>&nbsp;&nbsp;&nbsp;&nbsp; Noem\u00ed Orgaz Arag\u00f3n Bailarina profesional formada en el Real Conservatorio Profesional de Danza Mariemma de Madrid y Titulada Superior en Pedagog\u00eda de la Danza Espa\u00f1ola por el Instituto Alicia Alonso (ISDAA). M\u00e1ster en Liderazgo de Gesti\u00f3n Cultural por la URJC de Madrid. En la actualidad, es Vicepresidenta de la Asociaci\u00f3n de Profesionales de la [&hellip;]<\/p>\n","protected":false},"author":1,"featured_media":0,"parent":2,"menu_order":0,"comment_status":"closed","ping_status":"closed","template":"","meta":{"footnotes":""},"class_list":["post-171","page","type-page","status-publish","hentry"],"_links":{"self":[{"href":"https:\/\/www.unioviedo.es\/ballet-esp\/index.php\/wp-json\/wp\/v2\/pages\/171","targetHints":{"allow":["GET"]}}],"collection":[{"href":"https:\/\/www.unioviedo.es\/ballet-esp\/index.php\/wp-json\/wp\/v2\/pages"}],"about":[{"href":"https:\/\/www.unioviedo.es\/ballet-esp\/index.php\/wp-json\/wp\/v2\/types\/page"}],"author":[{"embeddable":true,"href":"https:\/\/www.unioviedo.es\/ballet-esp\/index.php\/wp-json\/wp\/v2\/users\/1"}],"replies":[{"embeddable":true,"href":"https:\/\/www.unioviedo.es\/ballet-esp\/index.php\/wp-json\/wp\/v2\/comments?post=171"}],"version-history":[{"count":6,"href":"https:\/\/www.unioviedo.es\/ballet-esp\/index.php\/wp-json\/wp\/v2\/pages\/171\/revisions"}],"predecessor-version":[{"id":656,"href":"https:\/\/www.unioviedo.es\/ballet-esp\/index.php\/wp-json\/wp\/v2\/pages\/171\/revisions\/656"}],"up":[{"embeddable":true,"href":"https:\/\/www.unioviedo.es\/ballet-esp\/index.php\/wp-json\/wp\/v2\/pages\/2"}],"wp:attachment":[{"href":"https:\/\/www.unioviedo.es\/ballet-esp\/index.php\/wp-json\/wp\/v2\/media?parent=171"}],"curies":[{"name":"wp","href":"https:\/\/api.w.org\/{rel}","templated":true}]}}