{"id":191,"date":"2025-02-18T11:40:25","date_gmt":"2025-02-18T10:40:25","guid":{"rendered":"https:\/\/www.unioviedo.es\/ballet-esp\/?page_id=191"},"modified":"2025-03-01T08:48:11","modified_gmt":"2025-03-01T07:48:11","slug":"eva-alvarez-martino","status":"publish","type":"page","link":"https:\/\/www.unioviedo.es\/ballet-esp\/index.php\/equipo\/eva-alvarez-martino\/","title":{"rendered":"Eva \u00c1lvarez Martino"},"content":{"rendered":"\n<div class=\"wp-block-group alignfull has-accent-background-color has-background has-global-padding is-layout-constrained wp-container-core-group-is-layout-669513ed wp-block-group-is-layout-constrained\" style=\"margin-top:0;margin-bottom:0;padding-top:var(--wp--preset--spacing--50);padding-right:var(--wp--preset--spacing--50);padding-bottom:var(--wp--preset--spacing--50);padding-left:var(--wp--preset--spacing--50)\">\n<div class=\"wp-block-columns alignwide is-layout-flex wp-container-core-columns-is-layout-1da03c2a wp-block-columns-is-layout-flex\">\n<div class=\"wp-block-column is-vertically-aligned-stretch is-layout-flow wp-block-column-is-layout-flow\" style=\"flex-basis:50%\">\n<div class=\"wp-block-group is-vertical is-content-justification-stretch is-layout-flex wp-container-core-group-is-layout-444d5ee8 wp-block-group-is-layout-flex\" style=\"min-height:100%\">\n<div class=\"wp-block-group has-global-padding is-layout-constrained wp-block-group-is-layout-constrained\">\n<div class=\"wp-block-group has-global-padding is-layout-constrained wp-block-group-is-layout-constrained\">\n<p class=\"has-contrast-color has-text-color has-link-color has-heading-font-family wp-elements-aea17c99d97972adecb1edb5ed0a23ae\"><strong>Eva \u00c1lvarez Martino<\/strong> <\/p>\n\n\n\n<div class=\"wp-block-group has-global-padding is-layout-constrained wp-block-group-is-layout-constrained\">\n<figure class=\"wp-block-image size-full is-resized\"><img loading=\"lazy\" decoding=\"async\" width=\"318\" height=\"242\" src=\"https:\/\/www.unioviedo.es\/ballet-esp\/wp-content\/uploads\/2025\/02\/Captura-de-pantalla-2025-02-19-a-las-9.11.00.png\" alt=\"\" class=\"wp-image-208\" style=\"width:26px;height:auto\" srcset=\"https:\/\/www.unioviedo.es\/ballet-esp\/wp-content\/uploads\/2025\/02\/Captura-de-pantalla-2025-02-19-a-las-9.11.00.png 318w, https:\/\/www.unioviedo.es\/ballet-esp\/wp-content\/uploads\/2025\/02\/Captura-de-pantalla-2025-02-19-a-las-9.11.00-300x228.png 300w\" sizes=\"auto, (max-width: 318px) 100vw, 318px\" \/><figcaption class=\"wp-element-caption\">almar@uniovi.es<\/figcaption><\/figure>\n<\/div>\n<\/div>\n\n\n\n<p class=\"has-contrast-color has-text-color has-link-color has-heading-font-family has-medium-font-size wp-elements-5ce8c902e3543f4533607bcfbad838ef\" style=\"line-height:1.4\">Doctora y licenciada en Filosof\u00eda por la Universidad de Oviedo. Premio Fin de carrera Benito Feijoo, Menci\u00f3n especial en los estudios de Filosof\u00eda en reconocimiento al expediente y curr\u00edculum acad\u00e9mico en la convocatoria de Premios Nacionales de Terminaci\u00f3n de Estudios Universitarios y Premio Extraordinario de Doctorado por la Universidad de Oviedo. Su trayectoria cient\u00edfica se inicia con una beca en la Fundaci\u00f3n Caja Madrid, tambi\u00e9n con su participaci\u00f3n como becaria en el Programa Sectorial de Formaci\u00f3n del Profesorado Universitario y Personal Investigador y contin\u00faa posteriormente con la realizaci\u00f3n de la tesis doctoral titulada <em>\u00bfDe la mano a la raz\u00f3n? Cuerpo, mano, cerebro y conciencia<\/em>. Su investigaci\u00f3n est\u00e1 enfocada desde distintas l\u00edneas de investigaci\u00f3n interconectadas entre s\u00ed: la epistemolog\u00eda, la teor\u00eda del conocimiento, la antropolog\u00eda cultural y social, la filosof\u00eda de la biolog\u00eda, la filosof\u00eda de la mente, la filosof\u00eda de la educaci\u00f3n y la psicolog\u00eda. Ha participado en varios proyectos de investigaci\u00f3n nacionales. Grupo de Investigaci\u00f3n acreditado <em>M\u00fasica, Danza y Estudios Culturales<\/em> (<a href=\"https:\/\/mudanzes.grupos.uniovi.es\/\">MUDANZE<\/a>S) de la Universidad de Oviedo. En la actualidad es profesora contratada doctora en el Departamento de Filosof\u00eda de la Universidad de Oviedo. Durante doce a\u00f1os ha sido vicedecana de Relaciones Internacionales, Coordinadora Internacional y Coordinadora SICUE en la Facultad de Filosof\u00eda y Letras de la Universidad de Oviedo.<\/p>\n<\/div>\n\n\n\n<div class=\"wp-block-group has-global-padding is-content-justification-left is-layout-constrained wp-container-core-group-is-layout-9fe8ed88 wp-block-group-is-layout-constrained\">\n<p class=\"wp-container-content-0733e5d0\"><\/p>\n<\/div>\n<\/div>\n<\/div>\n\n\n\n<div class=\"wp-block-column is-vertically-aligned-center is-layout-flow wp-block-column-is-layout-flow\" style=\"flex-basis:50%\">\n<figure class=\"wp-block-image aligncenter size-full is-resized is-style-rounded is-style-rounded--1\"><img loading=\"lazy\" decoding=\"async\" width=\"509\" height=\"675\" src=\"https:\/\/www.unioviedo.es\/ballet-esp\/wp-content\/uploads\/2025\/02\/Eva_Alvarez_Martino-copia.jpg\" alt=\"\" class=\"wp-image-407\" style=\"aspect-ratio:3\/4;object-fit:cover;width:300px\" srcset=\"https:\/\/www.unioviedo.es\/ballet-esp\/wp-content\/uploads\/2025\/02\/Eva_Alvarez_Martino-copia.jpg 509w, https:\/\/www.unioviedo.es\/ballet-esp\/wp-content\/uploads\/2025\/02\/Eva_Alvarez_Martino-copia-226x300.jpg 226w\" sizes=\"auto, (max-width: 509px) 100vw, 509px\" \/><\/figure>\n<\/div>\n<\/div>\n<\/div>\n","protected":false},"excerpt":{"rendered":"<p>Eva \u00c1lvarez Martino Doctora y licenciada en Filosof\u00eda por la Universidad de Oviedo. Premio Fin de carrera Benito Feijoo, Menci\u00f3n especial en los estudios de Filosof\u00eda en reconocimiento al expediente y curr\u00edculum acad\u00e9mico en la convocatoria de Premios Nacionales de Terminaci\u00f3n de Estudios Universitarios y Premio Extraordinario de Doctorado por la Universidad de Oviedo. Su [&hellip;]<\/p>\n","protected":false},"author":1,"featured_media":0,"parent":2,"menu_order":0,"comment_status":"closed","ping_status":"closed","template":"","meta":{"footnotes":""},"class_list":["post-191","page","type-page","status-publish","hentry"],"_links":{"self":[{"href":"https:\/\/www.unioviedo.es\/ballet-esp\/index.php\/wp-json\/wp\/v2\/pages\/191","targetHints":{"allow":["GET"]}}],"collection":[{"href":"https:\/\/www.unioviedo.es\/ballet-esp\/index.php\/wp-json\/wp\/v2\/pages"}],"about":[{"href":"https:\/\/www.unioviedo.es\/ballet-esp\/index.php\/wp-json\/wp\/v2\/types\/page"}],"author":[{"embeddable":true,"href":"https:\/\/www.unioviedo.es\/ballet-esp\/index.php\/wp-json\/wp\/v2\/users\/1"}],"replies":[{"embeddable":true,"href":"https:\/\/www.unioviedo.es\/ballet-esp\/index.php\/wp-json\/wp\/v2\/comments?post=191"}],"version-history":[{"count":8,"href":"https:\/\/www.unioviedo.es\/ballet-esp\/index.php\/wp-json\/wp\/v2\/pages\/191\/revisions"}],"predecessor-version":[{"id":617,"href":"https:\/\/www.unioviedo.es\/ballet-esp\/index.php\/wp-json\/wp\/v2\/pages\/191\/revisions\/617"}],"up":[{"embeddable":true,"href":"https:\/\/www.unioviedo.es\/ballet-esp\/index.php\/wp-json\/wp\/v2\/pages\/2"}],"wp:attachment":[{"href":"https:\/\/www.unioviedo.es\/ballet-esp\/index.php\/wp-json\/wp\/v2\/media?parent=191"}],"curies":[{"name":"wp","href":"https:\/\/api.w.org\/{rel}","templated":true}]}}