{"id":335,"date":"2025-02-22T18:40:18","date_gmt":"2025-02-22T17:40:18","guid":{"rendered":"https:\/\/www.unioviedo.es\/ballet-esp\/?page_id=335"},"modified":"2025-11-14T15:13:49","modified_gmt":"2025-11-14T14:13:49","slug":"publicaciones-llorian-garcia-florez","status":"publish","type":"page","link":"https:\/\/www.unioviedo.es\/ballet-esp\/index.php\/publicaciones\/publicaciones-llorian-garcia-florez\/","title":{"rendered":""},"content":{"rendered":"\n<figure class=\"wp-block-image size-large\"><img loading=\"lazy\" decoding=\"async\" width=\"1024\" height=\"309\" src=\"https:\/\/www.unioviedo.es\/ballet-esp\/wp-content\/uploads\/2025\/02\/publiproyecto-1024x309.png\" alt=\"\" class=\"wp-image-256\" srcset=\"https:\/\/www.unioviedo.es\/ballet-esp\/wp-content\/uploads\/2025\/02\/publiproyecto-1024x309.png 1024w, https:\/\/www.unioviedo.es\/ballet-esp\/wp-content\/uploads\/2025\/02\/publiproyecto-300x91.png 300w, https:\/\/www.unioviedo.es\/ballet-esp\/wp-content\/uploads\/2025\/02\/publiproyecto-768x232.png 768w, https:\/\/www.unioviedo.es\/ballet-esp\/wp-content\/uploads\/2025\/02\/publiproyecto.png 1274w\" sizes=\"auto, (max-width: 1024px) 100vw, 1024px\" \/><\/figure>\n\n\n\n<p class=\"has-heading-font-family\"><strong>LLORI\u00c1N GARC\u00cdA FLOREZ<\/strong><\/p>\n\n\n\n<ul class=\"wp-block-list\">\n<li class=\"has-contrast-2-color has-text-color has-link-color has-heading-font-family wp-elements-5db6d50213c2637513740af7b0450ddd\">GARC\u00cdA FL\u00d3REZ, Llori\u00e1n. 2025. Rese\u00f1a de Gavin Steingo. 2024. <a href=\"https:\/\/revistas.ucm.es\/index.php\/CMIB\/article\/download\/103886\/4564456574282\/4564456765147\">Interspecies Communication: Sound and Music Beyond Humanit<\/a>y. Chicago \/ Londres: The Chicago University Press, 256 p\u00e1ginas, ISBN 978-0-226-83136-7. Cuadernos de M\u00fasica <em>Iberoamericana<\/em> 38: 301-308. DOI: 10.5209\/cmib.103886 <\/li>\n\n\n\n<li class=\"has-contrast-2-color has-text-color has-link-color has-heading-font-family wp-elements-82ea550f7bb2cb1e45e90af6a028a340\">GARC\u00cdA FL\u00d3REZ, Llori\u00e1n. 2025. \u00ab<a href=\"https:\/\/revistas.ucm.es\/index.php\/ESLG\/article\/download\/99167\/4564456573902\/4564456759773\">Auralidades queer: infraestructura, performatividad, ontolog\u00eda<\/a>\u00bb, Estudios LGBTIQ+, Comunicaci\u00f3n y Cultura 5 (1): 5-13. DOI: 10.5209\/eslg.99167 <\/li>\n\n\n\n<li class=\"has-contrast-2-color has-text-color has-link-color has-heading-font-family wp-elements-8664e41407cb874f88f76bea9b8a00bb\">GARC\u00cdA FL\u00d3REZ, Llori\u00e1n. 2025. \u00abCucho: voz y estiercol en los confines geontol\u00f3gicos de la ciudad letrada\u00bb. En: <em>Agenciamientos ecol\u00f3gicos, <\/em>F. Quiroga y A. Ruiz Mu\u00f1oz. Valencia: Bartlebooth y Concomitentes, pp. 125-141.<\/li>\n\n\n\n<li class=\"has-contrast-2-color has-text-color has-link-color has-heading-font-family wp-elements-6fd008ffef9957f26c3330dc80a15bb4\">GARC\u00cdA FL\u00d3REZ, Llori\u00e1n. 2025. \u00abLos estudios asturianos de son\u00edu\u00bb. En <em>Estudios asturianos en el siglo xxi<\/em>, C. Lamar Prieto, M. Villaz\u00f3n Valbuenam, I. \u00c1lvarez Sancho (eds.). Uvi\u00e9u: Trabe, pp. 145-163.<\/li>\n\n\n\n<li class=\"has-contrast-2-color has-text-color has-link-color has-heading-font-family wp-elements-43299ff990a223d018d5372fb8e53165\">GARC\u00cdA FL\u00d3REZ, Llori\u00e1n. 2023. <em>Memoria t\u00e9cnica previa a la incoaci\u00f3n de la \u00abJota\u00bb como Bien de Inter\u00e9s Cultural en Asturias<\/em>. Oviedo: Direcci\u00f3n General de Patrimonio. Gobierno del Principado de Asturias [in\u00e9dito].<\/li>\n\n\n\n<li class=\"has-contrast-2-color has-text-color has-link-color has-heading-font-family wp-elements-f5ab38f941612cc7e77e0fecfd2ff785\">GARC\u00cdA FL\u00d3REZ, Llori\u00e1n. 2023. \u00abUna Nueche en Danza de los museos\u00bb. En: <em>La Ponte-Ecomus\u00e9u [2013-2023]<\/em>. Villanueva de Santu Adrianu: La Ponte-Ecomus\u00e9u, pp. 57-63. https:\/\/laponte.org\/wp-content\/uploads\/2023\/11\/10anosLaPonte-1.pdf<\/li>\n\n\n\n<li class=\"has-contrast-2-color has-text-color has-link-color has-heading-font-family wp-elements-ed6732c7a049ee826f1cf838d078df4c\">GARC\u00cdA-FL\u00d3REZ, Llori\u00e1n y S\u00cdLVIA MART\u00cdNEZ. 2020. \u00abChallenges through Cultural Heritage in the North-Spanish Rural Musical Underground\u00bb. <em>Popular Music and Society, <\/em>43 (4): 426-437. https:\/\/www.tandfonline.com\/doi\/full\/10.1080\/03007766.2020.1730652<\/li>\n\n\n\n<li class=\"has-contrast-2-color has-text-color has-link-color has-heading-font-family wp-elements-dab2a6707d98d413bb5f37a5f3b25178\">GARC\u00cdA FLOREZ, Llori\u00e1n. 2017. \u00abSpectral Francoism, Ethnographic Archive, Anarchic Choralities in Post-Francoist Asturias\u00bb, En: Dance, Ideology and Power in Francoist Spain (1938-1968), B. Mart\u00ednez del Fresno y B. Vega Pichaco (eds). Turnhout: Brepols, pp. 501-539.<\/li>\n<\/ul>\n","protected":false},"excerpt":{"rendered":"<p>LLORI\u00c1N GARC\u00cdA FLOREZ<\/p>\n","protected":false},"author":1,"featured_media":0,"parent":218,"menu_order":0,"comment_status":"closed","ping_status":"closed","template":"","meta":{"footnotes":""},"class_list":["post-335","page","type-page","status-publish","hentry"],"_links":{"self":[{"href":"https:\/\/www.unioviedo.es\/ballet-esp\/index.php\/wp-json\/wp\/v2\/pages\/335","targetHints":{"allow":["GET"]}}],"collection":[{"href":"https:\/\/www.unioviedo.es\/ballet-esp\/index.php\/wp-json\/wp\/v2\/pages"}],"about":[{"href":"https:\/\/www.unioviedo.es\/ballet-esp\/index.php\/wp-json\/wp\/v2\/types\/page"}],"author":[{"embeddable":true,"href":"https:\/\/www.unioviedo.es\/ballet-esp\/index.php\/wp-json\/wp\/v2\/users\/1"}],"replies":[{"embeddable":true,"href":"https:\/\/www.unioviedo.es\/ballet-esp\/index.php\/wp-json\/wp\/v2\/comments?post=335"}],"version-history":[{"count":4,"href":"https:\/\/www.unioviedo.es\/ballet-esp\/index.php\/wp-json\/wp\/v2\/pages\/335\/revisions"}],"predecessor-version":[{"id":728,"href":"https:\/\/www.unioviedo.es\/ballet-esp\/index.php\/wp-json\/wp\/v2\/pages\/335\/revisions\/728"}],"up":[{"embeddable":true,"href":"https:\/\/www.unioviedo.es\/ballet-esp\/index.php\/wp-json\/wp\/v2\/pages\/218"}],"wp:attachment":[{"href":"https:\/\/www.unioviedo.es\/ballet-esp\/index.php\/wp-json\/wp\/v2\/media?parent=335"}],"curies":[{"name":"wp","href":"https:\/\/api.w.org\/{rel}","templated":true}]}}