{"id":341,"date":"2025-02-22T18:45:27","date_gmt":"2025-02-22T17:45:27","guid":{"rendered":"https:\/\/www.unioviedo.es\/ballet-esp\/?page_id=341"},"modified":"2025-02-22T18:45:59","modified_gmt":"2025-02-22T17:45:59","slug":"publicaciones-guadalupe-mera-felipe","status":"publish","type":"page","link":"https:\/\/www.unioviedo.es\/ballet-esp\/index.php\/publicaciones\/publicaciones-guadalupe-mera-felipe\/","title":{"rendered":""},"content":{"rendered":"\n<figure class=\"wp-block-image size-large\"><img loading=\"lazy\" decoding=\"async\" width=\"1024\" height=\"309\" src=\"https:\/\/www.unioviedo.es\/ballet-esp\/wp-content\/uploads\/2025\/02\/publiproyecto-1024x309.png\" alt=\"\" class=\"wp-image-256\" srcset=\"https:\/\/www.unioviedo.es\/ballet-esp\/wp-content\/uploads\/2025\/02\/publiproyecto-1024x309.png 1024w, https:\/\/www.unioviedo.es\/ballet-esp\/wp-content\/uploads\/2025\/02\/publiproyecto-300x91.png 300w, https:\/\/www.unioviedo.es\/ballet-esp\/wp-content\/uploads\/2025\/02\/publiproyecto-768x232.png 768w, https:\/\/www.unioviedo.es\/ballet-esp\/wp-content\/uploads\/2025\/02\/publiproyecto.png 1274w\" sizes=\"auto, (max-width: 1024px) 100vw, 1024px\" \/><\/figure>\n\n\n\n<p class=\"has-heading-font-family\"><strong>GUADALUPE MERA FELIPE<\/strong><\/p>\n\n\n\n<ul class=\"wp-block-list\">\n<li class=\"has-contrast-2-color has-text-color has-link-color has-heading-font-family wp-elements-4ae2db1da0556170bcd90e6621d9e957\">MERA FELIPE, Guadalupe. 2022.\u00a0\u201cEl paso de\u00a0<em>La Madrile\u00f1a<\/em>, de solo a paded\u00fa. Reconstrucci\u00f3n y transmisi\u00f3n de una pieza estrenada en 1850 en el teatro del Circo de Madrid\u201d. En: <em>Musicolog\u00eda en transici\u00f3n<\/em>, Javier Mar\u00edn L\u00f3pez (ed. Lit.), Ascensi\u00f3n Mazuela Anguita (ed. Lit.), Juan Jos\u00e9 Pastor Com\u00edn\u00a0(ed. lit.),\u00a0pp.\u00a0473-492.<\/li>\n\n\n\n<li class=\"has-contrast-2-color has-text-color has-link-color has-heading-font-family wp-elements-ebe7585dc1b54ba8fe39b97406eb85f2\">MERA FELIPE, Guadalupe. <strong>2018.<\/strong> \u00abMariemma. La danza espa\u00f1ola triunfa en Italia (1951-1955)\u00bb. En: <em>Mariemma y su tiempo: actas del congreso en Madrid del 16 al 19 de diciembre de 2017<\/em>, Rosa Ruiz Cela\u00e1, Antonio \u00c1lvarez Ca\u00f1ibano y Paula de Castro Fern\u00e1ndez (coords.). Madrid, INAEM: Centro de Documentaci\u00f3n de M\u00fasica y Danza, pp. 115-145.<\/li>\n\n\n\n<li class=\"has-contrast-2-color has-text-color has-link-color has-heading-font-family wp-elements-ff69a7623f84de431f08eb00a69eb662\">MERA FELIPE, Guadalupe. <strong>2017.<\/strong> \u00abReconquistar la honestidad. La Iglesia cat\u00f3lica y el baile social durante el primer franquismo (1939-1964)\u00bb.En:<em> Dance, Ideology and Power in Francoist Spain (1938-1968)<\/em>, Collection Music, Criticism and Politics, n. \u00ba 5. Beatriz Mart\u00ednez del Fresno y Bel\u00e9n Vega Pichaco (eds.).\u00a0Turnhout\/Chicago: Brepols, pp. 393-426.<\/li>\n<\/ul>\n","protected":false},"excerpt":{"rendered":"<p>GUADALUPE MERA FELIPE<\/p>\n","protected":false},"author":1,"featured_media":0,"parent":218,"menu_order":0,"comment_status":"closed","ping_status":"closed","template":"","meta":{"footnotes":""},"class_list":["post-341","page","type-page","status-publish","hentry"],"_links":{"self":[{"href":"https:\/\/www.unioviedo.es\/ballet-esp\/index.php\/wp-json\/wp\/v2\/pages\/341","targetHints":{"allow":["GET"]}}],"collection":[{"href":"https:\/\/www.unioviedo.es\/ballet-esp\/index.php\/wp-json\/wp\/v2\/pages"}],"about":[{"href":"https:\/\/www.unioviedo.es\/ballet-esp\/index.php\/wp-json\/wp\/v2\/types\/page"}],"author":[{"embeddable":true,"href":"https:\/\/www.unioviedo.es\/ballet-esp\/index.php\/wp-json\/wp\/v2\/users\/1"}],"replies":[{"embeddable":true,"href":"https:\/\/www.unioviedo.es\/ballet-esp\/index.php\/wp-json\/wp\/v2\/comments?post=341"}],"version-history":[{"count":1,"href":"https:\/\/www.unioviedo.es\/ballet-esp\/index.php\/wp-json\/wp\/v2\/pages\/341\/revisions"}],"predecessor-version":[{"id":343,"href":"https:\/\/www.unioviedo.es\/ballet-esp\/index.php\/wp-json\/wp\/v2\/pages\/341\/revisions\/343"}],"up":[{"embeddable":true,"href":"https:\/\/www.unioviedo.es\/ballet-esp\/index.php\/wp-json\/wp\/v2\/pages\/218"}],"wp:attachment":[{"href":"https:\/\/www.unioviedo.es\/ballet-esp\/index.php\/wp-json\/wp\/v2\/media?parent=341"}],"curies":[{"name":"wp","href":"https:\/\/api.w.org\/{rel}","templated":true}]}}