{"id":374,"date":"2025-02-23T11:59:22","date_gmt":"2025-02-23T10:59:22","guid":{"rendered":"https:\/\/www.unioviedo.es\/ballet-esp\/?page_id=374"},"modified":"2025-11-13T15:36:12","modified_gmt":"2025-11-13T14:36:12","slug":"actividades","status":"publish","type":"page","link":"https:\/\/www.unioviedo.es\/ballet-esp\/index.php\/actividades\/","title":{"rendered":"Actividades"},"content":{"rendered":"\n<div data-wp-interactive=\"core\/file\" class=\"wp-block-file\"><object data-wp-bind--hidden=\"!state.hasPdfPreview\" hidden class=\"wp-block-file__embed\" data=\"https:\/\/www.unioviedo.es\/ballet-esp\/wp-content\/uploads\/2025\/11\/Programa-6.pdf\" type=\"application\/pdf\" style=\"width:100%;height:600px\" aria-label=\"Incrustado de Seminario Internacional &quot;Aproximaciones a la investigaci\u00f3n sobre la danza filmada&quot;. .\"><\/object><a id=\"wp-block-file--media-4c61ce0e-ac5f-41b7-b83a-31e7febec361\" href=\"https:\/\/www.unioviedo.es\/ballet-esp\/wp-content\/uploads\/2025\/11\/Programa-6.pdf\">Seminario Internacional \u00abAproximaciones a la investigaci\u00f3n sobre la danza filmada\u00bb. <\/a><a href=\"https:\/\/www.unioviedo.es\/ballet-esp\/wp-content\/uploads\/2025\/11\/Programa-6.pdf\" class=\"wp-block-file__button wp-element-button\" download aria-describedby=\"wp-block-file--media-4c61ce0e-ac5f-41b7-b83a-31e7febec361\">Descarga<\/a><\/div>\n\n\n\n<div data-wp-interactive=\"core\/file\" class=\"wp-block-file\"><object data-wp-bind--hidden=\"!state.hasPdfPreview\" hidden class=\"wp-block-file__embed\" data=\"https:\/\/www.unioviedo.es\/ballet-esp\/wp-content\/uploads\/2025\/11\/Seminario-Llorian-30-mayo-FONDO-BLANCO-3.pdf\" type=\"application\/pdf\" style=\"width:100%;height:600px\" aria-label=\"Incrustado de Seminario \u00abEl (anti)m\u00e9todo de la etnograf\u00eda: de los datos cualitativos a la experimentaci\u00f3n sonora\u00bb. .\"><\/object><a id=\"wp-block-file--media-42da69ae-c52f-4316-b982-b74671ed68a5\" href=\"https:\/\/www.unioviedo.es\/ballet-esp\/wp-content\/uploads\/2025\/11\/Seminario-Llorian-30-mayo-FONDO-BLANCO-3.pdf\">Seminario \u00abEl (anti)m\u00e9todo de la etnograf\u00eda: de los datos cualitativos a la experimentaci\u00f3n sonora\u00bb. <\/a><a href=\"https:\/\/www.unioviedo.es\/ballet-esp\/wp-content\/uploads\/2025\/11\/Seminario-Llorian-30-mayo-FONDO-BLANCO-3.pdf\" class=\"wp-block-file__button wp-element-button\" download aria-describedby=\"wp-block-file--media-42da69ae-c52f-4316-b982-b74671ed68a5\">Descarga<\/a><\/div>\n\n\n\n<p><\/p>\n\n\n\n<div data-wp-interactive=\"core\/file\" class=\"wp-block-file\"><object data-wp-bind--hidden=\"!state.hasPdfPreview\" hidden class=\"wp-block-file__embed\" data=\"https:\/\/www.unioviedo.es\/ballet-esp\/wp-content\/uploads\/2025\/11\/diptico-seminario-Christian-Franco-2-2.pdf\" type=\"application\/pdf\" style=\"width:100%;height:600px\" aria-label=\"Incrustado de Seminario de Investigaci\u00f3n \u00abFormas de filmar la danza en el cine espa\u00f1ol: de las zarzuelas filmadas del cine mudo a los &lt;em&gt;set pieces &lt;\/em&gt;del cine actual\u00bb. .\"><\/object><a id=\"wp-block-file--media-1aae771a-c108-49a9-8fdd-9af5aedaf2e6\" href=\"https:\/\/www.unioviedo.es\/ballet-esp\/wp-content\/uploads\/2025\/11\/diptico-seminario-Christian-Franco-2-2.pdf\">Seminario de Investigaci\u00f3n \u00abFormas de filmar la danza en el cine espa\u00f1ol: de las zarzuelas filmadas del cine mudo a los <em>set pieces <\/em>del cine actual\u00bb. <\/a><a href=\"https:\/\/www.unioviedo.es\/ballet-esp\/wp-content\/uploads\/2025\/11\/diptico-seminario-Christian-Franco-2-2.pdf\" class=\"wp-block-file__button wp-element-button\" download aria-describedby=\"wp-block-file--media-1aae771a-c108-49a9-8fdd-9af5aedaf2e6\">Descarga<\/a><\/div>\n\n\n\n<div data-wp-interactive=\"core\/file\" class=\"wp-block-file\"><object data-wp-bind--hidden=\"!state.hasPdfPreview\" hidden class=\"wp-block-file__embed\" data=\"https:\/\/www.unioviedo.es\/ballet-esp\/wp-content\/uploads\/2025\/11\/I-JORNADAS-CIENTIiFICAS-DEL-PROYECTO-de-IDi-BALLET-ESPANTHOL-9.pdf\" type=\"application\/pdf\" style=\"width:100%;height:600px\" aria-label=\"Incrustado de I Jornadas Cient\u00edficas del Proyecto de I+D+I BALLET-ESPA\u00d1OL.\"><\/object><a id=\"wp-block-file--media-866996e6-9f30-417d-aa74-c958d40ec1ec\" href=\"https:\/\/www.unioviedo.es\/ballet-esp\/wp-content\/uploads\/2025\/11\/I-JORNADAS-CIENTIiFICAS-DEL-PROYECTO-de-IDi-BALLET-ESPANTHOL-9.pdf\">I Jornadas Cient\u00edficas del Proyecto de I+D+I BALLET-ESPA\u00d1OL<\/a><a href=\"https:\/\/www.unioviedo.es\/ballet-esp\/wp-content\/uploads\/2025\/11\/I-JORNADAS-CIENTIiFICAS-DEL-PROYECTO-de-IDi-BALLET-ESPANTHOL-9.pdf\" class=\"wp-block-file__button wp-element-button\" download aria-describedby=\"wp-block-file--media-866996e6-9f30-417d-aa74-c958d40ec1ec\">Descarga<\/a><\/div>\n\n\n\n<p><\/p>\n","protected":false},"excerpt":{"rendered":"","protected":false},"author":1,"featured_media":0,"parent":0,"menu_order":0,"comment_status":"closed","ping_status":"closed","template":"","meta":{"footnotes":""},"class_list":["post-374","page","type-page","status-publish","hentry"],"_links":{"self":[{"href":"https:\/\/www.unioviedo.es\/ballet-esp\/index.php\/wp-json\/wp\/v2\/pages\/374","targetHints":{"allow":["GET"]}}],"collection":[{"href":"https:\/\/www.unioviedo.es\/ballet-esp\/index.php\/wp-json\/wp\/v2\/pages"}],"about":[{"href":"https:\/\/www.unioviedo.es\/ballet-esp\/index.php\/wp-json\/wp\/v2\/types\/page"}],"author":[{"embeddable":true,"href":"https:\/\/www.unioviedo.es\/ballet-esp\/index.php\/wp-json\/wp\/v2\/users\/1"}],"replies":[{"embeddable":true,"href":"https:\/\/www.unioviedo.es\/ballet-esp\/index.php\/wp-json\/wp\/v2\/comments?post=374"}],"version-history":[{"count":29,"href":"https:\/\/www.unioviedo.es\/ballet-esp\/index.php\/wp-json\/wp\/v2\/pages\/374\/revisions"}],"predecessor-version":[{"id":723,"href":"https:\/\/www.unioviedo.es\/ballet-esp\/index.php\/wp-json\/wp\/v2\/pages\/374\/revisions\/723"}],"wp:attachment":[{"href":"https:\/\/www.unioviedo.es\/ballet-esp\/index.php\/wp-json\/wp\/v2\/media?parent=374"}],"curies":[{"name":"wp","href":"https:\/\/api.w.org\/{rel}","templated":true}]}}