{"id":436,"date":"2025-02-24T17:54:33","date_gmt":"2025-02-24T16:54:33","guid":{"rendered":"https:\/\/www.unioviedo.es\/ballet-esp\/?page_id=436"},"modified":"2025-03-07T11:42:42","modified_gmt":"2025-03-07T10:42:42","slug":"publicaciones-atenea-fernandez-higuero","status":"publish","type":"page","link":"https:\/\/www.unioviedo.es\/ballet-esp\/index.php\/publicaciones\/publicaciones-atenea-fernandez-higuero\/","title":{"rendered":""},"content":{"rendered":"\n<figure class=\"wp-block-image size-large\"><img loading=\"lazy\" decoding=\"async\" width=\"1024\" height=\"309\" src=\"https:\/\/www.unioviedo.es\/ballet-esp\/wp-content\/uploads\/2025\/02\/publiproyecto-1024x309.png\" alt=\"\" class=\"wp-image-256\" srcset=\"https:\/\/www.unioviedo.es\/ballet-esp\/wp-content\/uploads\/2025\/02\/publiproyecto-1024x309.png 1024w, https:\/\/www.unioviedo.es\/ballet-esp\/wp-content\/uploads\/2025\/02\/publiproyecto-300x91.png 300w, https:\/\/www.unioviedo.es\/ballet-esp\/wp-content\/uploads\/2025\/02\/publiproyecto-768x232.png 768w, https:\/\/www.unioviedo.es\/ballet-esp\/wp-content\/uploads\/2025\/02\/publiproyecto.png 1274w\" sizes=\"auto, (max-width: 1024px) 100vw, 1024px\" \/><\/figure>\n\n\n\n<p class=\"has-heading-font-family\"><strong>ATENEA FERN\u00c1NDEZ HIGUERO<\/strong><\/p>\n\n\n\n<ul class=\"wp-block-list\">\n<li class=\"has-contrast-2-color has-text-color has-link-color has-heading-font-family has-medium-font-size wp-elements-601b0b9ce5ea8de919b395b5a2d134ed\">FERN\u00c1NDEZ HIGUERO, Atenea. 2025. Universos sonoros en las pr\u00e1cticas f\u00edlmicas del instituto de experiencias e investigaciones cinematogr\u00e1ficas (1947-1960). <em>Culturas de la escucha<\/em>. Tirant lo Blanch [en prensa].<\/li>\n\n\n\n<li class=\"has-contrast-2-color has-text-color has-link-color has-heading-font-family has-medium-font-size wp-elements-7c5537b92bd2eb9614aad266e5a08473\">FERN\u00c1NDEZ HIGUERO, Atenea. 2024. \u00abP\u00e9rez Zalduondo, Gemma y Mart\u00ednez del Fresno, Beatriz (Coord.). (2021). M\u00fasica y danza entre Espa\u00f1a y Am\u00e9rica (1930-1960): Diplomacia, intercambios y transferencias\u00bb. <em>Investigaciones en Danza y Movimiento<\/em>, 5(9), pp. 96-99. https:\/\/revistasojs.una.edu.ar\/index.php\/IDyM\/article\/view\/218\/126<\/li>\n\n\n\n<li class=\"has-contrast-2-color has-text-color has-link-color has-heading-font-family has-medium-font-size wp-elements-8551b906f2832e33c9316d6b9ba14043\">FERN\u00c1NDEZ HIGUERO, Atenea. 2022. \u00abBailar ante las c\u00e1maras: el uso del cine en las reconstrucciones coreogr\u00e1ficas a partir de la pel\u00edcula <em>Nosotros somos as\u00ed<\/em> (1937)\u00bb. En: <em>Musicolog\u00eda en transici\u00f3n,<\/em> J. Mar\u00edn-L\u00f3pez, A. Mazuela-Anguita y J. J. Pastor-Com\u00edn (eds.). Madrid: Sociedad Espa\u00f1ola de Musicolog\u00eda, pp. 519-528. ISBN: 978-84-86878-90-0.<\/li>\n\n\n\n<li class=\"has-contrast-2-color has-text-color has-link-color has-heading-font-family has-medium-font-size wp-elements-38cca3c45378bb16ca0f2fef16dc1526\">FERN\u00c1NDEZ HIGUERO, Atenea. 2021. \u00abEn tr\u00e1nsito: asilo y evacuaci\u00f3n de artistas en las embajadas de Cuba y Chile durante la Guerra Civil espa\u00f1ola\u00bb. En: <em>En, desde y hacia las Am\u00e9ricas. M\u00fasicas y migraciones transoce\u00e1nicas, <\/em>V. Eli, J. Mar\u00edn-L\u00f3pez y B. Vega Pichaco (eds.). Madrid: Dykinson, pp. 355-370. ISBN: 978-84-1377-671-2.<\/li>\n\n\n\n<li class=\"has-contrast-2-color has-text-color has-link-color has-heading-font-family has-medium-font-size wp-elements-17f0e315fc639081de0c08bc581dc503\">FERN\u00c1NDEZ HIGUERO, Atenea. 2020. \u00abAntifranquismo y copla en Radio Pirenaica durante el per\u00edodo desarrollista\u00bb. En: <em>Copla, ideolog\u00eda y poder<\/em>, E. Encabo e I. Mat\u00eda Polo (eds.). Madrid: Dykinson, pp. 79-91. ISBN: 978-84-1377-186-1.<\/li>\n\n\n\n<li class=\"has-contrast-2-color has-text-color has-link-color has-heading-font-family has-medium-font-size wp-elements-c18d9c4461f57f7cce8fcbc0baefe83c\">FERN\u00c1NDEZ HIGUERO, Atenea. 2018. \u00abLa escena musical y coreogr\u00e1fica en la II Rep\u00fablica, tiempo de v\u00edsperas\u00bb. <em>Revista de Musicolog\u00eda<\/em>, XLI(1), pp. 381-385. ISSN: 0210-1459.<\/li>\n\n\n\n<li class=\"has-contrast-2-color has-text-color has-link-color has-heading-font-family has-medium-font-size wp-elements-14ce1180fda5984c6e5871cef6910af9\">FERN\u00c1NDEZ HIGUERO, Atenea. 2017. \u00abControl in Dance Recitals in the Teatro Espa\u00f1ol in Madrid during the First Post-War Period (1939-1942)\u00bb. En: <em>Dance, Ideology and Power in Francoist Spain (1938-1968), <\/em>B. Mart\u00ednez del Fresno y B. Vega Pichaco (eds.). Tournant: Brepols, pp. 256-291. &nbsp;ISBN: 978-2-503-57740-1.<\/li>\n\n\n\n<li class=\"has-contrast-2-color has-text-color has-link-color has-heading-font-family has-medium-font-size wp-elements-9de6894e1870d2d368ef5f53192ed2fe\">FERN\u00c1NDEZ HIGUERO, Atenea. 2016. \u00abLa escena espa\u00f1ola en el Par\u00eds ocupado (1940-1944): acomodamientos y resiliencias\u00bb. En: <em>Arts &amp; fronti\u00e8res. Espagne &amp; France XXe si\u00e8cle, <\/em>A. M. Mora Luna, P. Ord\u00f3\u00f1ez Eslava y F. Soulages (eds.). Par\u00eds: L\u00b4Harmattan, pp. 171-199. &nbsp;ISBN: 978-2-343-09448-9.<\/li>\n\n\n\n<li class=\"has-contrast-2-color has-text-color has-link-color has-heading-font-family has-medium-font-size wp-elements-01d7d20b30cb58b094f064226d4df0bc\">FERN\u00c1NDEZ HIGUERO, Atenea. 2015. \u00abProletarias de la escena: las artistas de variedades y la Junta de Espect\u00e1culos de Madrid (1937)\u00bb. En: <em>Actas del Congreso Posguerras. 75 aniversario del fin de la Guerra Civil espa\u00f1ola<\/em> [CD adjunto]. Madrid: Editorial Pablo Iglesias. ISBN: 978-84-95886-69-9, 8495886693. <\/li>\n\n\n\n<li class=\"has-contrast-2-color has-text-color has-link-color has-heading-font-family has-medium-font-size wp-elements-85b99881ed36ec376aae12723089d8e1\">FERN\u00c1NDEZ HIGUERO, Atenea. 2015. \u00abCatalanes en Madrid: la danza tradicional como embajada de la Generalitat en el primer aniversario de la resistencia (noviembre de 1937)\u00bb. En: <em>Danza, educaci\u00f3n e investigaci\u00f3n. Pasado y presente, <\/em>J. L. Chinchilla Minguet y A. M.\u00aa D\u00edaz Olaya (coords.). Archidona (M\u00e1laga): Aljibe, pp. 319-333. \u00a0ISBN: 978-84-9700-803-7.<\/li>\n<\/ul>\n","protected":false},"excerpt":{"rendered":"<p>ATENEA FERN\u00c1NDEZ HIGUERO<\/p>\n","protected":false},"author":1,"featured_media":0,"parent":218,"menu_order":0,"comment_status":"closed","ping_status":"closed","template":"","meta":{"footnotes":""},"class_list":["post-436","page","type-page","status-publish","hentry"],"_links":{"self":[{"href":"https:\/\/www.unioviedo.es\/ballet-esp\/index.php\/wp-json\/wp\/v2\/pages\/436","targetHints":{"allow":["GET"]}}],"collection":[{"href":"https:\/\/www.unioviedo.es\/ballet-esp\/index.php\/wp-json\/wp\/v2\/pages"}],"about":[{"href":"https:\/\/www.unioviedo.es\/ballet-esp\/index.php\/wp-json\/wp\/v2\/types\/page"}],"author":[{"embeddable":true,"href":"https:\/\/www.unioviedo.es\/ballet-esp\/index.php\/wp-json\/wp\/v2\/users\/1"}],"replies":[{"embeddable":true,"href":"https:\/\/www.unioviedo.es\/ballet-esp\/index.php\/wp-json\/wp\/v2\/comments?post=436"}],"version-history":[{"count":3,"href":"https:\/\/www.unioviedo.es\/ballet-esp\/index.php\/wp-json\/wp\/v2\/pages\/436\/revisions"}],"predecessor-version":[{"id":628,"href":"https:\/\/www.unioviedo.es\/ballet-esp\/index.php\/wp-json\/wp\/v2\/pages\/436\/revisions\/628"}],"up":[{"embeddable":true,"href":"https:\/\/www.unioviedo.es\/ballet-esp\/index.php\/wp-json\/wp\/v2\/pages\/218"}],"wp:attachment":[{"href":"https:\/\/www.unioviedo.es\/ballet-esp\/index.php\/wp-json\/wp\/v2\/media?parent=436"}],"curies":[{"name":"wp","href":"https:\/\/api.w.org\/{rel}","templated":true}]}}