{"id":90,"date":"2019-05-16T14:18:11","date_gmt":"2019-05-16T12:18:11","guid":{"rendered":"https:\/\/www.unioviedo.es\/TBR\/catedraIPA\/?page_id=90"},"modified":"2019-11-07T09:08:47","modified_gmt":"2019-11-07T08:08:47","slug":"cursos-master-propios","status":"publish","type":"page","link":"https:\/\/www.unioviedo.es\/catedraIPA\/cursos-master-propios\/","title":{"rendered":"Cursos Master Propios"},"content":{"rendered":"\n<h3>M\u00e1ster en Gesti\u00f3n y Desarrollo de la Industria Alimentaria (MGyDIA)<\/h3>\n\n\n\n<div class=\"wp-block-image\"><figure class=\"alignleft is-resized\"><img decoding=\"async\" loading=\"lazy\" src=\"https:\/\/www.unioviedo.es\/TBR\/catedraIPA\/wp-content\/uploads\/2019\/11\/logo_mgydia.jpg\" alt=\"\" class=\"wp-image-571\" width=\"299\" height=\"86\" srcset=\"https:\/\/www.unioviedo.es\/catedraIPA\/wp-content\/uploads\/2019\/11\/logo_mgydia.jpg 347w, https:\/\/www.unioviedo.es\/catedraIPA\/wp-content\/uploads\/2019\/11\/logo_mgydia-300x86.jpg 300w\" sizes=\"(max-width: 299px) 100vw, 299px\" \/><\/figure><\/div>\n\n\n\n<p>El sector alimentario es uno de los sectores m\u00e1s importantes econ\u00f3micamente y en el que se est\u00e1n produciendo cambios muy importantes en la concepci\u00f3n y aplicaci\u00f3n de nuevos desarrollos cient\u00edficos y tecnol\u00f3gicos procedentes de diversos campos. Los retos de este desarrollo cient\u00edfico y tecnol\u00f3gico, en el sector alimentario, son algunos de los m\u00e1s importantes de todos los sectores industriales. Se precisa, por ello, la incentivaci\u00f3n de la investigaci\u00f3n en campos tan diversos como la ingenier\u00eda, la nutrici\u00f3n y bioqu\u00edmica, la econom\u00eda o aspectos de tipo legal.<\/p>\n\n\n\n<p><a href=\"https:\/\/www.unioviedo.es\/MGYDIA\/\">Ver web<\/a><br><\/p>\n","protected":false},"excerpt":{"rendered":"<p>M\u00e1ster en Gesti\u00f3n y Desarrollo de la Industria Alimentaria (MGyDIA) El sector alimentario es uno de los sectores m\u00e1s importantes econ\u00f3micamente y en el que se est\u00e1n produciendo cambios muy importantes en la concepci\u00f3n y aplicaci\u00f3n de nuevos desarrollos cient\u00edficos y tecnol\u00f3gicos procedentes de diversos campos. Los retos de este desarrollo cient\u00edfico y tecnol\u00f3gico, en [&hellip;]<\/p>\n","protected":false},"author":1,"featured_media":33,"parent":0,"menu_order":0,"comment_status":"closed","ping_status":"closed","template":"","meta":[],"_links":{"self":[{"href":"https:\/\/www.unioviedo.es\/catedraIPA\/wp-json\/wp\/v2\/pages\/90"}],"collection":[{"href":"https:\/\/www.unioviedo.es\/catedraIPA\/wp-json\/wp\/v2\/pages"}],"about":[{"href":"https:\/\/www.unioviedo.es\/catedraIPA\/wp-json\/wp\/v2\/types\/page"}],"author":[{"embeddable":true,"href":"https:\/\/www.unioviedo.es\/catedraIPA\/wp-json\/wp\/v2\/users\/1"}],"replies":[{"embeddable":true,"href":"https:\/\/www.unioviedo.es\/catedraIPA\/wp-json\/wp\/v2\/comments?post=90"}],"version-history":[{"count":2,"href":"https:\/\/www.unioviedo.es\/catedraIPA\/wp-json\/wp\/v2\/pages\/90\/revisions"}],"predecessor-version":[{"id":572,"href":"https:\/\/www.unioviedo.es\/catedraIPA\/wp-json\/wp\/v2\/pages\/90\/revisions\/572"}],"wp:featuredmedia":[{"embeddable":true,"href":"https:\/\/www.unioviedo.es\/catedraIPA\/wp-json\/wp\/v2\/media\/33"}],"wp:attachment":[{"href":"https:\/\/www.unioviedo.es\/catedraIPA\/wp-json\/wp\/v2\/media?parent=90"}],"curies":[{"name":"wp","href":"https:\/\/api.w.org\/{rel}","templated":true}]}}