{"id":618,"date":"2021-12-20T10:26:01","date_gmt":"2021-12-20T09:26:01","guid":{"rendered":"https:\/\/www.unioviedo.es\/catedradeemprendimiento\/index.php\/brite\/"},"modified":"2024-09-24T16:10:20","modified_gmt":"2024-09-24T14:10:20","slug":"brite","status":"publish","type":"page","link":"https:\/\/www.unioviedo.es\/catedradeemprendimiento\/","title":{"rendered":"Front Page"},"content":{"rendered":"<div data-colibri-id=\"618-c1\" class=\"style-190 style-local-618-c1 position-relative\">\n  <!---->\n  <div data-colibri-component=\"section\" data-colibri-id=\"618-c2\" id=\"custom\" class=\"h-section h-section-global-spacing d-flex align-items-lg-center align-items-md-center align-items-center style-240 style-local-618-c2 position-relative\">\n    <!---->\n    <!---->\n    <div class=\"h-section-grid-container h-section-fluid-container\">\n      <!---->\n      <div data-colibri-id=\"618-c3\" class=\"h-row-container gutters-row-lg-2 gutters-row-md-2 gutters-row-0 gutters-row-v-lg-2 gutters-row-v-md-2 gutters-row-v-2 style-241 style-local-618-c3 position-relative\">\n        <!---->\n        <div class=\"h-row justify-content-lg-center justify-content-md-center justify-content-center align-items-lg-stretch align-items-md-stretch align-items-stretch gutters-col-lg-2 gutters-col-md-2 gutters-col-0 gutters-col-v-lg-2 gutters-col-v-md-2 gutters-col-v-2\">\n          <!---->\n          <div class=\"h-column h-column-container d-flex h-col-lg-auto h-col-md-auto h-col-auto style-242-outer style-local-618-c4-outer\">\n            <div data-colibri-id=\"618-c4\" class=\"d-flex h-flex-basis h-column__inner h-px-lg-2 h-px-md-2 h-px-2 v-inner-lg-2 v-inner-md-2 v-inner-2 style-242 style-local-618-c4 position-relative\">\n              <!---->\n              <!---->\n              <div class=\"w-100 h-y-container h-column__content h-column__v-align flex-basis-100 align-self-lg-start align-self-md-start align-self-start\">\n                <!---->\n                <div data-colibri-id=\"618-c5\" class=\"h-text h-text-component style-243 style-local-618-c5 position-relative h-element\">\n                  <!---->\n                  <!---->\n                  <div class=\"\">\n                    <p>En colaboraci\u00f3n con<\/p>\n                  <\/div>\n                <\/div>\n              <\/div>\n            <\/div>\n          <\/div>\n        <\/div>\n      <\/div>\n    <\/div>\n  <\/div>\n  <div data-colibri-component=\"section\" data-colibri-id=\"618-c6\" id=\"overlappable\" class=\"h-section h-section-global-spacing d-flex align-items-lg-start align-items-md-start align-items-start style-244 style-local-618-c6 position-relative\">\n    <!---->\n    <!---->\n    <div class=\"h-section-grid-container h-section-boxed-container\">\n      <!---->\n      <div data-colibri-id=\"618-c7\" class=\"h-row-container gutters-row-lg-1 gutters-row-md-0 gutters-row-2 gutters-row-v-lg-1 gutters-row-v-md-0 gutters-row-v-1 style-245 style-local-618-c7 position-relative\">\n        <!---->\n        <div class=\"h-row justify-content-lg-center justify-content-md-center justify-content-center align-items-lg-stretch align-items-md-stretch align-items-stretch gutters-col-lg-1 gutters-col-md-0 gutters-col-2 gutters-col-v-lg-1 gutters-col-v-md-0 gutters-col-v-1\">\n          <!---->\n          <div class=\"h-column h-column-container d-flex h-col-lg-6 h-col-md-6 h-col-12 style-246-outer style-local-618-c8-outer\">\n            <div data-colibri-id=\"618-c8\" class=\"d-flex h-flex-basis h-column__inner h-px-lg-2 h-px-md-3 h-px-2 v-inner-lg-0 v-inner-md-3 v-inner-2 style-246 style-local-618-c8 position-relative\">\n              <!---->\n              <!---->\n              <div class=\"w-100 h-y-container h-column__content h-column__v-align flex-basis-100 align-self-lg-start align-self-md-start align-self-start\">\n                <!---->\n                <div data-colibri-id=\"618-c9\" class=\"d-block style-250 style-local-618-c9 position-relative h-element\">\n                  <!---->\n                  <div class=\"h-image__frame-container-outer\">\n                    <div class=\"h-image__frame-container\">\n                      <!---->\n                      <!---->\n                      <img loading=\"lazy\" decoding=\"async\" width=\"1080\" height=\"901\" src=\"https:\/\/www.unioviedo.es\/catedradeemprendimiento\/wp-content\/uploads\/2024\/09\/cropped-cropped-imagen.jpeg\" class=\"wp-image-1626 style-250-image style-local-618-c9-image\" alt=\"\" srcset=\"https:\/\/www.unioviedo.es\/catedradeemprendimiento\/wp-content\/uploads\/2024\/09\/cropped-cropped-imagen.jpeg 1080w, https:\/\/www.unioviedo.es\/catedradeemprendimiento\/wp-content\/uploads\/2024\/09\/cropped-cropped-imagen-300x250.jpeg 300w, https:\/\/www.unioviedo.es\/catedradeemprendimiento\/wp-content\/uploads\/2024\/09\/cropped-cropped-imagen-1024x854.jpeg 1024w, https:\/\/www.unioviedo.es\/catedradeemprendimiento\/wp-content\/uploads\/2024\/09\/cropped-cropped-imagen-768x641.jpeg 768w\" sizes=\"auto, (max-width: 1080px) 100vw, 1080px\" \/>\n                      <div class=\"h-image__frame h-hide-lg h-hide-md h-hide-sm style-250-frameImage style-local-618-c9-frameImage\"><\/div>\n                    <\/div>\n                  <\/div>\n                <\/div>\n              <\/div>\n            <\/div>\n          <\/div>\n          <div class=\"h-column h-column-container d-flex h-col-lg-6 h-col-md-6 h-col-12 style-246-outer style-local-618-c10-outer\">\n            <div data-colibri-id=\"618-c10\" class=\"d-flex h-flex-basis h-column__inner h-px-lg-2 h-px-md-3 h-px-2 v-inner-lg-0 v-inner-md-3 v-inner-2 style-246 style-local-618-c10 position-relative\">\n              <!---->\n              <!---->\n              <div class=\"w-100 h-y-container h-column__content h-column__v-align flex-basis-100 align-self-lg-start align-self-md-start align-self-start\">\n                <!---->\n                <div data-colibri-id=\"618-c11\" class=\"d-block style-251 style-local-618-c11 position-relative h-element\">\n                  <!---->\n                  <div class=\"h-image__frame-container-outer\">\n                    <a href=\"https:\/\/www.uniovi.es\/\" h-use-smooth-scroll=\"true\" class=\"image-link\">\n                      <div class=\"h-image__frame-container\">\n                        <!---->\n                        <!---->\n                        <img loading=\"lazy\" decoding=\"async\" width=\"187\" height=\"150\" src=\"https:\/\/www.unioviedo.es\/catedradeemprendimiento\/wp-content\/uploads\/2021\/12\/cropped-Logo-Universidad-de-Oviedo-bn_centrado.png\" class=\"wp-image-1248 style-251-image style-local-618-c11-image\" alt=\"\" \/>\n                        <div class=\"h-image__frame h-hide-lg h-hide-md h-hide-sm style-251-frameImage style-local-618-c11-frameImage\"><\/div>\n                      <\/div>\n                    <\/a>\n                  <\/div>\n                <\/div>\n              <\/div>\n            <\/div>\n          <\/div>\n        <\/div>\n      <\/div>\n    <\/div>\n  <\/div>\n  <div data-colibri-component=\"section\" data-colibri-id=\"618-c16\" id=\"content\" class=\"h-section h-section-global-spacing d-flex align-items-lg-center align-items-md-center align-items-center style-704 style-local-618-c16 h-overflow-hidden position-relative\">\n    <!---->\n    <!---->\n    <div class=\"h-section-grid-container h-section-fluid-container\">\n      <!---->\n      <div data-colibri-id=\"618-c17\" class=\"h-row-container gutters-row-lg-0 gutters-row-md-0 gutters-row-2 gutters-row-v-lg-0 gutters-row-v-md-0 gutters-row-v-2 style-705 style-local-618-c17 position-relative\">\n        <!---->\n        <div class=\"h-row justify-content-lg-center justify-content-md-center justify-content-center align-items-lg-stretch align-items-md-stretch align-items-stretch gutters-col-lg-0 gutters-col-md-0 gutters-col-2 gutters-col-v-lg-0 gutters-col-v-md-0 gutters-col-v-2\">\n          <!---->\n          <div class=\"h-column h-column-container d-flex h-col-lg-auto h-col-md-auto h-col-auto style-706-outer style-local-618-c18-outer\">\n            <div data-colibri-id=\"618-c18\" class=\"d-flex h-flex-basis h-column__inner h-ui-empty-state-container h-px-lg-0 h-px-md-0 h-px-0 v-inner-lg-0 v-inner-md-0 v-inner-0 style-706 style-local-618-c18 position-relative\">\n              <!---->\n              <!---->\n              <div class=\"w-100 h-y-container h-column__content h-column__v-align flex-basis-100\">\n                <!---->\n              <\/div>\n            <\/div>\n          <\/div>\n          <div class=\"h-column h-column-container d-flex h-col-lg-auto h-col-md-auto h-col-auto style-707-outer style-local-618-c19-outer\">\n            <div data-colibri-id=\"618-c19\" class=\"d-flex h-flex-basis h-column__inner h-px-lg-0 h-px-md-0 h-px-0 v-inner-lg-0 v-inner-md-0 v-inner-0 style-707 style-local-618-c19 position-relative\">\n              <!---->\n              <!---->\n              <div class=\"w-100 h-y-container h-column__content h-column__v-align flex-basis-100 align-self-lg-start align-self-md-start align-self-start\">\n                <!---->\n                <div data-colibri-id=\"618-c20\" class=\"h-global-transition-all h-heading style-708 style-local-618-c20 position-relative h-element\">\n                  <!---->\n                  <div class=\"h-heading__outer style-708 style-local-618-c20\">\n                    <!---->\n                    <!---->\n                    <h4 class=\"\"><\/h4>\n                  <\/div>\n                <\/div>\n                <div data-colibri-id=\"618-c21\" class=\"h-global-transition-all h-heading style-709 style-local-618-c21 position-relative h-element\">\n                  <!---->\n                  <div class=\"h-heading__outer style-709 style-local-618-c21\">\n                    <!---->\n                    <!---->\n                    <h2 class=\"\">C\u00e1tedra de emprendimiento Fundaci\u00f3n Caja Rural de Asturias-Universidad de Oviedo<\/h2>\n                  <\/div>\n                <\/div>\n                <div data-colibri-id=\"618-c22\" class=\"h-text h-text-component style-710 style-local-618-c22 position-relative h-element\">\n                  <!---->\n                  <!---->\n                  <div class=\"\">\n                    <p>La&nbsp;\n                      <a href=\"https:\/\/www.unioviedo.es\/catedracapgemini\" class=\"customize-unpreviewable\">C\u00e1tedra de Emprendimiento Fundaci\u00f3n Caja Rural de Asturias &#8211; Universidad de Oviedo<\/a>&nbsp;inici\u00f3 su actividad en el a\u00f1o 2017 y ha experimentado diversos cambios en los \u00faltimos a\u00f1os por adversidades personales de los primeros directores.<\/p>\n                    <p>La C\u00e1tedra empieza su andadura bajo la denominaci\u00f3n de C\u00e1tedra de Emprendimiento Caja Rural de Asturias-CAPGEMINI de la Universidad de Oviedo a ra\u00edz de la firma de un convenio de colaboraci\u00f3n con estas dos entidades. Desde esa fecha,\n                      y gracias a la financiaci\u00f3n recibida, se colabora con el Observatorio de Emprendimiento en la elaboraci\u00f3n de los informes GEM nacionales, asumiendo tambi\u00e9n la elaboraci\u00f3n del informe para el Principado de Asturias. Tras el repentino\n                      fallecimiento del primer director de la C\u00e1tedra, el profesor Juan Ventura Victoria, asume la direcci\u00f3n de la C\u00e1tedra y del equipo GEM Asturias, en enero de 2018, la profesora Beatriz Junquera Cimadevilla. Tras una grave y desafortunada\n                      enfermedad de esta, toma el relevo en la direcci\u00f3n el profesor Jes\u00fas del Br\u00edo Gonz\u00e1lez desde abril de 2019 hasta marzo de 2021.&nbsp;Desde esa fecha, y hasta la actualidad, asume la direcci\u00f3n el profesor Manuel Gonz\u00e1lez D\u00edaz.<\/p>\n                    <p>En el a\u00f1o 2023, se renueva el convenio de patrocinio por un cambio, m\u00e1s formal que real, de sponsor, pasando a denominarse C\u00e1tedra de Emprendimiento Fundaci\u00f3n Caja Rural de Asturias &#8211; Universidad de Oviedo.<\/p>\n                    <p>A continuaci\u00f3n, se presentan los integrantes del equipo:<\/p>\n                    <ul>\n                      <li>Manuel Gonz\u00e1lez-D\u00edaz<\/li>\n                      <li>Vanesa Sol\u00eds-<span style=\"font-weight: 400; font-size: 16px; font-family: &quot;Open Sans&quot;; color: rgb(37, 41, 42);\">Rodr\u00edguez<\/span><\/li>\n                      <li>Marta Fern\u00e1ndez-Barcala<\/li>\n                      <li>Susana L\u00f3pez-Bay\u00f3n<\/li>\n                      <li>Mat\u00edas Mayor-Fern\u00e1ndez<\/li>\n                      <li>Irene Mart\u00ednez-L\u00f3pez<\/li>\n                    <\/ul>\n                    <p>\n                      <br>\n                    <\/p>\n                  <\/div>\n                <\/div>\n              <\/div>\n            <\/div>\n          <\/div>\n        <\/div>\n      <\/div>\n    <\/div>\n  <\/div>\n<\/div>","protected":false},"excerpt":{"rendered":"<p>En colaboraci\u00f3n con C\u00e1tedra de emprendimiento Fundaci\u00f3n Caja Rural de Asturias-Universidad de Oviedo La&nbsp; C\u00e1tedra de Emprendimiento Fundaci\u00f3n Caja Rural de Asturias &#8211; Universidad de Oviedo&nbsp;inici\u00f3 su actividad en el a\u00f1o 2017 y ha experimentado diversos cambios en los \u00faltimos a\u00f1os por adversidades personales de los primeros directores. La C\u00e1tedra empieza su andadura bajo la [&hellip;]<\/p>\n","protected":false},"author":1,"featured_media":0,"parent":0,"menu_order":0,"comment_status":"closed","ping_status":"closed","template":"page-templates\/homepage.php","meta":{"footnotes":""},"class_list":["post-618","page","type-page","status-publish","hentry"],"_links":{"self":[{"href":"https:\/\/www.unioviedo.es\/catedradeemprendimiento\/index.php\/wp-json\/wp\/v2\/pages\/618","targetHints":{"allow":["GET"]}}],"collection":[{"href":"https:\/\/www.unioviedo.es\/catedradeemprendimiento\/index.php\/wp-json\/wp\/v2\/pages"}],"about":[{"href":"https:\/\/www.unioviedo.es\/catedradeemprendimiento\/index.php\/wp-json\/wp\/v2\/types\/page"}],"author":[{"embeddable":true,"href":"https:\/\/www.unioviedo.es\/catedradeemprendimiento\/index.php\/wp-json\/wp\/v2\/users\/1"}],"replies":[{"embeddable":true,"href":"https:\/\/www.unioviedo.es\/catedradeemprendimiento\/index.php\/wp-json\/wp\/v2\/comments?post=618"}],"version-history":[{"count":20,"href":"https:\/\/www.unioviedo.es\/catedradeemprendimiento\/index.php\/wp-json\/wp\/v2\/pages\/618\/revisions"}],"predecessor-version":[{"id":1670,"href":"https:\/\/www.unioviedo.es\/catedradeemprendimiento\/index.php\/wp-json\/wp\/v2\/pages\/618\/revisions\/1670"}],"wp:attachment":[{"href":"https:\/\/www.unioviedo.es\/catedradeemprendimiento\/index.php\/wp-json\/wp\/v2\/media?parent=618"}],"curies":[{"name":"wp","href":"https:\/\/api.w.org\/{rel}","templated":true}]}}