{"id":5,"date":"2017-01-27T18:01:56","date_gmt":"2017-01-27T18:01:56","guid":{"rendered":"https:\/\/www.unioviedo.es\/catedrasidra\/?page_id=5"},"modified":"2021-03-16T16:07:30","modified_gmt":"2021-03-16T15:07:30","slug":"acerca-de","status":"publish","type":"page","link":"https:\/\/www.unioviedo.es\/catedrasidra\/index.php\/acerca-de\/","title":{"rendered":"Qui\u00e9nes somos"},"content":{"rendered":"<p>La C\u00e1tedra Universitaria Sidra de Asturias nace con el prop\u00f3sito de dar respuesta a la necesidad de intensificar y coordinar las relaciones entre el \u00e1mbito acad\u00e9mico, el mundo empresarial y las instituciones, potenciando de este modo las actuaciones de difusi\u00f3n cient\u00edfico-cultural, transferencia de conocimiento y formaci\u00f3n en todos aquellos aspectos relacionados con la elaboraci\u00f3n, promoci\u00f3n y consumo de la bebida aut\u00f3ctona; estableci\u00e9ndose como uno de los prop\u00f3sitos esenciales del organismo el aprovechamiento del conocimiento generado por la Universidad de Oviedo.<\/p>\n<p>Otro de los objetivos b\u00e1sicos de la c\u00e1tedra residir\u00e1 en intentar erigirse en una plataforma multi e interdisciplinar desde la que poder abordar todos los campos de conocimiento en los que la sidra posee, en una u otra forma, una presencia destacada. No se debe obviar en este sentido que la producci\u00f3n sidrera, y la cultura asociada a \u00e9sta y a su consumo, se han configurado como unos de los sectores agroalimentarios y de ocio m\u00e1s din\u00e1micos de la regi\u00f3n. Constituir\u00e1 la creaci\u00f3n de la entidad, pues, un s\u00f3lido estimulo a la creaci\u00f3n de v\u00ednculos entre los estudios superiores y la realidad sectorial.<\/p>\n<p>De este modo, en torno a la c\u00e1tedra se reunir\u00e1n investigadores provenientes de disciplinas diversas como la econom\u00eda, las ciencias biosanitarias, la geolog\u00eda, las humanidades y las ciencias sociales, la agronom\u00eda o el turismo y la gastronom\u00eda.<\/p>\n","protected":false},"excerpt":{"rendered":"<p>La C\u00e1tedra Universitaria Sidra de Asturias nace con el prop\u00f3sito de dar respuesta a la necesidad de intensificar y coordinar las relaciones entre el \u00e1mbito acad\u00e9mico, el mundo empresarial y las instituciones, potenciando de este modo las actuaciones de difusi\u00f3n cient\u00edfico-cultural, transferencia de conocimiento y formaci\u00f3n en todos aquellos aspectos relacionados con la elaboraci\u00f3n, promoci\u00f3n &hellip; <\/p>\n<p class=\"link-more\"><a href=\"https:\/\/www.unioviedo.es\/catedrasidra\/index.php\/acerca-de\/\" class=\"more-link\">Continuar leyendo<span class=\"screen-reader-text\"> \u00abQui\u00e9nes somos\u00bb<\/span><\/a><\/p>\n","protected":false},"author":1,"featured_media":0,"parent":0,"menu_order":0,"comment_status":"closed","ping_status":"closed","template":"","meta":{"footnotes":""},"class_list":["post-5","page","type-page","status-publish","hentry"],"_links":{"self":[{"href":"https:\/\/www.unioviedo.es\/catedrasidra\/index.php\/wp-json\/wp\/v2\/pages\/5","targetHints":{"allow":["GET"]}}],"collection":[{"href":"https:\/\/www.unioviedo.es\/catedrasidra\/index.php\/wp-json\/wp\/v2\/pages"}],"about":[{"href":"https:\/\/www.unioviedo.es\/catedrasidra\/index.php\/wp-json\/wp\/v2\/types\/page"}],"author":[{"embeddable":true,"href":"https:\/\/www.unioviedo.es\/catedrasidra\/index.php\/wp-json\/wp\/v2\/users\/1"}],"replies":[{"embeddable":true,"href":"https:\/\/www.unioviedo.es\/catedrasidra\/index.php\/wp-json\/wp\/v2\/comments?post=5"}],"version-history":[{"count":5,"href":"https:\/\/www.unioviedo.es\/catedrasidra\/index.php\/wp-json\/wp\/v2\/pages\/5\/revisions"}],"predecessor-version":[{"id":116,"href":"https:\/\/www.unioviedo.es\/catedrasidra\/index.php\/wp-json\/wp\/v2\/pages\/5\/revisions\/116"}],"wp:attachment":[{"href":"https:\/\/www.unioviedo.es\/catedrasidra\/index.php\/wp-json\/wp\/v2\/media?parent=5"}],"curies":[{"name":"wp","href":"https:\/\/api.w.org\/{rel}","templated":true}]}}