{"id":64,"date":"2017-01-30T13:41:35","date_gmt":"2017-01-30T13:41:35","guid":{"rendered":"https:\/\/www.unioviedo.es\/catedrasidra\/?page_id=64"},"modified":"2022-02-09T16:55:04","modified_gmt":"2022-02-09T15:55:04","slug":"recursos-humanos","status":"publish","type":"page","link":"https:\/\/www.unioviedo.es\/catedrasidra\/index.php\/acerca-de\/recursos-humanos\/","title":{"rendered":"Recursos Humanos"},"content":{"rendered":"<p>La C\u00e1tedra Universitaria Sidra de Asturias nace con el prop\u00f3sito de dar respuesta a la necesidad de intensificar y coordinar las relaciones entre el \u00e1mbito acad\u00e9mico, el mundo empresarial y las instituciones, potenciando de este modo las actuaciones de difusi\u00f3n cient\u00edfico-cultural, transferencia de conocimiento y formaci\u00f3n en todos aquellos aspectos relacionados con la elaboraci\u00f3n, promoci\u00f3n y consumo de la bebida aut\u00f3ctona; estableci\u00e9ndose como uno de los prop\u00f3sitos esenciales del organismo el aprovechamiento del conocimiento generado por la Universidad de Oviedo.<\/p>\n","protected":false},"excerpt":{"rendered":"<p>La C\u00e1tedra Universitaria Sidra de Asturias nace con el prop\u00f3sito de dar respuesta a la necesidad de intensificar y coordinar las relaciones entre el \u00e1mbito acad\u00e9mico, el mundo empresarial y las instituciones, potenciando de este modo las actuaciones de difusi\u00f3n cient\u00edfico-cultural, transferencia de conocimiento y formaci\u00f3n en todos aquellos aspectos relacionados con la elaboraci\u00f3n, promoci\u00f3n &hellip; <\/p>\n<p class=\"link-more\"><a href=\"https:\/\/www.unioviedo.es\/catedrasidra\/index.php\/acerca-de\/recursos-humanos\/\" class=\"more-link\">Continuar leyendo<span class=\"screen-reader-text\"> \u00abRecursos Humanos\u00bb<\/span><\/a><\/p>\n","protected":false},"author":1,"featured_media":0,"parent":5,"menu_order":0,"comment_status":"closed","ping_status":"closed","template":"","meta":{"footnotes":""},"class_list":["post-64","page","type-page","status-publish","hentry"],"_links":{"self":[{"href":"https:\/\/www.unioviedo.es\/catedrasidra\/index.php\/wp-json\/wp\/v2\/pages\/64","targetHints":{"allow":["GET"]}}],"collection":[{"href":"https:\/\/www.unioviedo.es\/catedrasidra\/index.php\/wp-json\/wp\/v2\/pages"}],"about":[{"href":"https:\/\/www.unioviedo.es\/catedrasidra\/index.php\/wp-json\/wp\/v2\/types\/page"}],"author":[{"embeddable":true,"href":"https:\/\/www.unioviedo.es\/catedrasidra\/index.php\/wp-json\/wp\/v2\/users\/1"}],"replies":[{"embeddable":true,"href":"https:\/\/www.unioviedo.es\/catedrasidra\/index.php\/wp-json\/wp\/v2\/comments?post=64"}],"version-history":[{"count":4,"href":"https:\/\/www.unioviedo.es\/catedrasidra\/index.php\/wp-json\/wp\/v2\/pages\/64\/revisions"}],"predecessor-version":[{"id":187,"href":"https:\/\/www.unioviedo.es\/catedrasidra\/index.php\/wp-json\/wp\/v2\/pages\/64\/revisions\/187"}],"up":[{"embeddable":true,"href":"https:\/\/www.unioviedo.es\/catedrasidra\/index.php\/wp-json\/wp\/v2\/pages\/5"}],"wp:attachment":[{"href":"https:\/\/www.unioviedo.es\/catedrasidra\/index.php\/wp-json\/wp\/v2\/media?parent=64"}],"curies":[{"name":"wp","href":"https:\/\/api.w.org\/{rel}","templated":true}]}}