{"id":37,"date":"2023-02-14T15:33:08","date_gmt":"2023-02-14T15:33:08","guid":{"rendered":"https:\/\/www.unioviedo.es\/cecodet\/?page_id=37"},"modified":"2025-01-15T10:46:47","modified_gmt":"2025-01-15T10:46:47","slug":"equipo","status":"publish","type":"page","link":"https:\/\/www.unioviedo.es\/cecodet\/index.php\/equipo\/","title":{"rendered":"Equipo"},"content":{"rendered":"\n<p><\/p>\n\n\n\n<p><strong>DIRECCI\u00d3N<\/strong><\/p>\n\n\n\n<p>Presidente del Patronato: <strong>Ignacio Villaverde Men\u00e9ndez<\/strong>, rector de la Universidad de Oviedo<\/p>\n\n\n\n<p>Director: <strong><a rel=\"noreferrer noopener\" href=\"https:\/\/geografia.uniovi.es\/personal\/pdi\/-\/asset_publisher\/0010\/content\/rodriguez-gutierrez-fermin?redirect=%2Fpersonal%2Fpdi\" target=\"_blank\">Ferm\u00edn Rodr\u00edguez Guti\u00e9rrez<\/a><\/strong><\/p>\n\n\n\n<p>Subdirector: <strong><a href=\"https:\/\/portalinvestigacion.uniovi.es\/investigadores\/219153\/detalle\">Jos\u00e9 Luis Garc\u00eda Su\u00e1rez<\/a><\/strong><\/p>\n\n\n\n<p>Secretario: <strong>Benjam\u00edn Gonz\u00e1lez D\u00edaz<\/strong><\/p>\n\n\n\n<p><\/p>\n\n\n\n<p><\/p>\n","protected":false},"excerpt":{"rendered":"<p>DIRECCI\u00d3N Presidente del Patronato: Ignacio Villaverde Men\u00e9ndez, rector de la Universidad de Oviedo Director: Ferm\u00edn Rodr\u00edguez Guti\u00e9rrez Subdirector: Jos\u00e9 Luis Garc\u00eda Su\u00e1rez Secretario: Benjam\u00edn Gonz\u00e1lez D\u00edaz<\/p>\n","protected":false},"author":1,"featured_media":0,"parent":0,"menu_order":0,"comment_status":"closed","ping_status":"closed","template":"","meta":{"footnotes":""},"class_list":["post-37","page","type-page","status-publish","hentry"],"_links":{"self":[{"href":"https:\/\/www.unioviedo.es\/cecodet\/index.php\/wp-json\/wp\/v2\/pages\/37","targetHints":{"allow":["GET"]}}],"collection":[{"href":"https:\/\/www.unioviedo.es\/cecodet\/index.php\/wp-json\/wp\/v2\/pages"}],"about":[{"href":"https:\/\/www.unioviedo.es\/cecodet\/index.php\/wp-json\/wp\/v2\/types\/page"}],"author":[{"embeddable":true,"href":"https:\/\/www.unioviedo.es\/cecodet\/index.php\/wp-json\/wp\/v2\/users\/1"}],"replies":[{"embeddable":true,"href":"https:\/\/www.unioviedo.es\/cecodet\/index.php\/wp-json\/wp\/v2\/comments?post=37"}],"version-history":[{"count":12,"href":"https:\/\/www.unioviedo.es\/cecodet\/index.php\/wp-json\/wp\/v2\/pages\/37\/revisions"}],"predecessor-version":[{"id":501,"href":"https:\/\/www.unioviedo.es\/cecodet\/index.php\/wp-json\/wp\/v2\/pages\/37\/revisions\/501"}],"wp:attachment":[{"href":"https:\/\/www.unioviedo.es\/cecodet\/index.php\/wp-json\/wp\/v2\/media?parent=37"}],"curies":[{"name":"wp","href":"https:\/\/api.w.org\/{rel}","templated":true}]}}