{"id":416,"date":"2024-07-18T13:35:54","date_gmt":"2024-07-18T13:35:54","guid":{"rendered":"https:\/\/www.unioviedo.es\/cecodet\/?page_id=416"},"modified":"2024-07-18T13:57:57","modified_gmt":"2024-07-18T13:57:57","slug":"media","status":"publish","type":"page","link":"https:\/\/www.unioviedo.es\/cecodet\/index.php\/media\/","title":{"rendered":"Medios"},"content":{"rendered":"\n<p>En esta p\u00e1gina se muestran noticias sobre CeCodet en diferentes medios.<\/p>\n\n\n\n<p>13\/7\/2024 <strong>Generador de autoconciencia<\/strong>: <a href=\"https:\/\/www.elcomercio.es\/asturias\/generador-autoconciencia-20240713222817-nt.html\">https:\/\/www.elcomercio.es\/asturias\/generador-autoconciencia-20240713222817-nt.html<\/a><\/p>\n\n\n\n<p>3\/7\/2024 <strong>El Campamento Geogr\u00e1fico Sela recorre el macizo de Ubi\u00f1a a pie<\/strong>: <a href=\"https:\/\/www.elcomercio.es\/area-metropolitana-asturias\/cuencas\/campamento-geografico-sela-recorre-macizo-ubina-pie-20240703223101-nt.html\">https:\/\/www.elcomercio.es\/area-metropolitana-asturias\/cuencas\/campamento-geografico-sela-recorre-macizo-ubina-pie-20240703223101-nt.html<\/a><\/p>\n\n\n\n<p>13\/6\/2024 <strong>Homenaje del CeCodet al ge\u00f3grafo Rafael Men\u00e9ndez:<\/strong> <a href=\"https:\/\/www.lne.es\/cuencas\/2024\/06\/13\/homenaje-cecodet-geografo-rafael-menendez-103686612.html\">https:\/\/www.lne.es\/cuencas\/2024\/06\/13\/homenaje-cecodet-geografo-rafael-menendez-103686612.html<\/a><\/p>\n\n\n\n<p>12\/6\/2024 <strong>Asturias al d\u00eda<\/strong>: <a href=\"https:\/\/www.rtpa.es\/video:Asturias%20al%20dia_551718821284.html\">https:\/\/www.rtpa.es\/video:Asturias%20al%20dia_551718821284.html<\/a><\/p>\n\n\n\n<p>16\/1\/2024 <strong>El Oviedo de los 70 era m\u00e1s din\u00e1mico que el actual, seg\u00fan un estudio del CeCodet<\/strong>: <a href=\"https:\/\/www.lne.es\/oviedo\/2024\/01\/16\/oviedo-70-dinamico-actual-estudio-96945902.html\">https:\/\/www.lne.es\/oviedo\/2024\/01\/16\/oviedo-70-dinamico-actual-estudio-96945902.html<\/a><\/p>\n\n\n\n<p>26\/11\/2023 <strong>La rampa y la variante de Pajares:<\/strong> <a href=\"https:\/\/www.lavozdeasturias.es\/noticia\/opinion\/2023\/11\/22\/rampa-variante\/00031700652092424750873.htm\">https:\/\/www.lavozdeasturias.es\/noticia\/opinion\/2023\/11\/22\/rampa-variante\/00031700652092424750873.htm<\/a><\/p>\n\n\n\n<p>5\/5\/2023 <strong>Cuatro d\u00edas de marcha y convivencia por Pajares<\/strong>: <a href=\"https:\/\/www.elcomercio.es\/asturias\/universidad\/cuatro-dias-marcha-convivencia-pajares-20230505211920-nt.html\">https:\/\/www.elcomercio.es\/asturias\/universidad\/cuatro-dias-marcha-convivencia-pajares-20230505211920-nt.html<\/a><\/p>\n\n\n\n<p>5\/7\/2022 <strong>Universidad y militares \u00abpisan el terreno\u00bb con una excursi\u00f3n geogr\u00e1fica por los Picos:<\/strong> <a href=\"https:\/\/www.elcomercio.es\/asturias\/oriente\/universidad-militares-excursion-picos-benia-20220705002133-ntvo.html\">https:\/\/www.elcomercio.es\/asturias\/oriente\/universidad-militares-excursion-picos-benia-20220705002133-ntvo.html<\/a><\/p>\n\n\n\n<p><\/p>\n\n\n\n<p><\/p>\n\n\n\n<p><\/p>\n","protected":false},"excerpt":{"rendered":"<p>En esta p\u00e1gina se muestran noticias sobre CeCodet en diferentes medios. 13\/7\/2024 Generador de autoconciencia: https:\/\/www.elcomercio.es\/asturias\/generador-autoconciencia-20240713222817-nt.html 3\/7\/2024 El Campamento Geogr\u00e1fico Sela recorre el macizo de Ubi\u00f1a a pie: https:\/\/www.elcomercio.es\/area-metropolitana-asturias\/cuencas\/campamento-geografico-sela-recorre-macizo-ubina-pie-20240703223101-nt.html 13\/6\/2024 Homenaje del CeCodet al ge\u00f3grafo Rafael Men\u00e9ndez: https:\/\/www.lne.es\/cuencas\/2024\/06\/13\/homenaje-cecodet-geografo-rafael-menendez-103686612.html 12\/6\/2024 Asturias al d\u00eda: https:\/\/www.rtpa.es\/video:Asturias%20al%20dia_551718821284.html 16\/1\/2024 El Oviedo de los 70 era m\u00e1s din\u00e1mico que el actual, &hellip; <\/p>\n<p class=\"link-more\"><a href=\"https:\/\/www.unioviedo.es\/cecodet\/index.php\/media\/\" class=\"more-link\">Continuar leyendo<span class=\"screen-reader-text\"> \u00abMedios\u00bb<\/span><\/a><\/p>\n","protected":false},"author":1,"featured_media":0,"parent":0,"menu_order":0,"comment_status":"closed","ping_status":"closed","template":"","meta":{"footnotes":""},"class_list":["post-416","page","type-page","status-publish","hentry"],"_links":{"self":[{"href":"https:\/\/www.unioviedo.es\/cecodet\/index.php\/wp-json\/wp\/v2\/pages\/416","targetHints":{"allow":["GET"]}}],"collection":[{"href":"https:\/\/www.unioviedo.es\/cecodet\/index.php\/wp-json\/wp\/v2\/pages"}],"about":[{"href":"https:\/\/www.unioviedo.es\/cecodet\/index.php\/wp-json\/wp\/v2\/types\/page"}],"author":[{"embeddable":true,"href":"https:\/\/www.unioviedo.es\/cecodet\/index.php\/wp-json\/wp\/v2\/users\/1"}],"replies":[{"embeddable":true,"href":"https:\/\/www.unioviedo.es\/cecodet\/index.php\/wp-json\/wp\/v2\/comments?post=416"}],"version-history":[{"count":6,"href":"https:\/\/www.unioviedo.es\/cecodet\/index.php\/wp-json\/wp\/v2\/pages\/416\/revisions"}],"predecessor-version":[{"id":424,"href":"https:\/\/www.unioviedo.es\/cecodet\/index.php\/wp-json\/wp\/v2\/pages\/416\/revisions\/424"}],"wp:attachment":[{"href":"https:\/\/www.unioviedo.es\/cecodet\/index.php\/wp-json\/wp\/v2\/media?parent=416"}],"curies":[{"name":"wp","href":"https:\/\/api.w.org\/{rel}","templated":true}]}}