{"id":14874,"date":"2025-08-01T00:26:38","date_gmt":"2025-08-01T00:26:38","guid":{"rendered":"https:\/\/www.unioviedo.es\/cestudiantes\/?page_id=14874"},"modified":"2025-11-08T08:59:05","modified_gmt":"2025-11-08T08:59:05","slug":"programa-de-mentoria-editar","status":"publish","type":"page","link":"https:\/\/www.unioviedo.es\/cestudiantes\/index.php\/programa-de-mentoria-editar\/","title":{"rendered":"Programa de mentor\u00eda &#8211; Editar datos"},"content":{"rendered":"\t\t<div data-elementor-type=\"wp-page\" data-elementor-id=\"14874\" class=\"elementor elementor-14874\">\n\t\t\t\t\t\t<section class=\"elementor-section elementor-top-section elementor-element elementor-element-09ea192 elementor-section-boxed elementor-section-height-default elementor-section-height-default\" data-id=\"09ea192\" data-element_type=\"section\" data-e-type=\"section\">\n\t\t\t\t\t\t<div class=\"elementor-container elementor-column-gap-default\">\n\t\t\t\t\t<div class=\"elementor-column elementor-col-100 elementor-top-column elementor-element elementor-element-f55a606\" data-id=\"f55a606\" data-element_type=\"column\" data-e-type=\"column\">\n\t\t\t<div class=\"elementor-widget-wrap elementor-element-populated\">\n\t\t\t\t\t\t<div class=\"elementor-element elementor-element-40355a3 elementor-widget elementor-widget-shortcode\" data-id=\"40355a3\" data-element_type=\"widget\" data-e-type=\"widget\" data-widget_type=\"shortcode.default\">\n\t\t\t\t<div class=\"elementor-widget-container\">\n\t\t\t\t\t\t\t<div class=\"elementor-shortcode\">  <div id=\"mff-verify\">\r\n    <div class=\"mf-step\" data-step=\"1\">\r\n      <p>Por seguridad, introduce tu correo <strong>@uniovi.es<\/strong>:<\/p>\r\n      <input type=\"email\" id=\"mf-email\" placeholder=\"tucorreo@uniovi.es\" \/>\r\n      <button id=\"mf-send\">Enviar c\u00f3digo<\/button>\r\n      <div class=\"mf-error\"><\/div>\r\n    <\/div>\r\n    <div class=\"mf-step\" data-step=\"2\">\r\n      <p>C\u00f3digo enviado a <strong id=\"mf-email-display\"><\/strong>:<\/p>\r\n      <input type=\"text\" id=\"mf-code\" maxlength=\"6\" placeholder=\"123456\" \/>\r\n      <button id=\"mf-verify\">Verificar<\/button>\r\n      <div class=\"mf-error\"><\/div>\r\n    <\/div>\r\n  <div class=\"mf-step\" data-step=\"blocked\">\r\n    <p>Ya tienes asignaci\u00f3n en el Programa de Mentor\u00eda, por lo que no puedes modificar tus datos desde aqu\u00ed.<\/p>\r\n    <p>Si necesitas cambiar algo, por favor escribe a <a href=\"mailto:cestudiantes@uniovi.es\">cestudiantes@uniovi.es<\/a>.<\/p>\r\n  <\/div>\r\n\r\n  <div class=\"mf-step\" data-step=\"3\">\r\n    <p>Datos de <strong id=\"mf-email-final\"><\/strong>:<\/p>\r\n      <form id=\"mf-edit-form\">\r\n        <label>Nombre: <input name=\"nombre\" required \/><\/label>\r\n        <label>Apellidos: <input name=\"apellidos\" required \/><\/label>\r\n        <label>Email Contacto: <input name=\"email_contacto\" type=\"email\" required \/><\/label>\r\n        <label>Tel\u00e9fono: <input name=\"telefono\" \/><\/label>\r\n        <p>Para modificar otros datos, cont\u00e1ctanos a\r\n          <a href=\"mailto:cestudiantes@uniovi.es\">cestudiantes@uniovi.es<\/a>\r\n        <\/p>\r\n        <button type=\"button\" id=\"mf-save\">Guardar cambios<\/button>\r\n      <\/form>\r\n      <div class=\"mf-error\"><\/div>\r\n      <div class=\"mf-success\"><\/div>\r\n    <\/div>\r\n  <\/div>\r\n  <\/div>\n\t\t\t\t\t\t<\/div>\n\t\t\t\t<\/div>\n\t\t\t\t\t<\/div>\n\t\t<\/div>\n\t\t\t\t\t<\/div>\n\t\t<\/section>\n\t\t\t\t<\/div>\n\t\t","protected":false},"excerpt":{"rendered":"","protected":false},"author":1,"featured_media":0,"parent":0,"menu_order":0,"comment_status":"closed","ping_status":"closed","template":"page-templates\/template-pagebuilder-full-width.php","meta":{"neve_meta_sidebar":"","neve_meta_container":"","neve_meta_enable_content_width":"off","neve_meta_content_width":100,"neve_meta_title_alignment":"","neve_meta_author_avatar":"","neve_post_elements_order":"","neve_meta_disable_header":"","neve_meta_disable_footer":"","neve_meta_disable_title":"","footnotes":""},"class_list":["post-14874","page","type-page","status-publish","hentry"],"_links":{"self":[{"href":"https:\/\/www.unioviedo.es\/cestudiantes\/index.php\/wp-json\/wp\/v2\/pages\/14874","targetHints":{"allow":["GET"]}}],"collection":[{"href":"https:\/\/www.unioviedo.es\/cestudiantes\/index.php\/wp-json\/wp\/v2\/pages"}],"about":[{"href":"https:\/\/www.unioviedo.es\/cestudiantes\/index.php\/wp-json\/wp\/v2\/types\/page"}],"author":[{"embeddable":true,"href":"https:\/\/www.unioviedo.es\/cestudiantes\/index.php\/wp-json\/wp\/v2\/users\/1"}],"replies":[{"embeddable":true,"href":"https:\/\/www.unioviedo.es\/cestudiantes\/index.php\/wp-json\/wp\/v2\/comments?post=14874"}],"version-history":[{"count":25,"href":"https:\/\/www.unioviedo.es\/cestudiantes\/index.php\/wp-json\/wp\/v2\/pages\/14874\/revisions"}],"predecessor-version":[{"id":16350,"href":"https:\/\/www.unioviedo.es\/cestudiantes\/index.php\/wp-json\/wp\/v2\/pages\/14874\/revisions\/16350"}],"wp:attachment":[{"href":"https:\/\/www.unioviedo.es\/cestudiantes\/index.php\/wp-json\/wp\/v2\/media?parent=14874"}],"curies":[{"name":"wp","href":"https:\/\/api.w.org\/{rel}","templated":true}]}}