{"id":3633,"date":"2024-02-12T00:47:52","date_gmt":"2024-02-12T00:47:52","guid":{"rendered":"https:\/\/www.unioviedo.es\/cestudiantes\/?page_id=3633"},"modified":"2025-11-09T16:55:56","modified_gmt":"2025-11-09T16:55:56","slug":"comunicado-segunda-feria-de-asociaciones","status":"publish","type":"page","link":"https:\/\/www.unioviedo.es\/cestudiantes\/index.php\/comunicado-segunda-feria-de-asociaciones\/","title":{"rendered":"Comunicado sobre la Segunda Feria de Asociaciones"},"content":{"rendered":"\t\t<div data-elementor-type=\"wp-page\" data-elementor-id=\"3633\" class=\"elementor elementor-3633\">\n\t\t\t\t\t\t<section class=\"elementor-section elementor-top-section elementor-element elementor-element-6db9beb elementor-section-boxed elementor-section-height-default elementor-section-height-default\" data-id=\"6db9beb\" data-element_type=\"section\" data-e-type=\"section\">\n\t\t\t\t\t\t<div class=\"elementor-container elementor-column-gap-default\">\n\t\t\t\t\t<div class=\"elementor-column elementor-col-100 elementor-top-column elementor-element elementor-element-568c26d\" data-id=\"568c26d\" data-element_type=\"column\" data-e-type=\"column\">\n\t\t\t<div class=\"elementor-widget-wrap elementor-element-populated\">\n\t\t\t\t\t\t<div class=\"elementor-element elementor-element-a7e24f0 elementor-widget elementor-widget-html\" data-id=\"a7e24f0\" data-element_type=\"widget\" data-e-type=\"widget\" data-widget_type=\"html.default\">\n\t\t\t\t<div class=\"elementor-widget-container\">\n\t\t\t\t\t<!-- ======= COMUNICADO \u00b7 II Feria de Asociaciones (scope: #feria-ii) ======= -->\r\n<section id=\"feria-ii\" lang=\"es\" aria-labelledby=\"feria-title\">\r\n  <style>\r\n    \/* ===== Scope total: SOLO #feria-ii ===== *\/\r\n    #feria-ii{\r\n      --brand:#03827C; --brand2:#0fb9b1; --ink:#0f172a; --muted:#475569;\r\n      --bg:#ffffff; --bg-soft:#f7fffd; --line:rgba(2,6,23,.10); --ring:rgba(3,130,124,.38);\r\n      --shadow:0 22px 60px rgba(2,6,23,.10);\r\n      --radius-xl:26px; --radius:18px; --space:clamp(12px,2vw,24px); --w:1180px;\r\n      --h1:clamp(26px,3vw,42px); --text:clamp(15px,1.3vw,17px);\r\n      font-family:ui-sans-serif,system-ui,-apple-system,\"Segoe UI\",Roboto,Arial,sans-serif;\r\n      color:var(--ink); padding:clamp(12px,2vw,26px); background:linear-gradient(180deg,#fff,#f7fffd);\r\n      text-rendering:optimizeLegibility; -webkit-font-smoothing:antialiased;\r\n    }\r\n    #feria-ii *{ box-sizing:border-box }\r\n\r\n    .wrap{ max-width:var(--w); margin:0 auto }\r\n\r\n    \/* ===== Cabecera y texto ===== *\/\r\n    .hero{\r\n      border:1px solid var(--line); border-radius:var(--radius-xl);\r\n      background:\r\n        linear-gradient(180deg,rgba(255,255,255,.94),rgba(247,255,253,.98)) padding-box,\r\n        linear-gradient(180deg,rgba(3,130,124,.28),rgba(15,185,177,.28)) border-box;\r\n      overflow:hidden; box-shadow:var(--shadow);\r\n      padding:clamp(18px,2.4vw,30px);\r\n      display:grid; grid-template-columns:1.05fr 1fr; gap:clamp(16px,2.2vw,26px); align-items:start;\r\n    }\r\n    h1#feria-title{\r\n      margin:0; font-size:var(--h1); line-height:1.08; font-weight:900; letter-spacing:.2px;\r\n      background:linear-gradient(90deg,var(--brand),var(--brand2));\r\n      -webkit-background-clip:text; background-clip:text; color:transparent; text-wrap:balance;\r\n    }\r\n    .meta{\r\n      margin:.55rem 0 0; color:var(--muted); font-weight:600; font-style:italic;\r\n    }\r\n    .lead{\r\n      margin:clamp(12px,1.8vw,18px) 0 0;\r\n      font-size:var(--text); line-height:1.78; color:var(--ink);\r\n      text-align:justify; text-justify:inter-word; hyphens:auto; overflow-wrap:anywhere;\r\n    }\r\n\r\n    \/* ===== Galer\u00eda en cuadr\u00edcula (4\/2\/1 columnas) ===== *\/\r\n    .gallery{\r\n      display:grid;\r\n      grid-template-columns:repeat(4,minmax(0,1fr));\r\n      gap:10px;\r\n      align-content:start;\r\n    }\r\n    .tile{\r\n      position:relative; display:block; border-radius:16px; overflow:hidden;\r\n      border:1px solid var(--line); background:#fff;\r\n      box-shadow:0 14px 36px rgba(2,6,23,.08);\r\n      aspect-ratio:3\/2;\r\n      transition:transform .18s ease, box-shadow .18s ease;\r\n    }\r\n    .tile:hover{ transform:translateY(-2px); box-shadow:0 20px 44px rgba(2,6,23,.14) }\r\n    .tile img{\r\n      width:100%; height:100%; object-fit:cover; display:block;\r\n    }\r\n    .tile:focus-visible{\r\n      outline:3px solid var(--ring); outline-offset:2px; border-radius:16px;\r\n    }\r\n\r\n    \/* ===== Responsive ===== *\/\r\n    @media (max-width: 980px){\r\n      .hero{ grid-template-columns:1fr }\r\n      .gallery{ grid-template-columns:repeat(2,minmax(0,1fr)) }\r\n    }\r\n    @media (max-width: 560px){\r\n      .gallery{ grid-template-columns:1fr }\r\n    }\r\n\r\n    \/* ===== Print ===== *\/\r\n    @media print{\r\n      #feria-ii{ background:#fff; padding:0 }\r\n      .hero{ box-shadow:none; border:0 }\r\n    }\r\n  <\/style>\r\n\r\n  <div class=\"wrap\">\r\n    <header class=\"hero\">\r\n      <div>\r\n        <h1 id=\"feria-title\">Comunicado sobre la segunda feria de asociaciones de estudiantes universitarios<\/h1>\r\n        <p class=\"meta\">Oviedo\/Uvi\u00e9u, 9 de febrero de 2024<\/p>\r\n        <p class=\"lead\">El jueves 8 de febrero se llev\u00f3 a cabo la \u00abII Feria de Asociaciones de Estudiantes de la Universidad de Oviedo\u00bb, un evento cultural organizado por el Consejo de Estudiantes y la Escuela Polit\u00e9cnica de Ingenier\u00eda de Gij\u00f3n, que brinda la oportunidad de conocer e interactuar con las diversas asociaciones que forman parte de esta comunidad. La feria se realiz\u00f3 en la cafeter\u00eda del Edificio Polivalente de la Escuela Polit\u00e9cnica de Gij\u00f3n.<\/p>\r\n        <p class=\"lead\">Durante el evento, se instalaron varios stands que presentaban m\u00faltiples minijuegos elaborados por las asociaciones participantes. Los asistentes tuvieron la oportunidad de disfrutar de estos juegos y participar en ellos. Adem\u00e1s, se organiz\u00f3 un sorteo entre los participantes que completaron la ronda de juegos, con la entrega de premios al final del evento.<\/p>\r\n        <p class=\"lead\">La feria proporcion\u00f3 un espacio din\u00e1mico y divertido para que los estudiantes pudieran explorar las diferentes actividades y proyectos ofrecidos por las asociaciones estudiantiles vinculadas a la Universidad de Oviedo.<\/p>\r\n      <\/div>\r\n\r\n      <div class=\"gallery\" aria-label=\"Galer\u00eda fotogr\u00e1fica de la II Feria de Asociaciones\">\r\n        <a class=\"tile\" href=\"https:\/\/www.unioviedo.es\/cestudiantes\/wp-content\/uploads\/2024\/02\/IMG_4696-scaled.jpg\" target=\"_blank\" rel=\"noopener\">\r\n          <img decoding=\"async\" loading=\"lazy\" src=\"https:\/\/www.unioviedo.es\/cestudiantes\/wp-content\/uploads\/2024\/02\/IMG_4696-300x200.jpg\" alt=\"IMG_4696\">\r\n        <\/a>\r\n        <a class=\"tile\" href=\"https:\/\/www.unioviedo.es\/cestudiantes\/wp-content\/uploads\/2024\/02\/20240215_124917-scaled.jpg\" target=\"_blank\" rel=\"noopener\">\r\n          <img decoding=\"async\" loading=\"lazy\" src=\"https:\/\/www.unioviedo.es\/cestudiantes\/wp-content\/uploads\/2024\/02\/20240215_124917-225x300.jpg\" alt=\"20240215_124917\">\r\n        <\/a>\r\n        <a class=\"tile\" href=\"https:\/\/www.unioviedo.es\/cestudiantes\/wp-content\/uploads\/2024\/02\/Imagen-de-WhatsApp-2024-02-15-a-las-13.27.21_07283839.jpg\" target=\"_blank\" rel=\"noopener\">\r\n          <img decoding=\"async\" loading=\"lazy\" src=\"https:\/\/www.unioviedo.es\/cestudiantes\/wp-content\/uploads\/2024\/02\/Imagen-de-WhatsApp-2024-02-15-a-las-13.27.21_07283839-225x300.jpg\" alt=\"Imagen de WhatsApp 2024-02-15 13:27:21\">\r\n        <\/a>\r\n        <a class=\"tile\" href=\"https:\/\/www.unioviedo.es\/cestudiantes\/wp-content\/uploads\/2024\/02\/IMG_4686-scaled.jpg\" target=\"_blank\" rel=\"noopener\">\r\n          <img decoding=\"async\" loading=\"lazy\" src=\"https:\/\/www.unioviedo.es\/cestudiantes\/wp-content\/uploads\/2024\/02\/IMG_4686-300x200.jpg\" alt=\"IMG_4686\">\r\n        <\/a>\r\n\r\n        <a class=\"tile\" href=\"https:\/\/www.unioviedo.es\/cestudiantes\/wp-content\/uploads\/2024\/02\/IMG_4643-scaled.jpg\" target=\"_blank\" rel=\"noopener\">\r\n          <img decoding=\"async\" loading=\"lazy\" src=\"https:\/\/www.unioviedo.es\/cestudiantes\/wp-content\/uploads\/2024\/02\/IMG_4643-200x300.jpg\" alt=\"IMG_4643\">\r\n        <\/a>\r\n        <a class=\"tile\" href=\"https:\/\/www.unioviedo.es\/cestudiantes\/wp-content\/uploads\/2024\/02\/IMG_4649-scaled.jpg\" target=\"_blank\" rel=\"noopener\">\r\n          <img decoding=\"async\" loading=\"lazy\" src=\"https:\/\/www.unioviedo.es\/cestudiantes\/wp-content\/uploads\/2024\/02\/IMG_4649-200x300.jpg\" alt=\"IMG_4649\">\r\n        <\/a>\r\n        <a class=\"tile\" href=\"https:\/\/www.unioviedo.es\/cestudiantes\/wp-content\/uploads\/2024\/02\/20240215_123629-scaled.jpg\" target=\"_blank\" rel=\"noopener\">\r\n          <img decoding=\"async\" loading=\"lazy\" src=\"https:\/\/www.unioviedo.es\/cestudiantes\/wp-content\/uploads\/2024\/02\/20240215_123629-225x300.jpg\" alt=\"20240215_123629\">\r\n        <\/a>\r\n        <a class=\"tile\" href=\"https:\/\/www.unioviedo.es\/cestudiantes\/wp-content\/uploads\/2024\/02\/IMG_4682-scaled.jpg\" target=\"_blank\" rel=\"noopener\">\r\n          <img decoding=\"async\" loading=\"lazy\" src=\"https:\/\/www.unioviedo.es\/cestudiantes\/wp-content\/uploads\/2024\/02\/IMG_4682-300x200.jpg\" alt=\"IMG_4682\">\r\n        <\/a>\r\n\r\n        <a class=\"tile\" href=\"https:\/\/www.unioviedo.es\/cestudiantes\/wp-content\/uploads\/2024\/02\/IMG_4655-scaled.jpg\" target=\"_blank\" rel=\"noopener\">\r\n          <img decoding=\"async\" loading=\"lazy\" src=\"https:\/\/www.unioviedo.es\/cestudiantes\/wp-content\/uploads\/2024\/02\/IMG_4655-300x200.jpg\" alt=\"IMG_4655\">\r\n        <\/a>\r\n        <a class=\"tile\" href=\"https:\/\/www.unioviedo.es\/cestudiantes\/wp-content\/uploads\/2024\/02\/20240215_123426-scaled.jpg\" target=\"_blank\" rel=\"noopener\">\r\n          <img decoding=\"async\" loading=\"lazy\" src=\"https:\/\/www.unioviedo.es\/cestudiantes\/wp-content\/uploads\/2024\/02\/20240215_123426-225x300.jpg\" alt=\"20240215_123426\">\r\n        <\/a>\r\n        <a class=\"tile\" href=\"https:\/\/www.unioviedo.es\/cestudiantes\/wp-content\/uploads\/2024\/02\/IMG_4692-scaled.jpg\" target=\"_blank\" rel=\"noopener\">\r\n          <img decoding=\"async\" loading=\"lazy\" src=\"https:\/\/www.unioviedo.es\/cestudiantes\/wp-content\/uploads\/2024\/02\/IMG_4692-300x200.jpg\" alt=\"IMG_4692\">\r\n        <\/a>\r\n        <a class=\"tile\" href=\"https:\/\/www.unioviedo.es\/cestudiantes\/wp-content\/uploads\/2024\/02\/IMG_4711-scaled.jpg\" target=\"_blank\" rel=\"noopener\">\r\n          <img decoding=\"async\" loading=\"lazy\" src=\"https:\/\/www.unioviedo.es\/cestudiantes\/wp-content\/uploads\/2024\/02\/IMG_4711-300x200.jpg\" alt=\"IMG_4711\">\r\n        <\/a>\r\n\r\n        <a class=\"tile\" href=\"https:\/\/www.unioviedo.es\/cestudiantes\/wp-content\/uploads\/2024\/02\/IMG_4689-scaled.jpg\" target=\"_blank\" rel=\"noopener\">\r\n          <img decoding=\"async\" loading=\"lazy\" src=\"https:\/\/www.unioviedo.es\/cestudiantes\/wp-content\/uploads\/2024\/02\/IMG_4689-200x300.jpg\" alt=\"IMG_4689\">\r\n        <\/a>\r\n        <a class=\"tile\" href=\"https:\/\/www.unioviedo.es\/cestudiantes\/wp-content\/uploads\/2024\/02\/IMG_4714-scaled.jpg\" target=\"_blank\" rel=\"noopener\">\r\n          <img decoding=\"async\" loading=\"lazy\" src=\"https:\/\/www.unioviedo.es\/cestudiantes\/wp-content\/uploads\/2024\/02\/IMG_4714-200x300.jpg\" alt=\"IMG_4714\">\r\n        <\/a>\r\n        <a class=\"tile\" href=\"https:\/\/www.unioviedo.es\/cestudiantes\/wp-content\/uploads\/2024\/02\/IMG-20240215-WA0026.jpg\" target=\"_blank\" rel=\"noopener\">\r\n          <img decoding=\"async\" loading=\"lazy\" src=\"https:\/\/www.unioviedo.es\/cestudiantes\/wp-content\/uploads\/2024\/02\/IMG-20240215-WA0026-225x300.jpg\" alt=\"IMG-20240215-WA0026\">\r\n        <\/a>\r\n        <a class=\"tile\" href=\"https:\/\/www.unioviedo.es\/cestudiantes\/wp-content\/uploads\/2024\/02\/IMG_4726-scaled.jpg\" target=\"_blank\" rel=\"noopener\">\r\n          <img decoding=\"async\" loading=\"lazy\" src=\"https:\/\/www.unioviedo.es\/cestudiantes\/wp-content\/uploads\/2024\/02\/IMG_4726-300x200.jpg\" alt=\"IMG_4726\">\r\n        <\/a>\r\n\r\n        <a class=\"tile\" href=\"https:\/\/www.unioviedo.es\/cestudiantes\/wp-content\/uploads\/2024\/02\/IMG_4705-scaled.jpg\" target=\"_blank\" rel=\"noopener\">\r\n          <img decoding=\"async\" loading=\"lazy\" src=\"https:\/\/www.unioviedo.es\/cestudiantes\/wp-content\/uploads\/2024\/02\/IMG_4705-300x200.jpg\" alt=\"IMG_4705\">\r\n        <\/a>\r\n        <a class=\"tile\" href=\"https:\/\/www.unioviedo.es\/cestudiantes\/wp-content\/uploads\/2024\/02\/IMG_4641-scaled.jpg\" target=\"_blank\" rel=\"noopener\">\r\n          <img decoding=\"async\" loading=\"lazy\" src=\"https:\/\/www.unioviedo.es\/cestudiantes\/wp-content\/uploads\/2024\/02\/IMG_4641-300x200.jpg\" alt=\"IMG_4641\">\r\n        <\/a>\r\n        <a class=\"tile\" href=\"https:\/\/www.unioviedo.es\/cestudiantes\/wp-content\/uploads\/2024\/02\/IMG_4644-scaled.jpg\" target=\"_blank\" rel=\"noopener\">\r\n          <img decoding=\"async\" loading=\"lazy\" src=\"https:\/\/www.unioviedo.es\/cestudiantes\/wp-content\/uploads\/2024\/02\/IMG_4644-200x300.jpg\" alt=\"IMG_4644\">\r\n        <\/a>\r\n        <a class=\"tile\" href=\"https:\/\/www.unioviedo.es\/cestudiantes\/wp-content\/uploads\/2024\/02\/IMG_4706-scaled.jpg\" target=\"_blank\" rel=\"noopener\">\r\n          <img decoding=\"async\" loading=\"lazy\" src=\"https:\/\/www.unioviedo.es\/cestudiantes\/wp-content\/uploads\/2024\/02\/IMG_4706-300x200.jpg\" alt=\"IMG_4706\">\r\n        <\/a>\r\n\r\n        <a class=\"tile\" href=\"https:\/\/www.unioviedo.es\/cestudiantes\/wp-content\/uploads\/2024\/02\/IMG_4718-scaled.jpg\" target=\"_blank\" rel=\"noopener\">\r\n          <img decoding=\"async\" loading=\"lazy\" src=\"https:\/\/www.unioviedo.es\/cestudiantes\/wp-content\/uploads\/2024\/02\/IMG_4718-200x300.jpg\" alt=\"IMG_4718\">\r\n        <\/a>\r\n        <a class=\"tile\" href=\"https:\/\/www.unioviedo.es\/cestudiantes\/wp-content\/uploads\/2024\/02\/IMG_4708-scaled.jpg\" target=\"_blank\" rel=\"noopener\">\r\n          <img decoding=\"async\" loading=\"lazy\" src=\"https:\/\/www.unioviedo.es\/cestudiantes\/wp-content\/uploads\/2024\/02\/IMG_4708-300x200.jpg\" alt=\"IMG_4708\">\r\n        <\/a>\r\n        <a class=\"tile\" href=\"https:\/\/www.unioviedo.es\/cestudiantes\/wp-content\/uploads\/2024\/02\/IMG_4627-scaled.jpg\" target=\"_blank\" rel=\"noopener\">\r\n          <img decoding=\"async\" loading=\"lazy\" src=\"https:\/\/www.unioviedo.es\/cestudiantes\/wp-content\/uploads\/2024\/02\/IMG_4627-300x200.jpg\" alt=\"IMG_4627\">\r\n        <\/a>\r\n        <a class=\"tile\" href=\"https:\/\/www.unioviedo.es\/cestudiantes\/wp-content\/uploads\/2024\/02\/IMG_4676-scaled.jpg\" target=\"_blank\" rel=\"noopener\">\r\n          <img decoding=\"async\" loading=\"lazy\" src=\"https:\/\/www.unioviedo.es\/cestudiantes\/wp-content\/uploads\/2024\/02\/IMG_4676-300x200.jpg\" alt=\"IMG_4676\">\r\n        <\/a>\r\n\r\n        <a class=\"tile\" href=\"https:\/\/www.unioviedo.es\/cestudiantes\/wp-content\/uploads\/2024\/02\/IMG_4632-scaled.jpg\" target=\"_blank\" rel=\"noopener\">\r\n          <img decoding=\"async\" loading=\"lazy\" src=\"https:\/\/www.unioviedo.es\/cestudiantes\/wp-content\/uploads\/2024\/02\/IMG_4632-300x200.jpg\" alt=\"IMG_4632\">\r\n        <\/a>\r\n        <a class=\"tile\" href=\"https:\/\/www.unioviedo.es\/cestudiantes\/wp-content\/uploads\/2024\/02\/IMG_4679-scaled.jpg\" target=\"_blank\" rel=\"noopener\">\r\n          <img decoding=\"async\" loading=\"lazy\" src=\"https:\/\/www.unioviedo.es\/cestudiantes\/wp-content\/uploads\/2024\/02\/IMG_4679-200x300.jpg\" alt=\"IMG_4679\">\r\n        <\/a>\r\n        <a class=\"tile\" href=\"https:\/\/www.unioviedo.es\/cestudiantes\/wp-content\/uploads\/2024\/02\/IMG_4630-scaled.jpg\" target=\"_blank\" rel=\"noopener\">\r\n          <img decoding=\"async\" loading=\"lazy\" src=\"https:\/\/www.unioviedo.es\/cestudiantes\/wp-content\/uploads\/2024\/02\/IMG_4630-200x300.jpg\" alt=\"IMG_4630\">\r\n        <\/a>\r\n        <a class=\"tile\" href=\"https:\/\/www.unioviedo.es\/cestudiantes\/wp-content\/uploads\/2024\/02\/20240215_131958-scaled.jpg\" target=\"_blank\" rel=\"noopener\">\r\n          <img decoding=\"async\" loading=\"lazy\" src=\"https:\/\/www.unioviedo.es\/cestudiantes\/wp-content\/uploads\/2024\/02\/20240215_131958-225x300.jpg\" alt=\"20240215_131958\">\r\n        <\/a>\r\n\r\n        <a class=\"tile\" href=\"https:\/\/www.unioviedo.es\/cestudiantes\/wp-content\/uploads\/2024\/02\/IMG_4723-scaled.jpg\" target=\"_blank\" rel=\"noopener\">\r\n          <img decoding=\"async\" loading=\"lazy\" src=\"https:\/\/www.unioviedo.es\/cestudiantes\/wp-content\/uploads\/2024\/02\/IMG_4723-200x300.jpg\" alt=\"IMG_4723\">\r\n        <\/a>\r\n        <a class=\"tile\" href=\"https:\/\/www.unioviedo.es\/cestudiantes\/wp-content\/uploads\/2024\/02\/IMG_4675-scaled.jpg\" target=\"_blank\" rel=\"noopener\">\r\n          <img decoding=\"async\" loading=\"lazy\" src=\"https:\/\/www.unioviedo.es\/cestudiantes\/wp-content\/uploads\/2024\/02\/IMG_4675-200x300.jpg\" alt=\"IMG_4675\">\r\n        <\/a>\r\n        <a class=\"tile\" href=\"https:\/\/www.unioviedo.es\/cestudiantes\/wp-content\/uploads\/2024\/02\/MG_4757-scaled.jpg\" target=\"_blank\" rel=\"noopener\">\r\n          <img decoding=\"async\" loading=\"lazy\" src=\"https:\/\/www.unioviedo.es\/cestudiantes\/wp-content\/uploads\/2024\/02\/MG_4757-200x300.jpg\" alt=\"_MG_4757\">\r\n        <\/a>\r\n        <a class=\"tile\" href=\"https:\/\/www.unioviedo.es\/cestudiantes\/wp-content\/uploads\/2024\/02\/IMG_4673-scaled.jpg\" target=\"_blank\" rel=\"noopener\">\r\n          <img decoding=\"async\" loading=\"lazy\" src=\"https:\/\/www.unioviedo.es\/cestudiantes\/wp-content\/uploads\/2024\/02\/IMG_4673-300x200.jpg\" alt=\"IMG_4673\">\r\n        <\/a>\r\n\r\n        <a class=\"tile\" href=\"https:\/\/www.unioviedo.es\/cestudiantes\/wp-content\/uploads\/2024\/02\/IMG_4688-scaled.jpg\" target=\"_blank\" rel=\"noopener\">\r\n          <img decoding=\"async\" loading=\"lazy\" src=\"https:\/\/www.unioviedo.es\/cestudiantes\/wp-content\/uploads\/2024\/02\/IMG_4688-300x200.jpg\" alt=\"IMG_4688\">\r\n        <\/a>\r\n        <a class=\"tile\" href=\"https:\/\/www.unioviedo.es\/cestudiantes\/wp-content\/uploads\/2024\/02\/IMG_4665-scaled.jpg\" target=\"_blank\" rel=\"noopener\">\r\n          <img decoding=\"async\" loading=\"lazy\" src=\"https:\/\/www.unioviedo.es\/cestudiantes\/wp-content\/uploads\/2024\/02\/IMG_4665-300x200.jpg\" alt=\"IMG_4665\">\r\n        <\/a>\r\n        <a class=\"tile\" href=\"https:\/\/www.unioviedo.es\/cestudiantes\/wp-content\/uploads\/2024\/02\/IMG_4701-scaled.jpg\" target=\"_blank\" rel=\"noopener\">\r\n          <img decoding=\"async\" loading=\"lazy\" src=\"https:\/\/www.unioviedo.es\/cestudiantes\/wp-content\/uploads\/2024\/02\/IMG_4701-200x300.jpg\" alt=\"IMG_4701\">\r\n        <\/a>\r\n        <a class=\"tile\" href=\"https:\/\/www.unioviedo.es\/cestudiantes\/wp-content\/uploads\/2024\/02\/IMG_4695-scaled.jpg\" target=\"_blank\" rel=\"noopener\">\r\n          <img decoding=\"async\" loading=\"lazy\" src=\"https:\/\/www.unioviedo.es\/cestudiantes\/wp-content\/uploads\/2024\/02\/IMG_4695-300x200.jpg\" alt=\"IMG_4695\">\r\n        <\/a>\r\n\r\n        <a class=\"tile\" href=\"https:\/\/www.unioviedo.es\/cestudiantes\/wp-content\/uploads\/2024\/02\/MG_4749-scaled.jpg\" target=\"_blank\" rel=\"noopener\">\r\n          <img decoding=\"async\" loading=\"lazy\" src=\"https:\/\/www.unioviedo.es\/cestudiantes\/wp-content\/uploads\/2024\/02\/MG_4749-300x200.jpg\" alt=\"_MG_4749\">\r\n        <\/a>\r\n        <a class=\"tile\" href=\"https:\/\/www.unioviedo.es\/cestudiantes\/wp-content\/uploads\/2024\/02\/IMG_4703-scaled.jpg\" target=\"_blank\" rel=\"noopener\">\r\n          <img decoding=\"async\" loading=\"lazy\" src=\"https:\/\/www.unioviedo.es\/cestudiantes\/wp-content\/uploads\/2024\/02\/IMG_4703-300x200.jpg\" alt=\"IMG_4703\">\r\n        <\/a>\r\n        <a class=\"tile\" href=\"https:\/\/www.unioviedo.es\/cestudiantes\/wp-content\/uploads\/2024\/02\/20240215_123435-scaled.jpg\" target=\"_blank\" rel=\"noopener\">\r\n          <img decoding=\"async\" loading=\"lazy\" src=\"https:\/\/www.unioviedo.es\/cestudiantes\/wp-content\/uploads\/2024\/02\/20240215_123435-225x300.jpg\" alt=\"20240215_123435\">\r\n        <\/a>\r\n        <a class=\"tile\" href=\"https:\/\/www.unioviedo.es\/cestudiantes\/wp-content\/uploads\/2024\/02\/IMG_4691-scaled.jpg\" target=\"_blank\" rel=\"noopener\">\r\n          <img decoding=\"async\" loading=\"lazy\" src=\"https:\/\/www.unioviedo.es\/cestudiantes\/wp-content\/uploads\/2024\/02\/IMG_4691-200x300.jpg\" alt=\"IMG_4691\">\r\n        <\/a>\r\n\r\n        <a class=\"tile\" href=\"https:\/\/www.unioviedo.es\/cestudiantes\/wp-content\/uploads\/2024\/02\/20240215_123440-scaled.jpg\" target=\"_blank\" rel=\"noopener\">\r\n          <img decoding=\"async\" loading=\"lazy\" src=\"https:\/\/www.unioviedo.es\/cestudiantes\/wp-content\/uploads\/2024\/02\/20240215_123440-225x300.jpg\" alt=\"20240215_123440\">\r\n        <\/a>\r\n        <a class=\"tile\" href=\"https:\/\/www.unioviedo.es\/cestudiantes\/wp-content\/uploads\/2024\/02\/20240215_123614-scaled.jpg\" target=\"_blank\" rel=\"noopener\">\r\n          <img decoding=\"async\" loading=\"lazy\" src=\"https:\/\/www.unioviedo.es\/cestudiantes\/wp-content\/uploads\/2024\/02\/20240215_123614-225x300.jpg\" alt=\"20240215_123614\">\r\n        <\/a>\r\n        <a class=\"tile\" href=\"https:\/\/www.unioviedo.es\/cestudiantes\/wp-content\/uploads\/2024\/02\/IMG_4712-scaled.jpg\" target=\"_blank\" rel=\"noopener\">\r\n          <img decoding=\"async\" loading=\"lazy\" src=\"https:\/\/www.unioviedo.es\/cestudiantes\/wp-content\/uploads\/2024\/02\/IMG_4712-200x300.jpg\" alt=\"IMG_4712\">\r\n        <\/a>\r\n        <a class=\"tile\" href=\"https:\/\/www.unioviedo.es\/cestudiantes\/wp-content\/uploads\/2024\/02\/IMG_4710-scaled.jpg\" target=\"_blank\" rel=\"noopener\">\r\n          <img decoding=\"async\" loading=\"lazy\" src=\"https:\/\/www.unioviedo.es\/cestudiantes\/wp-content\/uploads\/2024\/02\/IMG_4710-300x200.jpg\" alt=\"IMG_4710\">\r\n        <\/a>\r\n\r\n        <a class=\"tile\" href=\"https:\/\/www.unioviedo.es\/cestudiantes\/wp-content\/uploads\/2024\/02\/IMG_4683-scaled.jpg\" target=\"_blank\" rel=\"noopener\">\r\n          <img decoding=\"async\" loading=\"lazy\" src=\"https:\/\/www.unioviedo.es\/cestudiantes\/wp-content\/uploads\/2024\/02\/IMG_4683-300x200.jpg\" alt=\"IMG_4683\">\r\n        <\/a>\r\n        <a class=\"tile\" href=\"https:\/\/www.unioviedo.es\/cestudiantes\/wp-content\/uploads\/2024\/02\/IMG_4709-scaled.jpg\" target=\"_blank\" rel=\"noopener\">\r\n          <img decoding=\"async\" loading=\"lazy\" src=\"https:\/\/www.unioviedo.es\/cestudiantes\/wp-content\/uploads\/2024\/02\/IMG_4709-200x300.jpg\" alt=\"IMG_4709\">\r\n        <\/a>\r\n        <a class=\"tile\" href=\"https:\/\/www.unioviedo.es\/cestudiantes\/wp-content\/uploads\/2024\/02\/IMG_4669-scaled.jpg\" target=\"_blank\" rel=\"noopener\">\r\n          <img decoding=\"async\" loading=\"lazy\" src=\"https:\/\/www.unioviedo.es\/cestudiantes\/wp-content\/uploads\/2024\/02\/IMG_4669-200x300.jpg\" alt=\"IMG_4669\">\r\n        <\/a>\r\n        <a class=\"tile\" href=\"https:\/\/www.unioviedo.es\/cestudiantes\/wp-content\/uploads\/2024\/02\/IMG_4634-scaled.jpg\" target=\"_blank\" rel=\"noopener\">\r\n          <img decoding=\"async\" loading=\"lazy\" src=\"https:\/\/www.unioviedo.es\/cestudiantes\/wp-content\/uploads\/2024\/02\/IMG_4634-200x300.jpg\" alt=\"IMG_4634\">\r\n        <\/a>\r\n\r\n        <a class=\"tile\" href=\"https:\/\/www.unioviedo.es\/cestudiantes\/wp-content\/uploads\/2024\/02\/IMG_4687-scaled.jpg\" target=\"_blank\" rel=\"noopener\">\r\n          <img decoding=\"async\" loading=\"lazy\" src=\"https:\/\/www.unioviedo.es\/cestudiantes\/wp-content\/uploads\/2024\/02\/IMG_4687-300x200.jpg\" alt=\"IMG_4687\">\r\n        <\/a>\r\n      <\/div>\r\n    <\/header>\r\n  <\/div>\r\n<\/section>\r\n<!-- ======= \/FIN ======= -->\r\n\t\t\t\t<\/div>\n\t\t\t\t<\/div>\n\t\t\t\t\t<\/div>\n\t\t<\/div>\n\t\t\t\t\t<\/div>\n\t\t<\/section>\n\t\t\t\t<\/div>\n\t\t","protected":false},"excerpt":{"rendered":"<p>Comunicado sobre la segunda feria de asociaciones de estudiantes universitarios Oviedo\/Uvi\u00e9u, 9 de febrero de 2024 El jueves 8 de febrero se llev\u00f3 a cabo la \u00abII Feria de Asociaciones de Estudiantes de la Universidad de Oviedo\u00bb, un evento cultural organizado por el Consejo de Estudiantes y la Escuela Polit\u00e9cnica de Ingenier\u00eda de Gij\u00f3n, que&hellip;&nbsp;<a href=\"https:\/\/www.unioviedo.es\/cestudiantes\/index.php\/comunicado-segunda-feria-de-asociaciones\/\" rel=\"bookmark\">Leer m\u00e1s &raquo;<span class=\"screen-reader-text\">Comunicado sobre la Segunda Feria de Asociaciones<\/span><\/a><\/p>\n","protected":false},"author":1,"featured_media":0,"parent":0,"menu_order":0,"comment_status":"closed","ping_status":"closed","template":"page-templates\/template-pagebuilder-full-width.php","meta":{"neve_meta_sidebar":"","neve_meta_container":"","neve_meta_enable_content_width":"off","neve_meta_content_width":100,"neve_meta_title_alignment":"","neve_meta_author_avatar":"","neve_post_elements_order":"","neve_meta_disable_header":"","neve_meta_disable_footer":"","neve_meta_disable_title":"","footnotes":""},"class_list":["post-3633","page","type-page","status-publish","hentry"],"_links":{"self":[{"href":"https:\/\/www.unioviedo.es\/cestudiantes\/index.php\/wp-json\/wp\/v2\/pages\/3633","targetHints":{"allow":["GET"]}}],"collection":[{"href":"https:\/\/www.unioviedo.es\/cestudiantes\/index.php\/wp-json\/wp\/v2\/pages"}],"about":[{"href":"https:\/\/www.unioviedo.es\/cestudiantes\/index.php\/wp-json\/wp\/v2\/types\/page"}],"author":[{"embeddable":true,"href":"https:\/\/www.unioviedo.es\/cestudiantes\/index.php\/wp-json\/wp\/v2\/users\/1"}],"replies":[{"embeddable":true,"href":"https:\/\/www.unioviedo.es\/cestudiantes\/index.php\/wp-json\/wp\/v2\/comments?post=3633"}],"version-history":[{"count":3,"href":"https:\/\/www.unioviedo.es\/cestudiantes\/index.php\/wp-json\/wp\/v2\/pages\/3633\/revisions"}],"predecessor-version":[{"id":16814,"href":"https:\/\/www.unioviedo.es\/cestudiantes\/index.php\/wp-json\/wp\/v2\/pages\/3633\/revisions\/16814"}],"wp:attachment":[{"href":"https:\/\/www.unioviedo.es\/cestudiantes\/index.php\/wp-json\/wp\/v2\/media?parent=3633"}],"curies":[{"name":"wp","href":"https:\/\/api.w.org\/{rel}","templated":true}]}}